Last updated on 2022-05-17 19:54:45 CEST.
Flavor | Version | Tinstall | Tcheck | Ttotal | Status | Flags |
---|---|---|---|---|---|---|
r-devel-linux-x86_64-debian-clang | 0.4.0 | 2.21 | 43.33 | 45.54 | OK | |
r-devel-linux-x86_64-debian-gcc | 0.4.0 | 2.62 | 33.11 | 35.73 | OK | |
r-devel-linux-x86_64-fedora-clang | 0.4.0 | 54.96 | NOTE | |||
r-devel-linux-x86_64-fedora-gcc | 0.4.0 | 53.24 | OK | |||
r-devel-windows-x86_64 | 0.4.0 | 17.00 | 66.00 | 83.00 | OK | |
r-patched-linux-x86_64 | 0.4.0 | 2.46 | 41.42 | 43.88 | OK | |
r-release-linux-x86_64 | 0.4.0 | 2.78 | 41.36 | 44.14 | OK | |
r-release-macos-arm64 | 0.4.0 | 22.00 | OK | |||
r-release-macos-x86_64 | 0.4.0 | 34.00 | OK | |||
r-release-windows-x86_64 | 0.4.0 | 33.00 | 80.00 | 113.00 | OK | |
r-oldrel-macos-arm64 | 0.4.0 | 25.00 | OK | |||
r-oldrel-macos-x86_64 | 0.4.0 | 34.00 | OK | |||
r-oldrel-windows-ix86+x86_64 | 0.4.0 | 9.00 | 55.00 | 64.00 | OK |
Version: 0.4.0
Check: Rd cross-references
Result: NOTE
Undeclared package ‘httr’ in Rd xrefs
Flavor: r-devel-linux-x86_64-fedora-clang