CRAN Package Check Results for Package wilson

Last updated on 2019-08-24 22:46:41 CEST.

Flavor Version Tinstall Tcheck Ttotal Status Flags
r-devel-linux-x86_64-debian-clang 2.0.2 8.66 75.74 84.40 OK
r-devel-linux-x86_64-debian-gcc 2.0.2 7.75 59.31 67.06 OK
r-devel-linux-x86_64-fedora-clang 2.0.2 103.06 OK
r-devel-linux-x86_64-fedora-gcc 2.0.2 95.89 OK
r-devel-windows-ix86+x86_64 2.0.2 21.00 90.00 111.00 OK
r-patched-linux-x86_64 2.0.2 7.85 73.38 81.23 OK
r-patched-solaris-x86 2.0.2 130.90 OK
r-release-linux-x86_64 2.0.2 7.43 73.68 81.11 OK
r-release-windows-ix86+x86_64 2.0.2 33.00 316.00 349.00 OK
r-release-osx-x86_64 2.0.2 ERROR
r-oldrel-windows-ix86+x86_64 2.0.2 23.00 115.00 138.00 OK
r-oldrel-osx-x86_64 2.0.2 OK

Check Details

Version: 2.0.2
Check: package dependencies
Result: ERROR
    Packages required but not available: 'ComplexHeatmap', 'DESeq2'
    
    See section ‘The DESCRIPTION file’ in the ‘Writing R Extensions’
    manual.
Flavor: r-release-osx-x86_64