CRAN Package Check Results for Package witness

Last updated on 2015-09-04 23:56:35.

Flavor Version Tinstall Tcheck Ttotal Status Flags
r-devel-linux-x86_64-debian-clang 1.2 0.50 8.92 9.41 NOTE
r-devel-linux-x86_64-debian-gcc 1.2 0.50 8.82 9.31 NOTE
r-devel-linux-x86_64-fedora-clang 1.2 17.87 NOTE
r-devel-linux-x86_64-fedora-gcc 1.2 15.60 NOTE
r-devel-osx-x86_64-clang 1.2 18.56 OK
r-devel-windows-ix86+x86_64 1.2 2.00 19.00 21.00 NOTE
r-patched-linux-x86_64 1.2 0.52 9.46 9.98 OK
r-patched-solaris-sparc 1.2 126.30 OK
r-patched-solaris-x86 1.2 27.30 OK
r-release-linux-x86_64 1.2 0.60 9.36 9.96 OK
r-release-osx-x86_64-mavericks 1.2 OK
r-release-windows-ix86+x86_64 1.2 4.00 17.00 21.00 OK
r-oldrel-windows-ix86+x86_64 1.2 3.00 17.00 20.00 OK

Check Details

Version: 1.2
Check: R code for possible problems
Result: NOTE
    witness.est: no visible global function definition for ‘runif’
    witness.genetic: no visible global function definition for ‘runif’
    witness.optim: no visible global function definition for ‘optim’
    witness.starting.params: no visible global function definition for
     ‘runif’
    Undefined global functions or variables:
     optim runif
    Consider adding
     importFrom("stats", "optim", "runif")
    to your NAMESPACE.
Flavors: r-devel-linux-x86_64-debian-clang, r-devel-linux-x86_64-debian-gcc, r-devel-linux-x86_64-fedora-clang, r-devel-linux-x86_64-fedora-gcc, r-devel-windows-ix86+x86_64