CRAN Package Check Results for Package witness

Last updated on 2014-04-21 17:48:04.

Flavor Version Tinstall Tcheck Ttotal Status Flags
r-devel-linux-x86_64-debian-clang 1.2 0.56 9.44 10.00 OK
r-devel-linux-x86_64-debian-gcc 1.2 0.58 9.27 9.86 OK
r-devel-linux-x86_64-fedora-clang 1.2 19.64 OK
r-devel-linux-x86_64-fedora-gcc 1.2 18.46 OK
r-devel-osx-x86_64-clang 1.2 23.06 OK
r-devel-osx-x86_64-gcc 1.2 OK
r-devel-windows-ix86+x86_64 1.2 2.00 14.00 16.00 OK
r-patched-linux-x86_64 1.2 0.83 9.38 10.22 OK
r-patched-solaris-sparc 1.2 124.10 OK
r-patched-solaris-x86 1.2 29.20 OK
r-release-linux-x86_64 1.2 0.57 9.40 9.97 OK
r-release-osx-x86_64-mavericks 1.2 WARN
r-release-osx-x86_64-snowleopard 1.2 OK
r-release-windows-ix86+x86_64 1.2 4.00 16.00 20.00 OK
r-oldrel-windows-ix86+x86_64 1.2 2.00 17.00 19.00 OK

Check Details

Version: 1.2
Check: PDF version of manual
Result: WARNING
    LaTeX errors when creating PDF version.
    This typically indicates Rd problems.
    LaTeX errors found:
    ! LaTeX Error: File `upquote.sty' not found.
    
    Type X to quit or <RETURN> to proceed,
    or enter new name. (Default extension: sty)
    
    d454dfa/Rd2.tex:8: ==> Fatal error occurred, no output PDF file produced!
Flavor: r-release-osx-x86_64-mavericks