CRAN Package Check Results for Package witness

Last updated on 2015-07-29 10:48:05.

Flavor Version Tinstall Tcheck Ttotal Status Flags
r-devel-linux-x86_64-debian-clang 1.2 0.65 9.34 9.99 NOTE
r-devel-linux-x86_64-debian-gcc 1.2 0.54 9.14 9.67 NOTE
r-devel-linux-x86_64-fedora-clang 1.2 18.16 NOTE
r-devel-linux-x86_64-fedora-gcc 1.2 17.11 NOTE
r-devel-osx-x86_64-clang 1.2 18.40 OK
r-devel-windows-ix86+x86_64 1.2 2.00 18.00 20.00 NOTE
r-patched-linux-x86_64 1.2 0.62 9.20 9.82 OK
r-patched-solaris-sparc 1.2 126.30 OK
r-patched-solaris-x86 1.2 26.50 OK
r-release-linux-x86_64 1.2 0.62 9.22 9.84 OK
r-release-osx-x86_64-mavericks 1.2 OK
r-release-windows-ix86+x86_64 1.2 3.00 17.00 20.00 OK
r-oldrel-windows-ix86+x86_64 1.2 3.00 17.00 20.00 OK

Check Details

Version: 1.2
Check: R code for possible problems
Result: NOTE
    witness.est: no visible global function definition for ‘runif’
    witness.genetic: no visible global function definition for ‘runif’
    witness.optim: no visible global function definition for ‘optim’
    witness.starting.params: no visible global function definition for
     ‘runif’
    Undefined global functions or variables:
     optim runif
    Consider adding
     importFrom("stats", "optim", "runif")
    to your NAMESPACE.
Flavors: r-devel-linux-x86_64-debian-clang, r-devel-linux-x86_64-debian-gcc, r-devel-linux-x86_64-fedora-clang, r-devel-linux-x86_64-fedora-gcc, r-devel-windows-ix86+x86_64