Last updated on 2023-03-25 11:54:48 CET.
Flavor | Version | Tinstall | Tcheck | Ttotal | Status | Flags |
---|---|---|---|---|---|---|
r-devel-linux-x86_64-debian-clang | 1.0.0 | 3.41 | 29.13 | 32.54 | NOTE | |
r-devel-linux-x86_64-debian-gcc | 1.0.0 | 2.18 | 22.53 | 24.71 | NOTE | |
r-devel-linux-x86_64-fedora-clang | 1.0.0 | 40.69 | NOTE | |||
r-devel-linux-x86_64-fedora-gcc | 1.0.0 | 38.15 | NOTE | |||
r-patched-linux-x86_64 | 1.0.0 | 2.59 | 29.25 | 31.84 | OK | |
r-release-linux-x86_64 | 1.0.0 | 2.42 | 29.02 | 31.44 | OK | |
r-release-macos-arm64 | 1.0.0 | 18.00 | OK | |||
r-release-macos-x86_64 | 1.0.0 | 23.00 | OK | |||
r-release-windows-x86_64 | 1.0.0 | 15.00 | 55.00 | 70.00 | OK | |
r-oldrel-macos-arm64 | 1.0.0 | 20.00 | OK | |||
r-oldrel-macos-x86_64 | 1.0.0 | 28.00 | OK | |||
r-oldrel-windows-ix86+x86_64 | 1.0.0 | 7.00 | 56.00 | 63.00 | OK |
Version: 1.0.0
Check: package subdirectories
Result: NOTE
Problems with news in ‘NEWS.md’:
No news entries found.
Flavors: r-devel-linux-x86_64-debian-clang, r-devel-linux-x86_64-debian-gcc, r-devel-linux-x86_64-fedora-clang, r-devel-linux-x86_64-fedora-gcc