CRAN Package Check Results for Package wkutils

Last updated on 2022-07-04 15:54:56 CEST.

Flavor Version Tinstall Tcheck Ttotal Status Flags
r-devel-linux-x86_64-debian-clang 0.1.1 87.32 38.03 125.35 NOTE
r-devel-linux-x86_64-debian-gcc 0.1.1 85.19 29.40 114.59 NOTE
r-devel-linux-x86_64-fedora-clang 0.1.1 205.33 NOTE
r-devel-linux-x86_64-fedora-gcc 0.1.1 191.72 NOTE
r-devel-windows-x86_64 0.1.1 92.00 93.00 185.00 NOTE
r-patched-linux-x86_64 0.1.1 90.74 36.83 127.57 NOTE
r-release-linux-x86_64 0.1.1 86.62 37.08 123.70 NOTE
r-release-macos-arm64 0.1.1 47.00 NOTE
r-release-macos-x86_64 0.1.1 61.00 NOTE
r-release-windows-x86_64 0.1.1 82.00 95.00 177.00 NOTE
r-oldrel-macos-arm64 0.1.1 56.00 NOTE
r-oldrel-macos-x86_64 0.1.1 80.00 NOTE
r-oldrel-windows-ix86+x86_64 0.1.1 228.00 94.00 322.00 NOTE

Check Details

Version: 0.1.1
Check: LazyData
Result: NOTE
     'LazyData' is specified without a 'data' directory
Flavors: r-devel-linux-x86_64-debian-clang, r-devel-linux-x86_64-debian-gcc, r-devel-linux-x86_64-fedora-clang, r-devel-linux-x86_64-fedora-gcc, r-devel-windows-x86_64, r-patched-linux-x86_64, r-release-linux-x86_64, r-release-macos-arm64, r-release-macos-x86_64, r-release-windows-x86_64, r-oldrel-macos-arm64, r-oldrel-macos-x86_64, r-oldrel-windows-ix86+x86_64