CRAN Package Check Results for Package wle

Last updated on 2014-09-03 08:53:44.

Flavor Version Tinstall Tcheck Ttotal Status Flags
r-devel-linux-x86_64-debian-clang 0.9-9 8.89 50.74 59.63 OK
r-devel-linux-x86_64-debian-gcc 0.9-9 8.89 50.25 59.14 WARN
r-devel-linux-x86_64-fedora-clang 0.9-9 110.10 OK
r-devel-linux-x86_64-fedora-gcc 0.9-9 105.88 WARN
r-devel-osx-x86_64-clang 0.9-9 99.45 OK
r-devel-windows-ix86+x86_64 0.9-9 58.00 93.00 151.00 OK
r-patched-linux-x86_64 0.9-9 8.82 52.22 61.04 WARN
r-patched-solaris-sparc 0.9-9 813.70 OK
r-patched-solaris-x86 0.9-9 143.90 OK
r-release-linux-ix86 0.9-9 15.72 78.32 94.04 WARN
r-release-linux-x86_64 0.9-9 8.98 52.80 61.78 WARN
r-release-osx-x86_64-mavericks 0.9-9 OK
r-release-osx-x86_64-snowleopard 0.9-9 OK
r-release-windows-ix86+x86_64 0.9-9 57.00 96.00 153.00 OK
r-oldrel-windows-ix86+x86_64 0.9-9 53.00 99.00 152.00 OK

Memtest notes: valgrind

Check Details

Version: 0.9-9
Check: whether package can be installed
Result: WARN
    Found the following significant warnings:
     dbetawrapper.c:6:2: warning: ISO C does not allow extra ‘;’ outside of a function [-Wpedantic]
Flavors: r-devel-linux-x86_64-debian-gcc, r-devel-linux-x86_64-fedora-gcc, r-patched-linux-x86_64, r-release-linux-ix86, r-release-linux-x86_64