CRAN Package Check Results for Package wle

Last updated on 2014-11-23 12:46:46.

Flavor Version Tinstall Tcheck Ttotal Status Flags
r-devel-linux-x86_64-debian-clang 0.9-9 8.80 52.00 60.80 OK
r-devel-linux-x86_64-debian-gcc 0.9-9 8.59 52.18 60.77 WARN
r-devel-linux-x86_64-fedora-clang 0.9-9 109.56 OK
r-devel-linux-x86_64-fedora-gcc 0.9-9 103.27 WARN
r-devel-osx-x86_64-clang 0.9-9 107.21 OK
r-devel-windows-ix86+x86_64 0.9-9 56.00 92.00 148.00 OK
r-patched-linux-x86_64 0.9-9 8.97 54.18 63.15 WARN
r-patched-solaris-sparc 0.9-9 813.70 OK
r-patched-solaris-x86 0.9-9 147.60 OK
r-release-linux-ix86 0.9-9 13.47 77.82 91.28 WARN
r-release-linux-x86_64 0.9-9 8.72 52.99 61.71 WARN
r-release-osx-x86_64-mavericks 0.9-9 OK
r-release-osx-x86_64-snowleopard 0.9-9 OK
r-release-windows-ix86+x86_64 0.9-9 55.00 114.00 169.00 OK
r-oldrel-windows-ix86+x86_64 0.9-9 53.00 106.00 159.00 OK

Memtest notes: valgrind

Check Details

Version: 0.9-9
Check: whether package can be installed
Result: WARN
    Found the following significant warnings:
     dbetawrapper.c:6:2: warning: ISO C does not allow extra ‘;’ outside of a function [-Wpedantic]
Flavors: r-devel-linux-x86_64-debian-gcc, r-devel-linux-x86_64-fedora-gcc, r-patched-linux-x86_64, r-release-linux-ix86, r-release-linux-x86_64