CRAN Package Check Results for Package wle

Last updated on 2016-10-01 12:48:09.

Flavor Version Tinstall Tcheck Ttotal Status Flags
r-devel-linux-x86_64-debian-clang 0.9-91 10.03 66.69 76.72 NOTE
r-devel-linux-x86_64-debian-gcc 0.9-91 9.81 64.52 74.33 NOTE
r-devel-linux-x86_64-fedora-clang 0.9-91 117.20 NOTE
r-devel-linux-x86_64-fedora-gcc 0.9-91 108.38 NOTE
r-devel-macos-x86_64-clang 0.9-91 79.59 NOTE
r-devel-windows-ix86+x86_64 0.9-91 72.00 133.00 205.00 NOTE
r-patched-linux-x86_64 0.9-91 9.47 63.24 72.71 NOTE
r-patched-solaris-sparc 0.9-91 778.80 NOTE
r-patched-solaris-x86 0.9-91 160.00 NOTE
r-release-linux-x86_64 0.9-91 9.53 63.42 72.96 NOTE
r-release-osx-x86_64-mavericks 0.9-91 NOTE
r-release-windows-ix86+x86_64 0.9-91 39.00 130.00 169.00 NOTE
r-oldrel-windows-ix86+x86_64 0.9-91 84.00 102.00 186.00 NOTE

Memtest notes: valgrind

Check Details

Version: 0.9-91
Check: dependencies in R code
Result: NOTE
    Unexported objects imported by ':::' calls:
     ‘circular:::DensityCircularRad’ ‘circular:::DvonmisesRad’
     ‘circular:::DwrappednormalRad’ ‘circular:::MlevonmisesRad’
     ‘circular:::MlewrappednormalRad’
     See the note in ?`:::` about the use of this operator.
Flavors: r-devel-linux-x86_64-debian-clang, r-devel-linux-x86_64-debian-gcc, r-devel-linux-x86_64-fedora-clang, r-devel-linux-x86_64-fedora-gcc, r-devel-macos-x86_64-clang, r-devel-windows-ix86+x86_64, r-patched-linux-x86_64, r-patched-solaris-sparc, r-patched-solaris-x86, r-release-linux-x86_64, r-release-osx-x86_64-mavericks, r-release-windows-ix86+x86_64, r-oldrel-windows-ix86+x86_64