CRAN Package Check Results for Package wle

Last updated on 2016-02-07 03:50:56.

Flavor Version Tinstall Tcheck Ttotal Status Flags
r-devel-linux-x86_64-debian-gcc 0.9-91 9.57 47.88 57.45 NOTE
r-devel-linux-x86_64-fedora-clang 0.9-91 97.00 NOTE
r-devel-linux-x86_64-fedora-gcc 0.9-91 93.42 NOTE
r-devel-osx-x86_64-clang 0.9-91 110.60 NOTE
r-devel-windows-ix86+x86_64 0.9-91 93.00 127.00 220.00 NOTE
r-patched-linux-x86_64 0.9-91 9.73 49.40 59.13 NOTE
r-patched-solaris-sparc 0.9-91 772.30 NOTE
r-patched-solaris-x86 0.9-91 131.20 NOTE
r-release-linux-x86_64 0.9-91 9.29 48.68 57.97 NOTE
r-release-osx-x86_64-mavericks 0.9-91 NOTE
r-release-windows-ix86+x86_64 0.9-91 60.00 134.00 194.00 NOTE
r-oldrel-windows-ix86+x86_64 0.9-91 75.00 107.00 182.00 NOTE

Memtest notes: valgrind

Check Details

Version: 0.9-91
Check: dependencies in R code
Result: NOTE
    Unexported objects imported by ':::' calls:
     ‘circular:::DensityCircularRad’ ‘circular:::DvonmisesRad’
     ‘circular:::DwrappednormalRad’ ‘circular:::MlevonmisesRad’
     ‘circular:::MlewrappednormalRad’
     See the note in ?`:::` about the use of this operator.
Flavors: r-devel-linux-x86_64-debian-gcc, r-devel-linux-x86_64-fedora-clang, r-devel-linux-x86_64-fedora-gcc, r-devel-osx-x86_64-clang, r-devel-windows-ix86+x86_64, r-patched-linux-x86_64, r-patched-solaris-sparc, r-patched-solaris-x86, r-release-linux-x86_64, r-release-osx-x86_64-mavericks, r-release-windows-ix86+x86_64, r-oldrel-windows-ix86+x86_64