CRAN Package Check Results for Package wle

Last updated on 2015-01-31 16:47:10.

Flavor Version Tinstall Tcheck Ttotal Status Flags
r-devel-linux-x86_64-debian-clang 0.9-9 9.40 50.02 59.42 OK
r-devel-linux-x86_64-debian-gcc 0.9-9 8.82 51.63 60.45 WARN
r-devel-linux-x86_64-fedora-clang 0.9-9 107.57 OK
r-devel-linux-x86_64-fedora-gcc 0.9-9 102.50 WARN
r-devel-osx-x86_64-clang 0.9-9 105.08 OK
r-devel-windows-ix86+x86_64 0.9-9 79.00 101.00 180.00 OK
r-patched-linux-x86_64 0.9-9 8.79 54.45 63.24 WARN
r-patched-solaris-sparc 0.9-9 807.50 OK
r-patched-solaris-x86 0.9-9 145.50 OK
r-release-linux-ix86 0.9-9 13.71 75.72 89.43 WARN
r-release-linux-x86_64 0.9-9 8.99 52.97 61.96 WARN
r-release-osx-x86_64-mavericks 0.9-9 OK
r-release-osx-x86_64-snowleopard 0.9-9 OK
r-release-windows-ix86+x86_64 0.9-9 54.00 108.00 162.00 OK
r-oldrel-windows-ix86+x86_64 0.9-9 58.00 141.00 199.00 OK

Memtest notes: valgrind

Check Details

Version: 0.9-9
Check: whether package can be installed
Result: WARN
    Found the following significant warnings:
     dbetawrapper.c:6:2: warning: ISO C does not allow extra ‘;’ outside of a function [-Wpedantic]
Flavors: r-devel-linux-x86_64-debian-gcc, r-devel-linux-x86_64-fedora-gcc, r-patched-linux-x86_64, r-release-linux-ix86, r-release-linux-x86_64