CRAN Package Check Results for Package wle

Last updated on 2017-04-26 03:48:44.

Flavor Version Tinstall Tcheck Ttotal Status Flags
r-devel-linux-x86_64-debian-clang 0.9-91 9.63 57.36 66.99 NOTE
r-devel-linux-x86_64-debian-gcc 0.9-91 9.54 54.00 63.54 NOTE
r-devel-linux-x86_64-fedora-clang 0.9-91 125.09 NOTE --no-stop-on-test-error
r-devel-linux-x86_64-fedora-gcc 0.9-91 122.50 NOTE --no-stop-on-test-error
r-devel-windows-ix86+x86_64 0.9-91 94.00 133.00 227.00 NOTE
r-patched-linux-x86_64 0.9-91 9.26 53.49 62.75 NOTE
r-patched-solaris-sparc 0.9-91 848.20 NOTE
r-patched-solaris-x86 0.9-91 132.40 NOTE
r-release-linux-x86_64 0.9-91 9.17 53.62 62.80 NOTE
r-release-windows-ix86+x86_64 0.9-91 63.00 119.00 182.00 NOTE
r-release-osx-x86_64 0.9-91 NOTE
r-oldrel-windows-ix86+x86_64 0.9-91 60.00 133.00 193.00 NOTE
r-oldrel-osx-x86_64 0.9-91 NOTE

Memtest notes: valgrind

Check Details

Version: 0.9-91
Check: dependencies in R code
Result: NOTE
    Unexported objects imported by ':::' calls:
     ‘circular:::DensityCircularRad’ ‘circular:::DvonmisesRad’
     ‘circular:::DwrappednormalRad’ ‘circular:::MlevonmisesRad’
     ‘circular:::MlewrappednormalRad’
     See the note in ?`:::` about the use of this operator.
Flavors: r-devel-linux-x86_64-debian-clang, r-devel-linux-x86_64-debian-gcc, r-devel-windows-ix86+x86_64, r-patched-linux-x86_64, r-patched-solaris-sparc, r-patched-solaris-x86, r-release-linux-x86_64, r-release-windows-ix86+x86_64, r-release-osx-x86_64, r-oldrel-windows-ix86+x86_64, r-oldrel-osx-x86_64

Version: 0.9-91
Check: compiled code
Result: NOTE
    File ‘wle/libs/wle.so’:
     Found no calls to: ‘R_registerRoutines’, ‘R_useDynamicSymbols’
    
    It is good practice to register native routines and to disable symbol
    search.
    
    See ‘Writing portable packages’ in the ‘Writing R Extensions’ manual.
Flavors: r-devel-linux-x86_64-debian-clang, r-devel-linux-x86_64-debian-gcc, r-patched-linux-x86_64, r-release-linux-x86_64

Version: 0.9-91
Flags: --no-stop-on-test-error
Check: dependencies in R code
Result: NOTE
    Unexported objects imported by ':::' calls:
     ‘circular:::DensityCircularRad’ ‘circular:::DvonmisesRad’
     ‘circular:::DwrappednormalRad’ ‘circular:::MlevonmisesRad’
     ‘circular:::MlewrappednormalRad’
     See the note in ?`:::` about the use of this operator.
Flavors: r-devel-linux-x86_64-fedora-clang, r-devel-linux-x86_64-fedora-gcc

Version: 0.9-91
Flags: --no-stop-on-test-error
Check: compiled code
Result: NOTE
    File ‘wle/libs/wle.so’:
     Found no calls to: ‘R_registerRoutines’, ‘R_useDynamicSymbols’
    
    It is good practice to register native routines and to disable symbol
    search.
    
    See ‘Writing portable packages’ in the ‘Writing R Extensions’ manual.
Flavors: r-devel-linux-x86_64-fedora-clang, r-devel-linux-x86_64-fedora-gcc