CRAN Package Check Results for Package wle

Last updated on 2014-04-24 07:52:40.

Flavor Version Tinstall Tcheck Ttotal Status Flags
r-devel-linux-x86_64-debian-clang 0.9-9 8.93 53.91 62.84 OK
r-devel-linux-x86_64-debian-gcc 0.9-9 8.65 54.19 62.84 WARN
r-devel-linux-x86_64-fedora-clang 0.9-9 113.95 OK
r-devel-linux-x86_64-fedora-gcc 0.9-9 110.53 WARN
r-devel-osx-x86_64-clang 0.9-9 104.28 OK
r-devel-osx-x86_64-gcc 0.9-9 OK
r-devel-windows-ix86+x86_64 0.9-9 56.00 103.00 159.00 OK
r-patched-linux-x86_64 0.9-9 8.92 54.37 63.30 WARN
r-patched-solaris-sparc 0.9-9 810.30 OK
r-patched-solaris-x86 0.9-9 145.10 OK
r-release-linux-ix86 0.9-9 17.00 101.00 118.00 WARN
r-release-linux-x86_64 0.9-9 9.04 54.14 63.18 WARN
r-release-osx-x86_64-mavericks 0.9-9 WARN
r-release-osx-x86_64-snowleopard 0.9-9 OK
r-release-windows-ix86+x86_64 0.9-9 56.00 102.00 158.00 OK
r-oldrel-windows-ix86+x86_64 0.9-9 56.00 101.00 157.00 OK

Memtest notes: valgrind

Check Details

Version: 0.9-9
Check: whether package can be installed
Result: WARNING
    Found the following significant warnings:
     dbetawrapper.c:6:2: warning: ISO C does not allow extra ‘;’ outside of a function [-Wpedantic]
    See ‘/home/hornik/tmp/R.check/r-devel-gcc/Work/PKGS/wle.Rcheck/00install.out’ for details.
Flavor: r-devel-linux-x86_64-debian-gcc

Version: 0.9-9
Check: whether package can be installed
Result: WARNING
    Found the following significant warnings:
     dbetawrapper.c:6:2: warning: ISO C does not allow extra ‘;’ outside of a function [-Wpedantic]
    See ‘/data/gannet/ripley/R/packages/tests-devel/wle.Rcheck/00install.out’ for details.
Flavor: r-devel-linux-x86_64-fedora-gcc

Version: 0.9-9
Check: whether package can be installed
Result: WARNING
    Found the following significant warnings:
     dbetawrapper.c:6:2: warning: ISO C does not allow extra ‘;’ outside of a function [-Wpedantic]
    See ‘/home/hornik/tmp/R.check/r-patched-gcc/Work/PKGS/wle.Rcheck/00install.out’ for details.
Flavor: r-patched-linux-x86_64

Version: 0.9-9
Check: whether package can be installed
Result: WARNING
    Found the following significant warnings:
     dbetawrapper.c:6:2: warning: ISO C does not allow extra ‘;’ outside of a function [-Wpedantic]
    See ‘/home/hornik/tmp/R.check/r-release-gcc/Work/PKGS/wle.Rcheck/00install.out’ for details.
Flavors: r-release-linux-ix86, r-release-linux-x86_64

Version: 0.9-9
Check: PDF version of manual
Result: WARNING
    LaTeX errors when creating PDF version.
    This typically indicates Rd problems.
    LaTeX errors found:
    ! LaTeX Error: File `upquote.sty' not found.
    
    Type X to quit or <RETURN> to proceed,
    or enter new name. (Default extension: sty)
    
    ce808c4/Rd2.tex:8: ==> Fatal error occurred, no output PDF file produced!
Flavor: r-release-osx-x86_64-mavericks