CRAN Package Check Results for Package wle

Last updated on 2016-08-24 06:48:01.

Flavor Version Tinstall Tcheck Ttotal Status Flags
r-devel-linux-x86_64-debian-clang 0.9-91 9.55 65.14 74.70 NOTE
r-devel-linux-x86_64-debian-gcc 0.9-91 9.34 61.57 70.91 NOTE
r-devel-linux-x86_64-fedora-clang 0.9-91 113.61 NOTE
r-devel-linux-x86_64-fedora-gcc 0.9-91 108.76 NOTE
r-devel-osx-x86_64-clang 0.9-91 81.89 NOTE
r-devel-windows-ix86+x86_64 0.9-91 57.00 125.00 182.00 NOTE
r-patched-linux-x86_64 0.9-91 8.82 61.81 70.63 NOTE
r-patched-solaris-sparc 0.9-91 778.80 NOTE
r-patched-solaris-x86 0.9-91 129.80 NOTE
r-release-linux-x86_64 0.9-91 9.06 61.91 70.97 NOTE
r-release-osx-x86_64-mavericks 0.9-91 NOTE
r-release-windows-ix86+x86_64 0.9-91 49.00 125.00 174.00 NOTE
r-oldrel-windows-ix86+x86_64 0.9-91 76.00 98.00 174.00 NOTE

Memtest notes: valgrind

Check Details

Version: 0.9-91
Check: dependencies in R code
Result: NOTE
    Unexported objects imported by ':::' calls:
     ‘circular:::DensityCircularRad’ ‘circular:::DvonmisesRad’
     ‘circular:::DwrappednormalRad’ ‘circular:::MlevonmisesRad’
     ‘circular:::MlewrappednormalRad’
     See the note in ?`:::` about the use of this operator.
Flavors: r-devel-linux-x86_64-debian-clang, r-devel-linux-x86_64-debian-gcc, r-devel-linux-x86_64-fedora-clang, r-devel-linux-x86_64-fedora-gcc, r-devel-osx-x86_64-clang, r-devel-windows-ix86+x86_64, r-patched-linux-x86_64, r-patched-solaris-sparc, r-patched-solaris-x86, r-release-linux-x86_64, r-release-osx-x86_64-mavericks, r-release-windows-ix86+x86_64, r-oldrel-windows-ix86+x86_64