CRAN Package Check Results for Package wle

Last updated on 2015-04-19 11:51:27.

Flavor Version Tinstall Tcheck Ttotal Status Flags
r-devel-linux-x86_64-debian-clang 0.9-9 8.66 49.95 58.61 OK
r-devel-linux-x86_64-debian-gcc 0.9-9 8.63 49.68 58.32 WARN
r-devel-linux-x86_64-fedora-clang 0.9-9 103.98 OK
r-devel-linux-x86_64-fedora-gcc 0.9-9 98.77 WARN
r-devel-osx-x86_64-clang 0.9-9 97.26 OK
r-devel-windows-ix86+x86_64 0.9-9 61.00 98.00 159.00 OK
r-patched-linux-x86_64 0.9-9 8.46 50.10 58.57 WARN
r-patched-solaris-sparc 0.9-9 793.80 OK
r-patched-solaris-x86 0.9-9 140.00 OK
r-release-linux-x86_64 0.9-9 8.59 46.14 54.73 WARN
r-release-osx-x86_64-mavericks 0.9-9 OK
r-release-osx-x86_64-snowleopard 0.9-9 OK
r-release-windows-ix86+x86_64 0.9-9 47.00 97.00 144.00 OK
r-oldrel-windows-ix86+x86_64 0.9-9 52.00 102.00 154.00 OK

Memtest notes: valgrind

Check Details

Version: 0.9-9
Check: whether package can be installed
Result: WARN
    Found the following significant warnings:
     dbetawrapper.c:6:2: warning: ISO C does not allow extra ‘;’ outside of a function [-Wpedantic]
Flavors: r-devel-linux-x86_64-debian-gcc, r-devel-linux-x86_64-fedora-gcc, r-patched-linux-x86_64, r-release-linux-x86_64