CRAN Package Check Results for Package wle

Last updated on 2016-04-29 09:47:22.

Flavor Version Tinstall Tcheck Ttotal Status Flags
r-devel-linux-x86_64-debian-gcc 0.9-91 9.25 50.19 59.44 NOTE
r-devel-linux-x86_64-fedora-clang 0.9-91 96.69 NOTE
r-devel-linux-x86_64-fedora-gcc 0.9-91 92.74 NOTE
r-devel-osx-x86_64-clang 0.9-91 111.31 NOTE
r-devel-windows-ix86+x86_64 0.9-91 36.00 115.00 151.00 NOTE
r-patched-linux-x86_64 0.9-91 9.00 50.00 59.00 NOTE
r-patched-solaris-sparc 0.9-91 783.40 NOTE
r-patched-solaris-x86 0.9-91 131.20 NOTE
r-release-linux-x86_64 0.9-91 9.23 51.10 60.33 NOTE
r-release-osx-x86_64-mavericks 0.9-91 NOTE
r-release-windows-ix86+x86_64 0.9-91 55.00 106.00 161.00 NOTE
r-oldrel-windows-ix86+x86_64 0.9-91 84.00 109.00 193.00 NOTE

Memtest notes: valgrind

Check Details

Version: 0.9-91
Check: dependencies in R code
Result: NOTE
    Unexported objects imported by ':::' calls:
     ‘circular:::DensityCircularRad’ ‘circular:::DvonmisesRad’
     ‘circular:::DwrappednormalRad’ ‘circular:::MlevonmisesRad’
     ‘circular:::MlewrappednormalRad’
     See the note in ?`:::` about the use of this operator.
Flavors: r-devel-linux-x86_64-debian-gcc, r-devel-linux-x86_64-fedora-clang, r-devel-linux-x86_64-fedora-gcc, r-devel-osx-x86_64-clang, r-devel-windows-ix86+x86_64, r-patched-linux-x86_64, r-patched-solaris-sparc, r-patched-solaris-x86, r-release-linux-x86_64, r-release-osx-x86_64-mavericks, r-release-windows-ix86+x86_64, r-oldrel-windows-ix86+x86_64