CRAN Package Check Results for Package wle

Last updated on 2016-07-24 09:48:09.

Flavor Version Tinstall Tcheck Ttotal Status Flags
r-devel-linux-x86_64-debian-clang 0.9-91 11.86 71.27 83.12 NOTE
r-devel-linux-x86_64-debian-gcc 0.9-91 11.47 67.96 79.44 NOTE
r-devel-linux-x86_64-fedora-clang 0.9-91 97.74 NOTE
r-devel-linux-x86_64-fedora-gcc 0.9-91 94.94 NOTE
r-devel-osx-x86_64-clang 0.9-91 81.34 NOTE
r-devel-windows-ix86+x86_64 0.9-91 37.00 112.00 149.00 NOTE
r-patched-linux-x86_64 0.9-91 10.70 68.07 78.77 NOTE
r-patched-solaris-sparc 0.9-91 778.80 NOTE
r-patched-solaris-x86 0.9-91 128.80 NOTE
r-release-linux-x86_64 0.9-91 11.11 69.00 80.12 NOTE
r-release-osx-x86_64-mavericks 0.9-91 NOTE
r-release-windows-ix86+x86_64 0.9-91 37.00 121.00 158.00 NOTE
r-oldrel-windows-ix86+x86_64 0.9-91 74.00 105.00 179.00 NOTE

Memtest notes: valgrind

Check Details

Version: 0.9-91
Check: dependencies in R code
Result: NOTE
    Unexported objects imported by ':::' calls:
     ‘circular:::DensityCircularRad’ ‘circular:::DvonmisesRad’
     ‘circular:::DwrappednormalRad’ ‘circular:::MlevonmisesRad’
     ‘circular:::MlewrappednormalRad’
     See the note in ?`:::` about the use of this operator.
Flavors: r-devel-linux-x86_64-debian-clang, r-devel-linux-x86_64-debian-gcc, r-devel-linux-x86_64-fedora-clang, r-devel-linux-x86_64-fedora-gcc, r-devel-osx-x86_64-clang, r-devel-windows-ix86+x86_64, r-patched-linux-x86_64, r-patched-solaris-sparc, r-patched-solaris-x86, r-release-linux-x86_64, r-release-osx-x86_64-mavericks, r-release-windows-ix86+x86_64, r-oldrel-windows-ix86+x86_64