CRAN Package Check Results for Package wle

Last updated on 2015-02-27 22:49:36.

Flavor Version Tinstall Tcheck Ttotal Status Flags
r-devel-linux-x86_64-debian-clang 0.9-9 8.54 50.05 58.59 OK
r-devel-linux-x86_64-debian-gcc 0.9-9 8.80 49.72 58.52 WARN
r-devel-linux-x86_64-fedora-clang 0.9-9 104.53 OK
r-devel-linux-x86_64-fedora-gcc 0.9-9 96.81 WARN
r-devel-osx-x86_64-clang 0.9-9 104.50 OK
r-devel-windows-ix86+x86_64 0.9-9 75.00 96.00 171.00 OK
r-patched-linux-x86_64 0.9-9 8.83 54.15 62.98 WARN
r-patched-solaris-sparc 0.9-9 807.50 OK
r-release-linux-ix86 0.9-9 13.66 83.48 97.14 WARN
r-release-linux-x86_64 0.9-9 8.75 53.16 61.91 WARN
r-release-osx-x86_64-mavericks 0.9-9 OK
r-release-osx-x86_64-snowleopard 0.9-9 OK
r-release-windows-ix86+x86_64 0.9-9 57.00 106.00 163.00 OK
r-oldrel-windows-ix86+x86_64 0.9-9 59.00 142.00 201.00 OK

Memtest notes: valgrind

Check Details

Version: 0.9-9
Check: whether package can be installed
Result: WARN
    Found the following significant warnings:
     dbetawrapper.c:6:2: warning: ISO C does not allow extra ‘;’ outside of a function [-Wpedantic]
Flavors: r-devel-linux-x86_64-debian-gcc, r-devel-linux-x86_64-fedora-gcc, r-patched-linux-x86_64, r-release-linux-ix86, r-release-linux-x86_64