CRAN Package Check Results for Package wle

Last updated on 2018-04-21 13:47:19 CEST.

Flavor Version Tinstall Tcheck Ttotal Status Flags
r-devel-linux-x86_64-debian-clang 0.9-91 21.20 77.43 98.63 NOTE
r-devel-linux-x86_64-debian-gcc 0.9-91 17.79 58.91 76.70 NOTE
r-devel-linux-x86_64-fedora-clang 0.9-91 121.88 NOTE
r-devel-linux-x86_64-fedora-gcc 0.9-91 117.33 NOTE
r-devel-windows-ix86+x86_64 0.9-91 97.00 145.00 242.00 OK
r-devel-osx-x86_64 0.9-91 OK
r-patched-linux-x86_64 0.9-91 22.90 79.62 102.52 NOTE
r-patched-solaris-x86 0.9-91 162.70 OK
r-release-linux-x86_64 0.9-91 11.37 84.53 95.90 NOTE
r-release-windows-ix86+x86_64 0.9-91 84.00 152.00 236.00 OK
r-release-osx-x86_64 0.9-91 NOTE
r-oldrel-windows-ix86+x86_64 0.9-91 89.00 143.00 232.00 OK

Additional issues

valgrind

Check Details

Version: 0.9-91
Check: compiled code
Result: NOTE
    File ‘wle/libs/wle.so’:
     Found no calls to: ‘R_registerRoutines’, ‘R_useDynamicSymbols’
    
    It is good practice to register native routines and to disable symbol
    search.
    
    See ‘Writing portable packages’ in the ‘Writing R Extensions’ manual.
Flavors: r-devel-linux-x86_64-debian-clang, r-devel-linux-x86_64-debian-gcc, r-devel-linux-x86_64-fedora-clang, r-devel-linux-x86_64-fedora-gcc, r-patched-linux-x86_64, r-release-linux-x86_64

Version: 0.9-91
Check: dependencies in R code
Result: NOTE
    Unexported objects imported by ':::' calls:
     ‘circular:::DensityCircularRad’ ‘circular:::DvonmisesRad’
     ‘circular:::DwrappednormalRad’ ‘circular:::MlevonmisesRad’
     ‘circular:::MlewrappednormalRad’
     See the note in ?`:::` about the use of this operator.
Flavor: r-release-osx-x86_64