CRAN Package Check Results for Package wle

Last updated on 2015-07-05 10:47:15.

Flavor Version Tinstall Tcheck Ttotal Status Flags
r-devel-linux-x86_64-debian-clang 0.9-9 8.83 50.55 59.38 NOTE
r-devel-linux-x86_64-debian-gcc 0.9-9 8.98 48.92 57.91 WARN
r-devel-linux-x86_64-fedora-clang 0.9-9 100.25 NOTE
r-devel-linux-x86_64-fedora-gcc 0.9-9 93.57 WARN
r-devel-osx-x86_64-clang 0.9-9 82.18 OK
r-devel-windows-ix86+x86_64 0.9-9 60.00 102.00 162.00 NOTE
r-patched-linux-x86_64 0.9-9 9.02 48.59 57.61 WARN
r-patched-solaris-sparc 0.9-9 799.60 OK
r-patched-solaris-x86 0.9-9 136.70 OK
r-release-linux-x86_64 0.9-9 9.37 53.17 62.54 WARN
r-release-osx-x86_64-mavericks 0.9-9 OK
r-release-windows-ix86+x86_64 0.9-9 78.00 104.00 182.00 OK
r-oldrel-windows-ix86+x86_64 0.9-9 80.00 103.00 183.00 OK

Memtest notes: valgrind

Check Details

Version: 0.9-9
Check: R code for possible problems
Result: NOTE
    anova.wle.glm.root: no visible global function definition for
     ‘model.matrix’
    anova.wle.glm.root: no visible global function definition for
     ‘stat.anova’
    anova.wleglmlist : <anonymous>: no visible global function definition
     for ‘formula’
    anova.wleglmlist: no visible global function definition for
     ‘stat.anova’
    formula.wle.glm: no visible global function definition for ‘formula’
    formula.wle.lm: no visible global function definition for ‘formula’
    mde.vonmises : h.fun: no visible global function definition for ‘fft’
    mde.vonmises: no visible global function definition for ‘na.omit’
    mde.vonmises: no visible global function definition for ‘fft’
    mde.vonmises: no visible global function definition for ‘optim’
    mde.wrappednormal : h.fun: no visible global function definition for
     ‘fft’
    mde.wrappednormal: no visible global function definition for ‘na.omit’
    mde.wrappednormal: no visible global function definition for ‘fft’
    mde.wrappednormal: no visible global function definition for ‘optim’
    mle.aic: no visible global function definition for ‘terms’
    mle.aic: no visible global function definition for ‘model.response’
    mle.aic: no visible global function definition for ‘is.empty.model’
    mle.aic: no visible global function definition for ‘model.matrix’
    mle.cp: no visible global function definition for ‘terms’
    mle.cp: no visible global function definition for ‘model.response’
    mle.cp: no visible global function definition for ‘is.empty.model’
    mle.cp: no visible global function definition for ‘model.matrix’
    mle.cv: no visible global function definition for ‘terms’
    mle.cv: no visible global function definition for ‘model.response’
    mle.cv: no visible global function definition for ‘is.empty.model’
    mle.cv: no visible global function definition for ‘model.matrix’
    mle.cv.one: no visible global function definition for ‘terms’
    mle.cv.one: no visible global function definition for ‘model.response’
    mle.cv.one: no visible global function definition for ‘is.empty.model’
    mle.cv.one: no visible global function definition for ‘model.matrix’
    mle.cv.one: no visible global function definition for ‘write.table’
    mle.cv.rb: no visible global function definition for ‘terms’
    mle.cv.rb: no visible global function definition for ‘model.response’
    mle.cv.rb: no visible global function definition for ‘is.empty.model’
    mle.cv.rb: no visible global function definition for ‘model.matrix’
    mle.cv.rb: no visible global function definition for ‘lm’
    mle.cv.rb: no visible global function definition for ‘write.table’
    mle.cv.rb: no visible global function definition for ‘runif’
    mle.cv.rb: no visible global function definition for ‘rbeta’
    mle.stepwise: no visible global function definition for ‘terms’
    mle.stepwise: no visible global function definition for
     ‘model.response’
    mle.stepwise: no visible global function definition for
     ‘is.empty.model’
    mle.stepwise: no visible global function definition for ‘model.matrix’
    mle.stepwise: no visible binding for global variable ‘contrasts’
    plot.mle.cp: no visible global function definition for ‘plot’
    plot.mle.cp: no visible global function definition for ‘text’
    plot.mle.cp: no visible global function definition for ‘abline’
    plot.mle.cp: no visible global function definition for ‘lines’
    plot.wle.cp: no visible global function definition for ‘plot’
    plot.wle.cp: no visible global function definition for ‘text’
    plot.wle.cp: no visible global function definition for ‘abline’
    plot.wle.cp: no visible global function definition for ‘lines’
    plot.wle.lm: no visible global function definition for
     ‘dev.interactive’
    plot.wle.lm: no visible global function definition for ‘par’
    plot.wle.lm : text.id: no visible global function definition for ‘text’
    plot.wle.lm : text.id: no visible global function definition for
     ‘strwidth’
    plot.wle.lm: no visible global function definition for ‘plot’
    plot.wle.lm: no visible global function definition for ‘abline’
    plot.wle.lm: no visible global function definition for ‘strheight’
    plot.wle.lm: no visible global function definition for ‘qqnorm’
    plot.wle.lm: no visible global function definition for ‘qqline’
    print.summary.wle.glm: no visible global function definition for
     ‘quantile’
    print.summary.wle.glm: no visible global function definition for
     ‘printCoefmat’
    print.summary.wle.glm: no visible global function definition for
     ‘naprint’
    print.summary.wle.glm: no visible global function definition for
     ‘symnum’
    print.summary.wle.lm.root: no visible binding for global variable
     ‘quantile’
    print.summary.wle.lm.root: no visible global function definition for
     ‘quantile’
    print.summary.wle.lm.root: no visible global function definition for
     ‘printCoefmat’
    print.summary.wle.lm.root: no visible global function definition for
     ‘pf’
    print.wle.glm.root: no visible global function definition for ‘naprint’
    print.wle.lm: no visible global function definition for ‘coef’
    print.wle.onestep: no visible global function definition for ‘coef’
    residuals.wle.glm : res.internal: no visible global function definition
     for ‘naresid’
    residualsAnscombe: no visible global function definition for ‘pbeta’
    summary.wle.glm.root: no visible global function definition for ‘coef’
    summary.wle.glm.root: no visible global function definition for ‘pnorm’
    summary.wle.glm.root: no visible global function definition for ‘pt’
    summary.wle.glm.root: no visible global function definition for
     ‘residuals’
    summary.wle.lm.root: no visible global function definition for ‘pt’
    weights.negbin: no visible global function definition for ‘runif’
    weights.negbin: no visible global function definition for ‘pnbinom’
    weights.negbin: no visible global function definition for ‘dnbinom’
    weights.negbin: no visible global function definition for ‘approxfun’
    weights.negbin: no visible global function definition for ‘punif’
    weights.negbin: no visible global function definition for ‘qnorm’
    weights.negbin: no visible global function definition for ‘density’
    weights.negbin: no visible global function definition for ‘dnorm’
    weights.wle.glm: no visible global function definition for ‘naresid’
    wle.aic: no visible global function definition for ‘terms’
    wle.aic: no visible global function definition for ‘model.response’
    wle.aic: no visible global function definition for ‘is.empty.model’
    wle.aic: no visible global function definition for ‘model.matrix’
    wle.aic.ar: no visible binding for global variable ‘na.fail’
    wle.aic.ar: no visible global function definition for ‘as.ts’
    wle.aic.ar: no visible global function definition for ‘frequency’
    wle.aicfast: no visible global function definition for ‘terms’
    wle.aicfast: no visible global function definition for ‘model.response’
    wle.aicfast: no visible global function definition for ‘is.empty.model’
    wle.aicfast: no visible global function definition for ‘model.matrix’
    wle.ar: no visible binding for global variable ‘na.fail’
    wle.ar: no visible global function definition for ‘as.ts’
    wle.ar: no visible global function definition for ‘frequency’
    wle.ar: no visible global function definition for ‘tsp’
    wle.ar: no visible global function definition for ‘tsp<-’
    wle.ar: no visible global function definition for ‘runif’
    wle.ar: no visible global function definition for ‘ts’
    wle.ar: no visible global function definition for ‘start’
    wle.ar: no visible global function definition for ‘end’
    wle.ar.ao: no visible global function definition for ‘approx’
    wle.ar.ao: no visible global function definition for ‘runif’
    wle.ar.start: no visible global function definition for ‘lm’
    wle.ar.wls: no visible global function definition for ‘lm’
    wle.binomial: no visible global function definition for ‘runif’
    wle.binomial: no visible global function definition for ‘dbinom’
    wle.cp: no visible global function definition for ‘terms’
    wle.cp: no visible global function definition for ‘model.response’
    wle.cp: no visible global function definition for ‘is.empty.model’
    wle.cp: no visible global function definition for ‘model.matrix’
    wle.crossover.ao: no visible global function definition for ‘rbinom’
    wle.cv: no visible global function definition for ‘terms’
    wle.cv: no visible global function definition for ‘model.response’
    wle.cv: no visible global function definition for ‘is.empty.model’
    wle.cv: no visible global function definition for ‘model.matrix’
    wle.cv.one: no visible global function definition for ‘terms’
    wle.cv.one: no visible global function definition for ‘model.response’
    wle.cv.one: no visible global function definition for ‘is.empty.model’
    wle.cv.one: no visible global function definition for ‘model.matrix’
    wle.cv.one: no visible global function definition for ‘write.table’
    wle.fracdiff: no visible binding for global variable ‘na.fail’
    wle.fracdiff: no visible global function definition for ‘as.ts’
    wle.fracdiff: no visible global function definition for ‘runif’
    wle.fracdiff: no visible global function definition for ‘ts’
    wle.fracdiff: no visible global function definition for ‘start’
    wle.fracdiff: no visible global function definition for ‘end’
    wle.fracdiff: no visible global function definition for ‘frequency’
    wle.fracdiff.solve: no visible global function definition for ‘uniroot’
    wle.fracdiff.solve: no visible global function definition for
     ‘optimize’
    wle.gamma: no visible global function definition for ‘uniroot’
    wle.glm: no visible binding for global variable ‘binomial’
    wle.glm: no visible global function definition for ‘glm.control’
    wle.glm: no visible global function definition for ‘model.response’
    wle.glm: no visible global function definition for ‘is.empty.model’
    wle.glm: no visible global function definition for ‘model.matrix’
    wle.glm: no visible global function definition for ‘model.weights’
    wle.glm: no visible global function definition for ‘model.offset’
    wle.glm: no visible global function definition for ‘model.extract’
    wle.glm: no visible global function definition for ‘glm.fit’
    wle.glm: no visible global function definition for ‘predict.glm’
    wle.glm: no visible global function definition for ‘.getXlevels’
    wle.glm.fit: Error while checking: invalid ‘envir’ argument
    wle.glm.weights: Error while checking: invalid ‘envir’ argument
    wle.lm: no visible global function definition for ‘terms’
    wle.lm: no visible global function definition for ‘model.response’
    wle.lm: no visible global function definition for ‘is.empty.model’
    wle.lm: no visible global function definition for ‘model.matrix’
    wle.lm: no visible global function definition for ‘lm’
    wle.mutation.ao: no visible global function definition for ‘rbinom’
    wle.negativebinomial: no visible global function definition for ‘runif’
    wle.negativebinomial: no visible global function definition for
     ‘dnbinom’
    wle.normal.high: no visible binding for global variable ‘median’
    wle.normal.high: no visible binding for global variable ‘mad’
    wle.normal.high: no visible global function definition for
     ‘mahalanobis’
    wle.normal.high : <anonymous>: no visible global function definition
     for ‘weighted.mean’
    wle.normal.high: no visible global function definition for ‘cov.wt’
    wle.normal.high.old2: no visible binding for global variable ‘median’
    wle.normal.high.old2: no visible binding for global variable ‘mad’
    wle.normal.high.old2: no visible global function definition for
     ‘mahalanobis’
    wle.normal.high.old2: no visible global function definition for ‘plot’
    wle.normal.high.old2 : <anonymous>: no visible global function
     definition for ‘weighted.mean’
    wle.normal.high.old2: no visible global function definition for
     ‘cov.wt’
    wle.onestep: no visible global function definition for ‘terms’
    wle.onestep: no visible global function definition for ‘model.response’
    wle.onestep: no visible global function definition for ‘is.empty.model’
    wle.onestep: no visible global function definition for ‘model.matrix’
    wle.poisson: no visible global function definition for ‘runif’
    wle.poisson: no visible global function definition for ‘dpois’
    wle.smooth: no visible global function definition for ‘uniroot’
    wle.stepwise: no visible global function definition for ‘terms’
    wle.stepwise: no visible global function definition for
     ‘model.response’
    wle.stepwise: no visible global function definition for
     ‘is.empty.model’
    wle.stepwise: no visible global function definition for ‘model.matrix’
    wle.t.test: no visible global function definition for ‘complete.cases’
    wle.t.test: no visible global function definition for ‘pt’
    wle.t.test: no visible global function definition for ‘qt’
    wle.var.test: no visible global function definition for ‘pf’
    wle.var.test: no visible global function definition for ‘qf’
    wle.vonmises: no visible global function definition for ‘na.omit’
    wle.wrappednormal: no visible global function definition for ‘na.omit’
    Undefined global functions or variables:
     .getXlevels abline approx approxfun as.ts binomial coef
     complete.cases contrasts cov.wt dbinom density dev.interactive
     dnbinom dnorm dpois end fft formula frequency glm.control glm.fit
     is.empty.model lines lm mad mahalanobis median model.extract
     model.matrix model.offset model.response model.weights na.fail
     na.omit naprint naresid optim optimize par pbeta pf plot pnbinom
     pnorm predict.glm printCoefmat pt punif qf qnorm qqline qqnorm qt
     quantile rbeta rbinom residuals runif start stat.anova strheight
     strwidth symnum terms text ts tsp tsp<- uniroot weighted.mean
     write.table
Flavors: r-devel-linux-x86_64-debian-clang, r-devel-linux-x86_64-debian-gcc, r-devel-linux-x86_64-fedora-clang, r-devel-linux-x86_64-fedora-gcc

Version: 0.9-9
Check: whether package can be installed
Result: WARN
    Found the following significant warnings:
     dbetawrapper.c:6:2: warning: ISO C does not allow extra ‘;’ outside of a function [-Wpedantic]
Flavors: r-devel-linux-x86_64-debian-gcc, r-devel-linux-x86_64-fedora-gcc, r-patched-linux-x86_64, r-release-linux-x86_64

Version: 0.9-9
Check: R code for possible problems
Result: NOTE
    anova.wle.glm.root: no visible global function definition for
     'model.matrix'
    anova.wle.glm.root: no visible global function definition for
     'stat.anova'
    anova.wleglmlist : <anonymous>: no visible global function definition
     for 'formula'
    anova.wleglmlist: no visible global function definition for
     'stat.anova'
    formula.wle.glm: no visible global function definition for 'formula'
    formula.wle.lm: no visible global function definition for 'formula'
    mde.vonmises : h.fun: no visible global function definition for 'fft'
    mde.vonmises: no visible global function definition for 'na.omit'
    mde.vonmises: no visible global function definition for 'fft'
    mde.vonmises: no visible global function definition for 'optim'
    mde.wrappednormal : h.fun: no visible global function definition for
     'fft'
    mde.wrappednormal: no visible global function definition for 'na.omit'
    mde.wrappednormal: no visible global function definition for 'fft'
    mde.wrappednormal: no visible global function definition for 'optim'
    mle.aic: no visible global function definition for 'terms'
    mle.aic: no visible global function definition for 'model.response'
    mle.aic: no visible global function definition for 'is.empty.model'
    mle.aic: no visible global function definition for 'model.matrix'
    mle.cp: no visible global function definition for 'terms'
    mle.cp: no visible global function definition for 'model.response'
    mle.cp: no visible global function definition for 'is.empty.model'
    mle.cp: no visible global function definition for 'model.matrix'
    mle.cv: no visible global function definition for 'terms'
    mle.cv: no visible global function definition for 'model.response'
    mle.cv: no visible global function definition for 'is.empty.model'
    mle.cv: no visible global function definition for 'model.matrix'
    mle.cv.one: no visible global function definition for 'terms'
    mle.cv.one: no visible global function definition for 'model.response'
    mle.cv.one: no visible global function definition for 'is.empty.model'
    mle.cv.one: no visible global function definition for 'model.matrix'
    mle.cv.one: no visible global function definition for 'write.table'
    mle.cv.rb: no visible global function definition for 'terms'
    mle.cv.rb: no visible global function definition for 'model.response'
    mle.cv.rb: no visible global function definition for 'is.empty.model'
    mle.cv.rb: no visible global function definition for 'model.matrix'
    mle.cv.rb: no visible global function definition for 'lm'
    mle.cv.rb: no visible global function definition for 'write.table'
    mle.cv.rb: no visible global function definition for 'runif'
    mle.cv.rb: no visible global function definition for 'rbeta'
    mle.stepwise: no visible global function definition for 'terms'
    mle.stepwise: no visible global function definition for
     'model.response'
    mle.stepwise: no visible global function definition for
     'is.empty.model'
    mle.stepwise: no visible global function definition for 'model.matrix'
    mle.stepwise: no visible binding for global variable 'contrasts'
    plot.mle.cp: no visible global function definition for 'plot'
    plot.mle.cp: no visible global function definition for 'text'
    plot.mle.cp: no visible global function definition for 'abline'
    plot.mle.cp: no visible global function definition for 'lines'
    plot.wle.cp: no visible global function definition for 'plot'
    plot.wle.cp: no visible global function definition for 'text'
    plot.wle.cp: no visible global function definition for 'abline'
    plot.wle.cp: no visible global function definition for 'lines'
    plot.wle.lm: no visible global function definition for
     'dev.interactive'
    plot.wle.lm: no visible global function definition for 'par'
    plot.wle.lm : text.id: no visible global function definition for 'text'
    plot.wle.lm : text.id: no visible global function definition for
     'strwidth'
    plot.wle.lm: no visible global function definition for 'plot'
    plot.wle.lm: no visible global function definition for 'abline'
    plot.wle.lm: no visible global function definition for 'strheight'
    plot.wle.lm: no visible global function definition for 'qqnorm'
    plot.wle.lm: no visible global function definition for 'qqline'
    print.summary.wle.glm: no visible global function definition for
     'quantile'
    print.summary.wle.glm: no visible global function definition for
     'printCoefmat'
    print.summary.wle.glm: no visible global function definition for
     'naprint'
    print.summary.wle.glm: no visible global function definition for
     'symnum'
    print.summary.wle.lm.root: no visible binding for global variable
     'quantile'
    print.summary.wle.lm.root: no visible global function definition for
     'quantile'
    print.summary.wle.lm.root: no visible global function definition for
     'printCoefmat'
    print.summary.wle.lm.root: no visible global function definition for
     'pf'
    print.wle.glm.root: no visible global function definition for 'naprint'
    print.wle.lm: no visible global function definition for 'coef'
    print.wle.onestep: no visible global function definition for 'coef'
    residuals.wle.glm : res.internal: no visible global function definition
     for 'naresid'
    residualsAnscombe: no visible global function definition for 'pbeta'
    summary.wle.glm.root: no visible global function definition for 'coef'
    summary.wle.glm.root: no visible global function definition for 'pnorm'
    summary.wle.glm.root: no visible global function definition for 'pt'
    summary.wle.glm.root: no visible global function definition for
     'residuals'
    summary.wle.lm.root: no visible global function definition for 'pt'
    weights.negbin: no visible global function definition for 'runif'
    weights.negbin: no visible global function definition for 'pnbinom'
    weights.negbin: no visible global function definition for 'dnbinom'
    weights.negbin: no visible global function definition for 'approxfun'
    weights.negbin: no visible global function definition for 'punif'
    weights.negbin: no visible global function definition for 'qnorm'
    weights.negbin: no visible global function definition for 'density'
    weights.negbin: no visible global function definition for 'dnorm'
    weights.wle.glm: no visible global function definition for 'naresid'
    wle.aic: no visible global function definition for 'terms'
    wle.aic: no visible global function definition for 'model.response'
    wle.aic: no visible global function definition for 'is.empty.model'
    wle.aic: no visible global function definition for 'model.matrix'
    wle.aic.ar: no visible binding for global variable 'na.fail'
    wle.aic.ar: no visible global function definition for 'as.ts'
    wle.aic.ar: no visible global function definition for 'frequency'
    wle.aicfast: no visible global function definition for 'terms'
    wle.aicfast: no visible global function definition for 'model.response'
    wle.aicfast: no visible global function definition for 'is.empty.model'
    wle.aicfast: no visible global function definition for 'model.matrix'
    wle.ar: no visible binding for global variable 'na.fail'
    wle.ar: no visible global function definition for 'as.ts'
    wle.ar: no visible global function definition for 'frequency'
    wle.ar: no visible global function definition for 'tsp'
    wle.ar: no visible global function definition for 'tsp<-'
    wle.ar: no visible global function definition for 'runif'
    wle.ar: no visible global function definition for 'ts'
    wle.ar: no visible global function definition for 'start'
    wle.ar: no visible global function definition for 'end'
    wle.ar.ao: no visible global function definition for 'approx'
    wle.ar.ao: no visible global function definition for 'runif'
    wle.ar.start: no visible global function definition for 'lm'
    wle.ar.wls: no visible global function definition for 'lm'
    wle.binomial: no visible global function definition for 'runif'
    wle.binomial: no visible global function definition for 'dbinom'
    wle.cp: no visible global function definition for 'terms'
    wle.cp: no visible global function definition for 'model.response'
    wle.cp: no visible global function definition for 'is.empty.model'
    wle.cp: no visible global function definition for 'model.matrix'
    wle.crossover.ao: no visible global function definition for 'rbinom'
    wle.cv: no visible global function definition for 'terms'
    wle.cv: no visible global function definition for 'model.response'
    wle.cv: no visible global function definition for 'is.empty.model'
    wle.cv: no visible global function definition for 'model.matrix'
    wle.cv.one: no visible global function definition for 'terms'
    wle.cv.one: no visible global function definition for 'model.response'
    wle.cv.one: no visible global function definition for 'is.empty.model'
    wle.cv.one: no visible global function definition for 'model.matrix'
    wle.cv.one: no visible global function definition for 'write.table'
    wle.fracdiff: no visible binding for global variable 'na.fail'
    wle.fracdiff: no visible global function definition for 'as.ts'
    wle.fracdiff: no visible global function definition for 'runif'
    wle.fracdiff: no visible global function definition for 'ts'
    wle.fracdiff: no visible global function definition for 'start'
    wle.fracdiff: no visible global function definition for 'end'
    wle.fracdiff: no visible global function definition for 'frequency'
    wle.fracdiff.solve: no visible global function definition for 'uniroot'
    wle.fracdiff.solve: no visible global function definition for
     'optimize'
    wle.gamma: no visible global function definition for 'uniroot'
    wle.glm: no visible binding for global variable 'binomial'
    wle.glm: no visible global function definition for 'glm.control'
    wle.glm: no visible global function definition for 'model.response'
    wle.glm: no visible global function definition for 'is.empty.model'
    wle.glm: no visible global function definition for 'model.matrix'
    wle.glm: no visible global function definition for 'model.weights'
    wle.glm: no visible global function definition for 'model.offset'
    wle.glm: no visible global function definition for 'model.extract'
    wle.glm: no visible global function definition for 'glm.fit'
    wle.glm: no visible global function definition for 'predict.glm'
    wle.glm: no visible global function definition for '.getXlevels'
    wle.glm.fit: no visible global function definition for 'gaussian'
    wle.glm.fit: no visible global function definition for 'glm.control'
    wle.glm.fit: no visible global function definition for 'glm.fit'
    wle.glm.weights: no visible global function definition for 'gaussian'
    wle.glm.weights: no visible global function definition for 'dist'
    wle.glm.weights: no visible global function definition for 'density'
    wle.glm.weights: no visible global function definition for 'approxfun'
    wle.glm.weights: no visible global function definition for 'dnorm'
    wle.glm.weights: no visible global function definition for 'dbinom'
    wle.glm.weights: no visible global function definition for 'dpois'
    wle.glm.weights: no visible global function definition for 'quantile'
    wle.glm.weights: no visible global function definition for 'median'
    wle.lm: no visible global function definition for 'terms'
    wle.lm: no visible global function definition for 'model.response'
    wle.lm: no visible global function definition for 'is.empty.model'
    wle.lm: no visible global function definition for 'model.matrix'
    wle.lm: no visible global function definition for 'lm'
    wle.mutation.ao: no visible global function definition for 'rbinom'
    wle.negativebinomial: no visible global function definition for 'runif'
    wle.negativebinomial: no visible global function definition for
     'dnbinom'
    wle.normal.high: no visible binding for global variable 'median'
    wle.normal.high: no visible binding for global variable 'mad'
    wle.normal.high: no visible global function definition for
     'mahalanobis'
    wle.normal.high : <anonymous>: no visible global function definition
     for 'weighted.mean'
    wle.normal.high: no visible global function definition for 'cov.wt'
    wle.normal.high.old2: no visible binding for global variable 'median'
    wle.normal.high.old2: no visible binding for global variable 'mad'
    wle.normal.high.old2: no visible global function definition for
     'mahalanobis'
    wle.normal.high.old2: no visible global function definition for 'plot'
    wle.normal.high.old2 : <anonymous>: no visible global function
     definition for 'weighted.mean'
    wle.normal.high.old2: no visible global function definition for
     'cov.wt'
    wle.onestep: no visible global function definition for 'terms'
    wle.onestep: no visible global function definition for 'model.response'
    wle.onestep: no visible global function definition for 'is.empty.model'
    wle.onestep: no visible global function definition for 'model.matrix'
    wle.poisson: no visible global function definition for 'runif'
    wle.poisson: no visible global function definition for 'dpois'
    wle.smooth: no visible global function definition for 'uniroot'
    wle.stepwise: no visible global function definition for 'terms'
    wle.stepwise: no visible global function definition for
     'model.response'
    wle.stepwise: no visible global function definition for
     'is.empty.model'
    wle.stepwise: no visible global function definition for 'model.matrix'
    wle.t.test: no visible global function definition for 'complete.cases'
    wle.t.test: no visible global function definition for 'pt'
    wle.t.test: no visible global function definition for 'qt'
    wle.var.test: no visible global function definition for 'pf'
    wle.var.test: no visible global function definition for 'qf'
    wle.vonmises: no visible global function definition for 'na.omit'
    wle.wrappednormal: no visible global function definition for 'na.omit'
    Undefined global functions or variables:
     .getXlevels abline approx approxfun as.ts binomial coef
     complete.cases contrasts cov.wt dbinom density dev.interactive dist
     dnbinom dnorm dpois end fft formula frequency gaussian glm.control
     glm.fit is.empty.model lines lm mad mahalanobis median model.extract
     model.matrix model.offset model.response model.weights na.fail
     na.omit naprint naresid optim optimize par pbeta pf plot pnbinom
     pnorm predict.glm printCoefmat pt punif qf qnorm qqline qqnorm qt
     quantile rbeta rbinom residuals runif start stat.anova strheight
     strwidth symnum terms text ts tsp tsp<- uniroot weighted.mean
     write.table
Flavor: r-devel-windows-ix86+x86_64