CRAN Package Check Results for Package wle

Last updated on 2014-07-24 21:48:52.

Flavor Version Tinstall Tcheck Ttotal Status Flags
r-devel-linux-x86_64-debian-clang 0.9-9 8.66 52.05 60.71 OK
r-devel-linux-x86_64-debian-gcc 0.9-9 8.96 52.03 60.98 WARN
r-devel-linux-x86_64-fedora-clang 0.9-9 116.20 OK
r-devel-linux-x86_64-fedora-gcc 0.9-9 108.13 WARN
r-devel-osx-x86_64-clang 0.9-9 107.60 OK
r-devel-windows-ix86+x86_64 0.9-9 55.00 99.00 154.00 OK
r-patched-linux-x86_64 0.9-9 9.12 51.53 60.65 WARN
r-patched-solaris-sparc 0.9-9 810.30 OK
r-patched-solaris-x86 0.9-9 144.70 OK
r-release-linux-ix86 0.9-9 14.54 81.98 96.51 WARN
r-release-linux-x86_64 0.9-9 8.68 53.01 61.69 WARN
r-release-osx-x86_64-mavericks 0.9-9 OK
r-release-osx-x86_64-snowleopard 0.9-9 OK
r-release-windows-ix86+x86_64 0.9-9 56.00 100.00 156.00 OK
r-oldrel-windows-ix86+x86_64 0.9-9 57.00 99.00 156.00 OK

Memtest notes: valgrind

Check Details

Version: 0.9-9
Check: whether package can be installed
Result: WARNING
    Found the following significant warnings:
     dbetawrapper.c:6:2: warning: ISO C does not allow extra ‘;’ outside of a function [-Wpedantic]
    See ‘/home/hornik/tmp/R.check/r-devel-gcc/Work/PKGS/wle.Rcheck/00install.out’ for details.
Flavor: r-devel-linux-x86_64-debian-gcc

Version: 0.9-9
Check: whether package can be installed
Result: WARNING
    Found the following significant warnings:
     dbetawrapper.c:6:2: warning: ISO C does not allow extra ‘;’ outside of a function [-Wpedantic]
    See ‘/data/gannet/ripley/R/packages/tests-devel/wle.Rcheck/00install.out’ for details.
Flavor: r-devel-linux-x86_64-fedora-gcc

Version: 0.9-9
Check: whether package can be installed
Result: WARNING
    Found the following significant warnings:
     dbetawrapper.c:6:2: warning: ISO C does not allow extra ‘;’ outside of a function [-Wpedantic]
    See ‘/home/hornik/tmp/R.check/r-patched-gcc/Work/PKGS/wle.Rcheck/00install.out’ for details.
Flavor: r-patched-linux-x86_64

Version: 0.9-9
Check: whether package can be installed
Result: WARNING
    Found the following significant warnings:
     dbetawrapper.c:6:2: warning: ISO C does not allow extra ‘;’ outside of a function [-Wpedantic]
    See ‘/home/hornik/tmp/R.check/r-release-gcc/Work/PKGS/wle.Rcheck/00install.out’ for details.
Flavors: r-release-linux-ix86, r-release-linux-x86_64