CRAN Package Check Results for Package wle

Last updated on 2017-02-21 03:49:58.

Flavor Version Tinstall Tcheck Ttotal Status Flags
r-devel-linux-x86_64-debian-clang 0.9-91 9.33 53.51 62.84 NOTE
r-devel-linux-x86_64-debian-gcc 0.9-91 9.48 53.42 62.90 NOTE
r-devel-linux-x86_64-fedora-clang 0.9-91 121.93 NOTE --no-stop-on-test-error
r-devel-linux-x86_64-fedora-gcc 0.9-91 120.34 NOTE --no-stop-on-test-error
r-devel-macos-x86_64-clang 0.9-91 88.60 NOTE --no-stop-on-test-error
r-devel-windows-ix86+x86_64 0.9-91 44.00 123.00 167.00 NOTE
r-patched-linux-x86_64 0.9-91 9.31 49.82 59.13 NOTE
r-patched-solaris-sparc 0.9-91 772.20 NOTE
r-patched-solaris-x86 0.9-91 125.70 NOTE
r-release-linux-x86_64 0.9-91 9.30 50.68 59.98 NOTE
r-release-osx-x86_64-mavericks 0.9-91 NOTE
r-release-windows-ix86+x86_64 0.9-91 54.00 186.00 240.00 NOTE
r-oldrel-windows-ix86+x86_64 0.9-91 60.00 133.00 193.00 NOTE

Memtest notes: valgrind

Check Details

Version: 0.9-91
Check: dependencies in R code
Result: NOTE
    Unexported objects imported by ':::' calls:
     ‘circular:::DensityCircularRad’ ‘circular:::DvonmisesRad’
     ‘circular:::DwrappednormalRad’ ‘circular:::MlevonmisesRad’
     ‘circular:::MlewrappednormalRad’
     See the note in ?`:::` about the use of this operator.
Flavors: r-devel-linux-x86_64-debian-clang, r-devel-linux-x86_64-debian-gcc, r-devel-windows-ix86+x86_64, r-patched-linux-x86_64, r-patched-solaris-sparc, r-patched-solaris-x86, r-release-linux-x86_64, r-release-osx-x86_64-mavericks, r-release-windows-ix86+x86_64, r-oldrel-windows-ix86+x86_64

Version: 0.9-91
Check: compiled code
Result: NOTE
    File ‘wle/libs/wle.so’:
     Found no calls to: ‘R_registerRoutines’, ‘R_useDynamicSymbols’
    
    It is good practice to register native routines and to disable symbol
    search.
    
    See ‘Writing portable packages’ in the ‘Writing R Extensions’ manual.
Flavors: r-devel-linux-x86_64-debian-clang, r-devel-linux-x86_64-debian-gcc

Version: 0.9-91
Flags: --no-stop-on-test-error
Check: dependencies in R code
Result: NOTE
    Unexported objects imported by ':::' calls:
     ‘circular:::DensityCircularRad’ ‘circular:::DvonmisesRad’
     ‘circular:::DwrappednormalRad’ ‘circular:::MlevonmisesRad’
     ‘circular:::MlewrappednormalRad’
     See the note in ?`:::` about the use of this operator.
Flavors: r-devel-linux-x86_64-fedora-clang, r-devel-linux-x86_64-fedora-gcc, r-devel-macos-x86_64-clang

Version: 0.9-91
Flags: --no-stop-on-test-error
Check: compiled code
Result: NOTE
    File ‘wle/libs/wle.so’:
     Found no calls to: ‘R_registerRoutines’, ‘R_useDynamicSymbols’
    
    It is good practice to register native routines and to disable symbol
    search.
    
    See ‘Writing portable packages’ in the ‘Writing R Extensions’ manual.
Flavors: r-devel-linux-x86_64-fedora-clang, r-devel-linux-x86_64-fedora-gcc, r-devel-macos-x86_64-clang