CRAN Package Check Results for Package wle

Last updated on 2016-12-02 18:47:57.

Flavor Version Tinstall Tcheck Ttotal Status Flags
r-devel-linux-x86_64-debian-clang 0.9-91 9.24 67.77 77.01 NOTE
r-devel-linux-x86_64-debian-gcc 0.9-91 9.72 67.39 77.11 NOTE
r-devel-linux-x86_64-fedora-clang 0.9-91 122.06 NOTE
r-devel-linux-x86_64-fedora-gcc 0.9-91 125.19 NOTE
r-devel-macos-x86_64-clang 0.9-91 90.43 NOTE
r-devel-windows-ix86+x86_64 0.9-91 44.00 157.00 201.00 NOTE
r-patched-linux-x86_64 0.9-91 9.17 62.22 71.39 NOTE
r-patched-solaris-sparc 0.9-91 778.80 NOTE
r-patched-solaris-x86 0.9-91 146.40 NOTE
r-release-linux-x86_64 0.9-91 9.07 62.35 71.42 NOTE
r-release-osx-x86_64-mavericks 0.9-91 NOTE
r-release-windows-ix86+x86_64 0.9-91 63.00 170.00 233.00 NOTE
r-oldrel-windows-ix86+x86_64 0.9-91 108.00 104.00 212.00 NOTE

Memtest notes: valgrind

Check Details

Version: 0.9-91
Check: dependencies in R code
Result: NOTE
    Unexported objects imported by ':::' calls:
     ‘circular:::DensityCircularRad’ ‘circular:::DvonmisesRad’
     ‘circular:::DwrappednormalRad’ ‘circular:::MlevonmisesRad’
     ‘circular:::MlewrappednormalRad’
     See the note in ?`:::` about the use of this operator.
Flavors: r-devel-linux-x86_64-debian-clang, r-devel-linux-x86_64-debian-gcc, r-devel-linux-x86_64-fedora-clang, r-devel-linux-x86_64-fedora-gcc, r-devel-macos-x86_64-clang, r-devel-windows-ix86+x86_64, r-patched-linux-x86_64, r-patched-solaris-sparc, r-patched-solaris-x86, r-release-linux-x86_64, r-release-osx-x86_64-mavericks, r-release-windows-ix86+x86_64, r-oldrel-windows-ix86+x86_64