CRAN Package Check Results for Package wle

Last updated on 2016-06-29 19:48:45.

Flavor Version Tinstall Tcheck Ttotal Status Flags
r-devel-linux-x86_64-debian-gcc 0.9-91 10.50 52.32 62.83 NOTE
r-devel-linux-x86_64-fedora-clang 0.9-91 99.21 NOTE
r-devel-linux-x86_64-fedora-gcc 0.9-91 95.79 NOTE
r-devel-osx-x86_64-clang 0.9-91 82.26 NOTE
r-devel-windows-ix86+x86_64 0.9-91 36.00 135.00 171.00 NOTE
r-patched-linux-x86_64 0.9-91 9.67 50.76 60.44 NOTE
r-patched-solaris-sparc 0.9-91 778.80 NOTE
r-patched-solaris-x86 0.9-91 131.80 NOTE
r-release-linux-x86_64 0.9-91 9.10 50.66 59.77 NOTE
r-release-osx-x86_64-mavericks 0.9-91 NOTE
r-release-windows-ix86+x86_64 0.9-91 51.00 138.00 189.00 NOTE
r-oldrel-windows-ix86+x86_64 0.9-91 70.00 105.00 175.00 NOTE

Memtest notes: valgrind

Check Details

Version: 0.9-91
Check: dependencies in R code
Result: NOTE
    Unexported objects imported by ':::' calls:
     ‘circular:::DensityCircularRad’ ‘circular:::DvonmisesRad’
     ‘circular:::DwrappednormalRad’ ‘circular:::MlevonmisesRad’
     ‘circular:::MlewrappednormalRad’
     See the note in ?`:::` about the use of this operator.
Flavors: r-devel-linux-x86_64-debian-gcc, r-devel-linux-x86_64-fedora-clang, r-devel-linux-x86_64-fedora-gcc, r-devel-osx-x86_64-clang, r-devel-windows-ix86+x86_64, r-patched-linux-x86_64, r-patched-solaris-sparc, r-patched-solaris-x86, r-release-linux-x86_64, r-release-osx-x86_64-mavericks, r-release-windows-ix86+x86_64, r-oldrel-windows-ix86+x86_64