CRAN Package Check Results for Package wle

Last updated on 2017-03-25 15:48:19.

Flavor Version Tinstall Tcheck Ttotal Status Flags
r-devel-linux-x86_64-debian-clang 0.9-91 9.80 54.25 64.05 NOTE
r-devel-linux-x86_64-debian-gcc 0.9-91 9.28 54.65 63.93 NOTE
r-devel-linux-x86_64-fedora-clang 0.9-91 122.66 NOTE --no-stop-on-test-error
r-devel-linux-x86_64-fedora-gcc 0.9-91 118.60 NOTE --no-stop-on-test-error
r-devel-macos-x86_64-clang 0.9-91 87.48 NOTE --no-stop-on-test-error
r-devel-windows-ix86+x86_64 0.9-91 70.00 174.00 244.00 NOTE
r-patched-linux-x86_64 0.9-91 9.38 53.49 62.88 NOTE
r-patched-solaris-sparc 0.9-91 848.20 NOTE
r-patched-solaris-x86 0.9-91 144.70 NOTE
r-release-linux-x86_64 0.9-91 9.37 50.30 59.67 NOTE
r-release-osx-x86_64-mavericks 0.9-91 NOTE
r-release-windows-ix86+x86_64 0.9-91 79.00 143.00 222.00 NOTE
r-oldrel-windows-ix86+x86_64 0.9-91 64.00 134.00 198.00 NOTE

Memtest notes: valgrind

Check Details

Version: 0.9-91
Check: dependencies in R code
Result: NOTE
    Unexported objects imported by ':::' calls:
     ‘circular:::DensityCircularRad’ ‘circular:::DvonmisesRad’
     ‘circular:::DwrappednormalRad’ ‘circular:::MlevonmisesRad’
     ‘circular:::MlewrappednormalRad’
     See the note in ?`:::` about the use of this operator.
Flavors: r-devel-linux-x86_64-debian-clang, r-devel-linux-x86_64-debian-gcc, r-devel-windows-ix86+x86_64, r-patched-linux-x86_64, r-patched-solaris-sparc, r-patched-solaris-x86, r-release-linux-x86_64, r-release-osx-x86_64-mavericks, r-release-windows-ix86+x86_64, r-oldrel-windows-ix86+x86_64

Version: 0.9-91
Check: compiled code
Result: NOTE
    File ‘wle/libs/wle.so’:
     Found no calls to: ‘R_registerRoutines’, ‘R_useDynamicSymbols’
    
    It is good practice to register native routines and to disable symbol
    search.
    
    See ‘Writing portable packages’ in the ‘Writing R Extensions’ manual.
Flavors: r-devel-linux-x86_64-debian-clang, r-devel-linux-x86_64-debian-gcc, r-patched-linux-x86_64

Version: 0.9-91
Flags: --no-stop-on-test-error
Check: dependencies in R code
Result: NOTE
    Unexported objects imported by ':::' calls:
     ‘circular:::DensityCircularRad’ ‘circular:::DvonmisesRad’
     ‘circular:::DwrappednormalRad’ ‘circular:::MlevonmisesRad’
     ‘circular:::MlewrappednormalRad’
     See the note in ?`:::` about the use of this operator.
Flavors: r-devel-linux-x86_64-fedora-clang, r-devel-linux-x86_64-fedora-gcc, r-devel-macos-x86_64-clang

Version: 0.9-91
Flags: --no-stop-on-test-error
Check: compiled code
Result: NOTE
    File ‘wle/libs/wle.so’:
     Found no calls to: ‘R_registerRoutines’, ‘R_useDynamicSymbols’
    
    It is good practice to register native routines and to disable symbol
    search.
    
    See ‘Writing portable packages’ in the ‘Writing R Extensions’ manual.
Flavors: r-devel-linux-x86_64-fedora-clang, r-devel-linux-x86_64-fedora-gcc, r-devel-macos-x86_64-clang