CRAN Package Check Results for Package wle

Last updated on 2014-12-17 21:47:06.

Flavor Version Tinstall Tcheck Ttotal Status Flags
r-devel-linux-x86_64-debian-clang 0.9-9 8.74 53.79 62.53 OK
r-devel-linux-x86_64-debian-gcc 0.9-9 8.65 51.69 60.34 WARN
r-devel-linux-x86_64-fedora-clang 0.9-9 112.52 OK
r-devel-linux-x86_64-fedora-gcc 0.9-9 101.96 WARN
r-devel-osx-x86_64-clang 0.9-9 105.51 OK
r-devel-windows-ix86+x86_64 0.9-9 57.00 102.00 159.00 OK
r-patched-linux-x86_64 0.9-9 8.93 54.08 63.01 WARN
r-patched-solaris-sparc 0.9-9 813.70 OK
r-patched-solaris-x86 0.9-9 145.40 OK
r-release-linux-ix86 0.9-9 13.58 74.99 88.57 WARN
r-release-linux-x86_64 0.9-9 8.84 58.29 67.12 WARN
r-release-osx-x86_64-mavericks 0.9-9 OK
r-release-osx-x86_64-snowleopard 0.9-9 OK
r-release-windows-ix86+x86_64 0.9-9 58.00 111.00 169.00 OK
r-oldrel-windows-ix86+x86_64 0.9-9 55.00 102.00 157.00 OK

Memtest notes: valgrind

Check Details

Version: 0.9-9
Check: whether package can be installed
Result: WARN
    Found the following significant warnings:
     dbetawrapper.c:6:2: warning: ISO C does not allow extra ‘;’ outside of a function [-Wpedantic]
Flavors: r-devel-linux-x86_64-debian-gcc, r-devel-linux-x86_64-fedora-gcc, r-patched-linux-x86_64, r-release-linux-ix86, r-release-linux-x86_64