CRAN Package Check Results for Package wle

Last updated on 2017-07-20 23:51:48.

Flavor Version Tinstall Tcheck Ttotal Status Flags
r-devel-linux-x86_64-debian-clang 0.9-91 9.82 66.83 76.65 NOTE
r-devel-linux-x86_64-debian-gcc 0.9-91 10.07 66.22 76.29 NOTE
r-devel-linux-x86_64-fedora-clang 0.9-91 125.65 NOTE
r-devel-linux-x86_64-fedora-gcc 0.9-91 123.66 NOTE
r-devel-windows-ix86+x86_64 0.9-91 96.00 127.00 223.00 OK
r-patched-linux-x86_64 0.9-91 9.68 67.03 76.71 NOTE
r-patched-solaris-x86 0.9-91 138.10 OK
r-release-linux-x86_64 0.9-91 9.74 67.95 77.68 NOTE
r-release-windows-ix86+x86_64 0.9-91 66.00 149.00 215.00 OK
r-release-osx-x86_64 0.9-91 NOTE
r-oldrel-windows-ix86+x86_64 0.9-91 80.00 132.00 212.00 OK
r-oldrel-osx-x86_64 0.9-91 NOTE

Additional issues

valgrind

Check Details

Version: 0.9-91
Check: compiled code
Result: NOTE
    File ‘wle/libs/wle.so’:
     Found no calls to: ‘R_registerRoutines’, ‘R_useDynamicSymbols’
    
    It is good practice to register native routines and to disable symbol
    search.
    
    See ‘Writing portable packages’ in the ‘Writing R Extensions’ manual.
Flavors: r-devel-linux-x86_64-debian-clang, r-devel-linux-x86_64-debian-gcc, r-devel-linux-x86_64-fedora-clang, r-devel-linux-x86_64-fedora-gcc, r-patched-linux-x86_64, r-release-linux-x86_64

Version: 0.9-91
Check: dependencies in R code
Result: NOTE
    Unexported objects imported by ':::' calls:
     ‘circular:::DensityCircularRad’ ‘circular:::DvonmisesRad’
     ‘circular:::DwrappednormalRad’ ‘circular:::MlevonmisesRad’
     ‘circular:::MlewrappednormalRad’
     See the note in ?`:::` about the use of this operator.
Flavors: r-release-osx-x86_64, r-oldrel-osx-x86_64