CRAN Package Check Results for Package wle

Last updated on 2017-05-30 08:49:02.

Flavor Version Tinstall Tcheck Ttotal Status Flags
r-devel-linux-x86_64-debian-clang 0.9-91 9.93 56.36 66.29 NOTE
r-devel-linux-x86_64-debian-gcc 0.9-91 9.48 55.44 64.93 NOTE
r-devel-linux-x86_64-fedora-clang 0.9-91 127.26 NOTE
r-devel-linux-x86_64-fedora-gcc 0.9-91 119.37 NOTE
r-devel-windows-ix86+x86_64 0.9-91 69.00 162.00 231.00 NOTE
r-patched-linux-x86_64 0.9-91 9.22 53.98 63.20 NOTE
r-patched-solaris-sparc 0.9-91 848.20 NOTE
r-patched-solaris-x86 0.9-91 132.20 NOTE
r-release-linux-x86_64 0.9-91 9.68 54.12 63.79 NOTE
r-release-windows-ix86+x86_64 0.9-91 77.00 125.00 202.00 NOTE
r-release-osx-x86_64 0.9-91 NOTE
r-oldrel-windows-ix86+x86_64 0.9-91 60.00 103.00 163.00 NOTE
r-oldrel-osx-x86_64 0.9-91 NOTE

Additional issues

valgrind

Check Details

Version: 0.9-91
Check: dependencies in R code
Result: NOTE
    Unexported objects imported by ':::' calls:
     ‘circular:::DensityCircularRad’ ‘circular:::DvonmisesRad’
     ‘circular:::DwrappednormalRad’ ‘circular:::MlevonmisesRad’
     ‘circular:::MlewrappednormalRad’
     See the note in ?`:::` about the use of this operator.
Flavors: r-devel-linux-x86_64-debian-clang, r-devel-linux-x86_64-debian-gcc, r-devel-linux-x86_64-fedora-clang, r-devel-linux-x86_64-fedora-gcc, r-devel-windows-ix86+x86_64, r-patched-linux-x86_64, r-patched-solaris-sparc, r-patched-solaris-x86, r-release-linux-x86_64, r-release-windows-ix86+x86_64, r-release-osx-x86_64, r-oldrel-windows-ix86+x86_64, r-oldrel-osx-x86_64

Version: 0.9-91
Check: compiled code
Result: NOTE
    File ‘wle/libs/wle.so’:
     Found no calls to: ‘R_registerRoutines’, ‘R_useDynamicSymbols’
    
    It is good practice to register native routines and to disable symbol
    search.
    
    See ‘Writing portable packages’ in the ‘Writing R Extensions’ manual.
Flavors: r-devel-linux-x86_64-debian-clang, r-devel-linux-x86_64-debian-gcc, r-devel-linux-x86_64-fedora-clang, r-devel-linux-x86_64-fedora-gcc, r-patched-linux-x86_64, r-release-linux-x86_64