CRAN Package Check Results for Package wle

Last updated on 2015-05-30 08:49:01.

Flavor Version Tinstall Tcheck Ttotal Status Flags
r-devel-linux-x86_64-debian-clang 0.9-9 8.72 49.97 58.69 OK
r-devel-linux-x86_64-debian-gcc 0.9-9 8.69 49.24 57.92 WARN
r-devel-linux-x86_64-fedora-clang 0.9-9 102.01 OK
r-devel-linux-x86_64-fedora-gcc 0.9-9 96.66 WARN
r-devel-osx-x86_64-clang 0.9-9 89.80 OK
r-devel-windows-ix86+x86_64 0.9-9 55.00 99.00 154.00 OK
r-patched-linux-x86_64 0.9-9 8.55 48.91 57.46 WARN
r-patched-solaris-sparc 0.9-9 799.60 OK
r-patched-solaris-x86 0.9-9 137.10 OK
r-release-linux-x86_64 0.9-9 8.42 50.16 58.58 WARN
r-release-osx-x86_64-mavericks 0.9-9 OK
r-release-osx-x86_64-snowleopard 0.9-9 OK
r-release-windows-ix86+x86_64 0.9-9 53.00 98.00 151.00 OK
r-oldrel-windows-ix86+x86_64 0.9-9 55.00 145.00 200.00 OK

Memtest notes: valgrind

Check Details

Version: 0.9-9
Check: whether package can be installed
Result: WARN
    Found the following significant warnings:
     dbetawrapper.c:6:2: warning: ISO C does not allow extra ‘;’ outside of a function [-Wpedantic]
Flavors: r-devel-linux-x86_64-debian-gcc, r-devel-linux-x86_64-fedora-gcc, r-patched-linux-x86_64, r-release-linux-x86_64