CRAN Package Check Results for Package wle

Last updated on 2016-05-27 23:47:33.

Flavor Version Tinstall Tcheck Ttotal Status Flags
r-devel-linux-x86_64-debian-gcc 0.9-91 9.59 50.82 60.41 NOTE
r-devel-linux-x86_64-fedora-clang 0.9-91 98.45 NOTE
r-devel-linux-x86_64-fedora-gcc 0.9-91 91.61 NOTE
r-devel-osx-x86_64-clang 0.9-91 111.53 NOTE
r-devel-windows-ix86+x86_64 0.9-91 41.00 111.00 152.00 NOTE
r-patched-linux-x86_64 0.9-91 8.95 49.42 58.37 NOTE
r-patched-solaris-sparc 0.9-91 776.40 NOTE
r-patched-solaris-x86 0.9-91 132.40 NOTE
r-release-linux-x86_64 0.9-91 8.97 49.19 58.16 NOTE
r-release-osx-x86_64-mavericks 0.9-91 NOTE
r-release-windows-ix86+x86_64 0.9-91 50.00 111.00 161.00 NOTE

Memtest notes: valgrind

Check Details

Version: 0.9-91
Check: dependencies in R code
Result: NOTE
    Unexported objects imported by ':::' calls:
     ‘circular:::DensityCircularRad’ ‘circular:::DvonmisesRad’
     ‘circular:::DwrappednormalRad’ ‘circular:::MlevonmisesRad’
     ‘circular:::MlewrappednormalRad’
     See the note in ?`:::` about the use of this operator.
Flavors: r-devel-linux-x86_64-debian-gcc, r-devel-linux-x86_64-fedora-clang, r-devel-linux-x86_64-fedora-gcc, r-devel-osx-x86_64-clang, r-devel-windows-ix86+x86_64, r-patched-linux-x86_64, r-patched-solaris-sparc, r-patched-solaris-x86, r-release-linux-x86_64, r-release-osx-x86_64-mavericks, r-release-windows-ix86+x86_64, r-oldrel-windows-ix86+x86_64