CRAN Package Check Results for Package wmlf

Last updated on 2020-02-20 15:48:46 CET.

Flavor Version Tinstall Tcheck Ttotal Status Flags
r-devel-linux-x86_64-debian-clang 0.1.2 2.94 32.58 35.52 NOTE
r-devel-linux-x86_64-debian-gcc 0.1.2 2.25 25.71 27.96 NOTE
r-devel-linux-x86_64-fedora-clang 0.1.2 43.60 WARN
r-devel-linux-x86_64-fedora-gcc 0.1.2 42.38 NOTE
r-devel-windows-ix86+x86_64 0.1.2 6.00 46.00 52.00 NOTE
r-devel-windows-ix86+x86_64-gcc8 0.1.2 9.00 41.00 50.00 NOTE
r-patched-linux-x86_64 0.1.2 2.36 29.69 32.05 NOTE
r-patched-solaris-x86 0.1.2 65.50 NOTE
r-release-linux-x86_64 0.1.2 2.27 30.13 32.40 NOTE
r-release-windows-ix86+x86_64 0.1.2 5.00 43.00 48.00 NOTE
r-release-osx-x86_64 0.1.2 NOTE
r-oldrel-windows-ix86+x86_64 0.1.2 3.00 38.00 41.00 NOTE
r-oldrel-osx-x86_64 0.1.2 NOTE

Check Details

Version: 0.1.2
Check: R code for possible problems
Result: NOTE
    fit,Leader: no visible global function definition for 'lm'
    plotfit,Leader: no visible global function definition for 'par'
    plotfit,Leader: no visible global function definition for 'plot'
    Undefined global functions or variables:
     lm par plot
    Consider adding
     importFrom("graphics", "par", "plot")
     importFrom("stats", "lm")
    to your NAMESPACE file.
Flavors: r-devel-linux-x86_64-debian-clang, r-devel-linux-x86_64-debian-gcc, r-devel-linux-x86_64-fedora-clang, r-devel-linux-x86_64-fedora-gcc, r-devel-windows-ix86+x86_64, r-devel-windows-ix86+x86_64-gcc8, r-patched-linux-x86_64, r-patched-solaris-x86, r-release-linux-x86_64, r-release-windows-ix86+x86_64, r-release-osx-x86_64, r-oldrel-windows-ix86+x86_64, r-oldrel-osx-x86_64

Version: 0.1.2
Check: package dependencies
Result: WARN
    Requires orphaned package: ‘waveslim’
Flavor: r-devel-linux-x86_64-fedora-clang