CRAN Package Check Results for Package wmtsa

Last updated on 2015-01-31 05:49:01.

Flavor Version Tinstall Tcheck Ttotal Status Flags
r-devel-linux-x86_64-debian-clang 2.0-0 1.89 35.68 37.57 OK
r-devel-linux-x86_64-debian-gcc 2.0-0 2.47 34.28 36.75 OK
r-devel-linux-x86_64-fedora-clang 2.0-0 84.74 OK
r-devel-linux-x86_64-fedora-gcc 2.0-0 80.28 OK
r-devel-osx-x86_64-clang 2.0-0 86.68 OK
r-devel-windows-ix86+x86_64 2.0-0 9.00 53.00 62.00 OK
r-patched-linux-x86_64 2.0-0 2.58 41.97 44.55 OK
r-patched-solaris-sparc 2.0-0 532.60 OK
r-patched-solaris-x86 2.0-0 106.00 OK
r-release-linux-ix86 2.0-0 2.84 51.78 54.62 OK
r-release-linux-x86_64 2.0-0 2.54 41.91 44.46 OK
r-release-osx-x86_64-mavericks 2.0-0 OK
r-release-osx-x86_64-snowleopard 2.0-0 ERROR
r-release-windows-ix86+x86_64 2.0-0 8.00 61.00 69.00 OK
r-oldrel-windows-ix86+x86_64 2.0-0 9.00 69.00 78.00 OK

Check Details

Version: 2.0-0
Check: whether package can be installed
Result: ERROR
    Installation failed.
Flavor: r-release-osx-x86_64-snowleopard