CRAN Package Check Results for Package wmtsa

Last updated on 2014-08-23 13:48:11.

Flavor Version Tinstall Tcheck Ttotal Status Flags
r-devel-linux-x86_64-debian-clang 2.0-0 2.74 40.56 43.30 OK
r-devel-linux-x86_64-debian-gcc 2.0-0 3.02 39.89 42.92 OK
r-devel-linux-x86_64-fedora-clang 2.0-0 89.27 OK
r-devel-linux-x86_64-fedora-gcc 2.0-0 82.74 OK
r-devel-osx-x86_64-clang 2.0-0 80.64 OK
r-devel-windows-ix86+x86_64 2.0-0 7.00 63.00 70.00 OK
r-patched-linux-x86_64 2.0-0 2.49 39.38 41.86 OK
r-patched-solaris-sparc 2.0-0 529.10 OK
r-patched-solaris-x86 2.0-0 103.50 OK
r-release-linux-ix86 2.0-0 3.02 50.52 53.55 OK
r-release-linux-x86_64 2.0-0 2.46 40.86 43.32 OK
r-release-osx-x86_64-mavericks 2.0-0 OK
r-release-osx-x86_64-snowleopard 2.0-0 ERROR
r-release-windows-ix86+x86_64 2.0-0 7.00 61.00 68.00 OK
r-oldrel-windows-ix86+x86_64 2.0-0 8.00 58.00 66.00 OK

Check Details

Version: 2.0-0
Check: whether package can be installed
Result: ERROR
    Installation failed.
Flavor: r-release-osx-x86_64-snowleopard