CRAN Package Check Results for Package wmtsa

Last updated on 2014-07-24 01:48:04.

Flavor Version Tinstall Tcheck Ttotal Status Flags
r-devel-linux-x86_64-debian-clang 2.0-0 3.50 40.83 44.33 OK
r-devel-linux-x86_64-debian-gcc 2.0-0 2.43 40.05 42.48 OK
r-devel-linux-x86_64-fedora-clang 2.0-0 90.79 OK
r-devel-linux-x86_64-fedora-gcc 2.0-0 85.39 OK
r-devel-osx-x86_64-clang 2.0-0 84.16 OK
r-devel-windows-ix86+x86_64 2.0-0 7.00 58.00 65.00 OK
r-patched-linux-x86_64 2.0-0 2.61 40.56 43.17 OK
r-patched-solaris-sparc 2.0-0 524.00 OK
r-patched-solaris-x86 2.0-0 104.90 OK
r-release-linux-ix86 2.0-0 3.00 54.57 57.57 OK
r-release-linux-x86_64 2.0-0 2.47 42.22 44.69 OK
r-release-osx-x86_64-mavericks 2.0-0 OK
r-release-osx-x86_64-snowleopard 2.0-0 ERROR
r-release-windows-ix86+x86_64 2.0-0 6.00 65.00 71.00 OK
r-oldrel-windows-ix86+x86_64 2.0-0 6.00 59.00 65.00 OK

Check Details

Version: 2.0-0
Check: whether package can be installed
Result: ERROR
    Installation failed.
    See ‘/Volumes/XT3/Builds/R-dev-web/QA/Simon/packages/snowleopard-x86_64/results/3.1/wmtsa.Rcheck/00install.out’ for details.
Flavor: r-release-osx-x86_64-snowleopard