CRAN Package Check Results for Package wmtsa

Last updated on 2014-12-22 12:50:01.

Flavor Version Tinstall Tcheck Ttotal Status Flags
r-devel-linux-x86_64-debian-clang 2.0-0 2.39 42.56 44.96 OK
r-devel-linux-x86_64-debian-gcc 2.0-0 2.40 41.68 44.08 OK
r-devel-linux-x86_64-fedora-clang 2.0-0 90.19 OK
r-devel-linux-x86_64-fedora-gcc 2.0-0 81.78 OK
r-devel-osx-x86_64-clang 2.0-0 88.00 OK
r-devel-windows-ix86+x86_64 2.0-0 8.00 59.00 67.00 OK
r-patched-linux-x86_64 2.0-0 2.43 41.32 43.74 OK
r-patched-solaris-sparc 2.0-0 532.90 OK
r-patched-solaris-x86 2.0-0 107.40 OK
r-release-linux-ix86 2.0-0 2.82 49.86 52.67 OK
r-release-linux-x86_64 2.0-0 2.41 41.76 44.17 OK
r-release-osx-x86_64-mavericks 2.0-0 OK
r-release-osx-x86_64-snowleopard 2.0-0 ERROR
r-release-windows-ix86+x86_64 2.0-0 8.00 64.00 72.00 OK
r-oldrel-windows-ix86+x86_64 2.0-0 9.00 63.00 72.00 OK

Check Details

Version: 2.0-0
Check: whether package can be installed
Result: ERROR
    Installation failed.
Flavor: r-release-osx-x86_64-snowleopard