CRAN Package Check Results for Package wmtsa

Last updated on 2014-09-16 03:48:59.

Flavor Version Tinstall Tcheck Ttotal Status Flags
r-devel-linux-x86_64-debian-clang 2.0-0 2.46 39.79 42.25 OK
r-devel-linux-x86_64-debian-gcc 2.0-0 2.46 40.48 42.94 OK
r-devel-linux-x86_64-fedora-clang 2.0-0 87.24 OK
r-devel-linux-x86_64-fedora-gcc 2.0-0 83.34 OK
r-devel-osx-x86_64-clang 2.0-0 78.93 OK
r-devel-windows-ix86+x86_64 2.0-0 8.00 57.00 65.00 OK
r-patched-linux-x86_64 2.0-0 2.42 40.62 43.05 OK
r-patched-solaris-sparc 2.0-0 529.10 OK
r-patched-solaris-x86 2.0-0 105.60 OK
r-release-linux-ix86 2.0-0 3.16 50.82 53.98 OK
r-release-linux-x86_64 2.0-0 2.43 41.46 43.89 OK
r-release-osx-x86_64-mavericks 2.0-0 OK
r-release-osx-x86_64-snowleopard 2.0-0 ERROR
r-release-windows-ix86+x86_64 2.0-0 7.00 58.00 65.00 OK
r-oldrel-windows-ix86+x86_64 2.0-0 7.00 62.00 69.00 OK

Check Details

Version: 2.0-0
Check: whether package can be installed
Result: ERROR
    Installation failed.
Flavor: r-release-osx-x86_64-snowleopard