CRAN Package Check Results for Package wmtsa

Last updated on 2015-04-18 11:25:48.

Flavor Version Tinstall Tcheck Ttotal Status Flags
r-devel-linux-x86_64-debian-clang 2.0-0 2.00 35.57 37.56 OK
r-devel-linux-x86_64-debian-gcc 2.0-0 2.12 34.53 36.65 OK
r-devel-linux-x86_64-fedora-clang 2.0-0 73.05 OK
r-devel-linux-x86_64-fedora-gcc 2.0-0 69.50 OK
r-devel-osx-x86_64-clang 2.0-0 73.01 OK
r-patched-linux-x86_64 2.0-0 1.95 38.64 40.59 OK
r-patched-solaris-sparc 2.0-0 459.10 OK
r-patched-solaris-x86 2.0-0 90.60 OK
r-release-linux-x86_64 2.0-0 1.90 31.27 33.16 OK
r-release-osx-x86_64-mavericks 2.0-0 OK
r-release-osx-x86_64-snowleopard 2.0-0 ERROR
r-release-windows-ix86+x86_64 2.0-0 8.00 80.00 88.00 OK
r-oldrel-windows-ix86+x86_64 2.0-0 8.00 80.00 88.00 OK

Check Details

Version: 2.0-0
Check: whether package can be installed
Result: ERROR
    Installation failed.
Flavor: r-release-osx-x86_64-snowleopard