CRAN Package Check Results for Package wmtsa

Last updated on 2015-08-31 21:47:14.

Flavor Version Tinstall Tcheck Ttotal Status Flags
r-devel-linux-x86_64-debian-clang 2.0-0 1.92 33.89 35.82 NOTE
r-devel-linux-x86_64-debian-gcc 2.0-0 1.68 34.23 35.90 NOTE
r-devel-linux-x86_64-fedora-clang 2.0-0 68.71 NOTE
r-devel-linux-x86_64-fedora-gcc 2.0-0 64.39 NOTE
r-devel-osx-x86_64-clang 2.0-0 62.01 OK
r-devel-windows-ix86+x86_64 2.0-0 9.00 76.00 85.00 NOTE
r-patched-linux-x86_64 2.0-0 1.95 34.51 36.46 OK
r-patched-solaris-sparc 2.0-0 470.60 OK
r-patched-solaris-x86 2.0-0 93.50 OK
r-release-linux-x86_64 2.0-0 1.84 35.91 37.74 OK
r-release-osx-x86_64-mavericks 2.0-0 OK
r-release-windows-ix86+x86_64 2.0-0 10.00 61.00 71.00 OK
r-oldrel-windows-ix86+x86_64 2.0-0 13.00 73.00 86.00 OK

Check Details

Version: 2.0-0
Check: R code for possible problems
Result: NOTE
    D.table : D.table.make : D.MonteCarlo : <anonymous>: no visible global
     function definition for ‘rnorm’
    D.table : D.table.make : D.InclanTiao : <anonymous>: no visible global
     function definition for ‘uniroot’
    boxplot.wavMRD: no visible global function definition for
     ‘boxplot.default’
    create.signalSeries: no visible global function definition for ‘is’
    create.signalSeries: no visible global function definition for ‘start’
    create.signalSeries: no visible global function definition for ‘deltat’
    create.signalSeries: no visible global function definition for ‘tsp’
    create.signalSeries: no visible global function definition for ‘approx’
    create.signalSeries: no visible global function definition for ‘ts’
    eda.plot.wavFDP : edatitle: no visible global function definition for
     ‘title’
    eda.plot.wavFDP: no visible global function definition for ‘par’
    eda.plot.wavFDP: no visible global function definition for ‘hist’
    eda.plot.wavFDP: no visible global function definition for ‘box’
    eda.plot.wavFDP: no visible global function definition for ‘segments’
    eda.plot.wavFDP: no visible global function definition for ‘qqnorm’
    eda.plot.wavFDP: no visible global function definition for ‘qqline’
    eda.plot.wavMRD: no visible global function definition for ‘par’
    eda.plot.wavTransform: no visible global function definition for ‘par’
    eda.plot.wavTransform: no visible global function definition for
     ‘title’
    holderSpectrum: no visible global function definition for ‘is’
    holderSpectrum: no visible global function definition for ‘lm’
    holderSpectrum: no visible global function definition for ‘coef’
    make.signal: no visible global function definition for ‘dnorm’
    make.signal: no visible global function definition for ‘rnorm’
    make.signal: no visible global function definition for ‘var’
    plot.wavBoundary: no visible global function definition for ‘par’
    plot.wavBoundary: no visible global function definition for ‘axis’
    plot.wavBoundary: no visible global function definition for ‘segments’
    plot.wavBoundary: no visible global function definition for ‘lines’
    plot.wavBoundary: no visible global function definition for ‘mtext’
    plot.wavBoundary: no visible global function definition for ‘abline’
    plot.wavCWT: no visible global function definition for ‘frame’
    plot.wavCWT: no visible global function definition for ‘par’
    plot.wavCWT: no visible global function definition for ‘is’
    plot.wavCWT: no visible global function definition for ‘image’
    plot.wavCWT: no visible global function definition for ‘lines’
    plot.wavCWT: no visible global function definition for ‘persp’
    plot.wavCWTTree: no visible global function definition for ‘frame’
    plot.wavCWTTree: no visible global function definition for ‘par’
    plot.wavCWTTree: no visible global function definition for ‘abline’
    plot.wavCWTTree: no visible global function definition for ‘legend’
    plot.wavCWTTree: no visible global function definition for ‘mtext’
    plot.wavCWTTree: no visible global function definition for ‘points’
    plot.wavCWTTree: no visible global function definition for ‘lines’
    plot.wavCWTTree: no visible global function definition for ‘text’
    plot.wavDaubechies : taps: no visible global function definition for
     ‘segments’
    plot.wavDaubechies : taps: no visible global function definition for
     ‘abline’
    plot.wavDaubechies: no visible global function definition for ‘par’
    plot.wavDaubechies: no visible global function definition for ‘title’
    plot.wavDaubechies: no visible global function definition for ‘fft’
    plot.wavFDP: no visible global function definition for ‘par’
    plot.wavFDP : patchLimits: no visible global function definition for
     ‘polygon’
    plot.wavFDP: no visible global function definition for ‘lines’
    plot.wavFDP: no visible global function definition for ‘points’
    plot.wavFDP: no visible global function definition for ‘legend’
    plot.wavFDP: no visible global function definition for ‘title’
    plot.wavGain : plot.wavelet.response: no visible global function
     definition for ‘title’
    plot.wavGain : plot.wavelet.response: no visible global function
     definition for ‘text’
    plot.wavGain : plot.wavelet.response: no visible global function
     definition for ‘points’
    plot.wavGain : plot.wavelet.response: no visible global function
     definition for ‘abline’
    plot.wavGain: no visible global function definition for ‘hasArg’
    plot.wavGain: no visible global function definition for ‘is’
    plot.wavGain: no visible global function definition for ‘title’
    plot.wavGain: no visible global function definition for ‘par’
    plot.wavMRD: no visible global function definition for ‘par’
    plot.wavMRD: no visible global function definition for ‘lines’
    plot.wavMRD: no visible global function definition for ‘text’
    plot.wavMRD: no visible global function definition for ‘axis’
    plot.wavTransform : energy.plot: no visible global function definition
     for ‘barplot’
    plot.wavTransform : energy.plot: no visible global function definition
     for ‘title’
    plot.wavTransform : energy.plot: no visible global function definition
     for ‘pie’
    plot.wavTransform : packet.plot: no visible global function definition
     for ‘frame’
    plot.wavTransform : packet.plot: no visible global function definition
     for ‘par’
    plot.wavTransform : packet.plot: no visible global function definition
     for ‘lines’
    plot.wavTransform : packet.plot: no visible global function definition
     for ‘text’
    plot.wavTransform : packet.plot: no visible global function definition
     for ‘segments’
    plot.wavVar: no visible global function definition for ‘par’
    plot.wavVar: no visible global function definition for ‘arrows’
    plot.wavVar: no visible global function definition for ‘points’
    plot.wavVar: no visible global function definition for ‘mtext’
    plot.wavVar: no visible global function definition for ‘grid’
    plot.wavVarTest: no visible global function definition for ‘points’
    plot.wavVarTest: no visible global function definition for ‘par’
    plot.wavVarTest: no visible global function definition for ‘title’
    print.wavCWT: no visible global function definition for ‘is’
    print.wavCWTTree: no visible global function definition for ‘is’
    summary.wavCWTTree : <anonymous>: no visible global function definition
     for ‘sd’
    summary.wavCWTTree : <anonymous>: no visible global function definition
     for ‘var’
    summary.wavCWTTree : <anonymous>: no visible global function definition
     for ‘mad’
    summary.wavMRD: no visible global function definition for ‘mad’
    summary.wavTransform : <anonymous>: no visible global function
     definition for ‘var’
    summary.wavTransform : <anonymous>: no visible global function
     definition for ‘mad’
    wavBootstrap: no visible global function definition for ‘is’
    wavBoundary: no visible global function definition for ‘is’
    wavCWT: no visible global function definition for ‘deltat’
    wavCWT: no visible global function definition for ‘as’
    wavCWT: no visible global function definition for ‘time’
    wavCWTPeaks: no visible global function definition for ‘is’
    wavCWTPeaks: no visible binding for global variable ‘sd’
    wavCWTPeaks : <anonymous>: no visible global function definition for
     ‘mad’
    wavCWTTree : WTMM: no visible global function definition for ‘is’
    wavCWTTree : WTMM: no visible global function definition for ‘mad’
    wavDWPT: no visible global function definition for ‘is’
    wavDWPTWhitest: no visible global function definition for ‘is’
    wavDWT: no visible global function definition for ‘is’
    wavEDOF: no visible global function definition for ‘is’
    wavFDP: no visible global function definition for ‘is’
    wavFDPBand : <anonymous>: no visible global function definition for
     ‘integrate’
    wavFDPSDF: no visible global function definition for ‘approx’
    wavGain: no visible global function definition for ‘fft’
    wavMODWPT: no visible global function definition for ‘is’
    wavMODWPT: no visible global function definition for ‘as’
    wavMODWT: no visible global function definition for ‘is’
    wavMRD: no visible global function definition for ‘is’
    wavPacketBasis: no visible global function definition for ‘is’
    wavShift: no visible global function definition for ‘is’
    wavStackPlot.default: no visible global function definition for ‘time’
    wavStackPlot.default: no visible global function definition for ‘axis’
    wavStackPlot.default: no visible global function definition for
     ‘segments’
    wavStackPlot.default: no visible global function definition for ‘lines’
    wavStackPlot.default: no visible global function definition for
     ‘abline’
    wavStackPlot.wavTransform: no visible global function definition for
     ‘frame’
    wavStackPlot.wavTransform: no visible global function definition for
     ‘par’
    wavStackPlot.wavTransform: no visible global function definition for
     ‘as’
    wavStackPlot.wavTransform: no visible global function definition for
     ‘title’
    wavStackPlot.wavTransform: no visible global function definition for
     ‘mtext’
    wavTransform: no visible global function definition for ‘is’
    wavVar: no visible global function definition for ‘deltat’
    wavVarTest : D.wavebound: no visible global function definition for
     ‘is’
    wavVarTest: no visible global function definition for ‘is’
    Undefined global functions or variables:
     abline approx arrows as axis barplot box boxplot.default coef deltat
     dnorm fft frame grid hasArg hist image integrate is legend lines lm
     mad mtext par persp pie points polygon qqline qqnorm rnorm sd
     segments start text time title ts tsp uniroot var
    Consider adding
     importFrom("graphics", "abline", "arrows", "axis", "barplot", "box",
     "boxplot.default", "frame", "grid", "hist", "image",
     "legend", "lines", "mtext", "par", "persp", "pie", "points",
     "polygon", "segments", "text", "title")
     importFrom("methods", "as", "hasArg", "is")
     importFrom("stats", "approx", "coef", "deltat", "dnorm", "fft",
     "integrate", "lm", "mad", "qqline", "qqnorm", "rnorm", "sd",
     "start", "time", "ts", "tsp", "uniroot", "var")
    to your NAMESPACE (and ensure that your DESCRIPTION Imports field
    contains 'methods').
Flavors: r-devel-linux-x86_64-debian-clang, r-devel-linux-x86_64-debian-gcc, r-devel-linux-x86_64-fedora-clang, r-devel-linux-x86_64-fedora-gcc, r-devel-windows-ix86+x86_64