CRAN Package Check Results for Package wmtsa

Last updated on 2015-03-01 12:47:54.

Flavor Version Tinstall Tcheck Ttotal Status Flags
r-devel-linux-x86_64-debian-clang 2.0-0 1.89 35.08 36.97 OK
r-devel-linux-x86_64-debian-gcc 2.0-0 1.78 35.24 37.03 OK
r-devel-linux-x86_64-fedora-clang 2.0-0 73.35 OK
r-devel-linux-x86_64-fedora-gcc 2.0-0 68.55 OK
r-devel-osx-x86_64-clang 2.0-0 78.45 OK
r-devel-windows-ix86+x86_64 2.0-0 9.00 55.00 64.00 OK
r-patched-linux-x86_64 2.0-0 2.47 42.15 44.62 OK
r-patched-solaris-sparc 2.0-0 532.60 OK
r-patched-solaris-x86 2.0-0 106.40 OK
r-release-linux-ix86 2.0-0 3.18 56.65 59.83 OK
r-release-linux-x86_64 2.0-0 3.52 42.50 46.02 OK
r-release-osx-x86_64-mavericks 2.0-0 OK
r-release-osx-x86_64-snowleopard 2.0-0 ERROR
r-release-windows-ix86+x86_64 2.0-0 8.00 65.00 73.00 OK
r-oldrel-windows-ix86+x86_64 2.0-0 9.00 68.00 77.00 OK

Check Details

Version: 2.0-0
Check: whether package can be installed
Result: ERROR
    Installation failed.
Flavor: r-release-osx-x86_64-snowleopard