CRAN Package Check Results for Package wmtsa

Last updated on 2014-04-25 05:47:28.

Flavor Version Tinstall Tcheck Ttotal Status Flags
r-devel-linux-x86_64-debian-clang 2.0-0 2.60 42.57 45.16 OK
r-devel-linux-x86_64-debian-gcc 2.0-0 2.54 42.06 44.61 OK
r-devel-linux-x86_64-fedora-clang 2.0-0 90.22 OK
r-devel-linux-x86_64-fedora-gcc 2.0-0 86.43 OK
r-devel-osx-x86_64-clang 2.0-0 84.68 OK
r-devel-osx-x86_64-gcc 2.0-0 OK
r-devel-windows-ix86+x86_64 2.0-0 6.00 61.00 67.00 OK
r-patched-linux-x86_64 2.0-0 2.55 41.86 44.41 OK
r-patched-solaris-sparc 2.0-0 524.00 OK
r-patched-solaris-x86 2.0-0 104.30 OK
r-release-linux-ix86 2.0-0 4.00 67.00 71.00 OK
r-release-linux-x86_64 2.0-0 2.50 42.28 44.78 OK
r-release-osx-x86_64-mavericks 2.0-0 WARN
r-release-osx-x86_64-snowleopard 2.0-0 ERROR
r-release-windows-ix86+x86_64 2.0-0 8.00 56.00 64.00 OK
r-oldrel-windows-ix86+x86_64 2.0-0 7.00 57.00 64.00 OK

Check Details

Version: 2.0-0
Check: PDF version of manual
Result: WARNING
    LaTeX errors when creating PDF version.
    This typically indicates Rd problems.
    LaTeX errors found:
    ! LaTeX Error: File `upquote.sty' not found.
    
    Type X to quit or <RETURN> to proceed,
    or enter new name. (Default extension: sty)
    
    042fad8/Rd2.tex:8: ==> Fatal error occurred, no output PDF file produced!
Flavor: r-release-osx-x86_64-mavericks

Version: 2.0-0
Check: whether package can be installed
Result: ERROR
    Installation failed.
    See ‘/Volumes/XT3/Builds/R-dev-web/QA/Simon/packages/snowleopard-x86_64/results/3.1/wmtsa.Rcheck/00install.out’ for details.
Flavor: r-release-osx-x86_64-snowleopard