CRAN Package Check Results for Package wmtsa

Last updated on 2014-11-26 05:48:02.

Flavor Version Tinstall Tcheck Ttotal Status Flags
r-devel-linux-x86_64-debian-clang 2.0-0 2.36 41.18 43.55 OK
r-devel-linux-x86_64-debian-gcc 2.0-0 2.30 41.67 43.98 OK
r-devel-linux-x86_64-fedora-clang 2.0-0 89.42 OK
r-devel-linux-x86_64-fedora-gcc 2.0-0 81.83 OK
r-devel-osx-x86_64-clang 2.0-0 86.20 OK
r-devel-windows-ix86+x86_64 2.0-0 7.00 59.00 66.00 OK
r-patched-linux-x86_64 2.0-0 2.42 41.94 44.35 OK
r-patched-solaris-sparc 2.0-0 529.10 OK
r-patched-solaris-x86 2.0-0 107.60 OK
r-release-linux-ix86 2.0-0 2.77 49.76 52.53 OK
r-release-linux-x86_64 2.0-0 2.60 41.52 44.12 OK
r-release-osx-x86_64-mavericks 2.0-0 OK
r-release-osx-x86_64-snowleopard 2.0-0 ERROR
r-release-windows-ix86+x86_64 2.0-0 7.00 60.00 67.00 OK
r-oldrel-windows-ix86+x86_64 2.0-0 7.00 60.00 67.00 OK

Check Details

Version: 2.0-0
Check: whether package can be installed
Result: ERROR
    Installation failed.
Flavor: r-release-osx-x86_64-snowleopard