CRAN Package Check Results for Package wmwpow

Last updated on 2019-07-22 13:47:10 CEST.

Flavor Version Tinstall Tcheck Ttotal Status Flags
r-devel-linux-x86_64-debian-clang 0.1.2 2.65 37.04 39.69 OK
r-devel-linux-x86_64-debian-gcc 0.1.2 1.99 29.10 31.09 OK
r-devel-linux-x86_64-fedora-clang 0.1.2 47.41 NOTE
r-devel-linux-x86_64-fedora-gcc 0.1.2 47.57 NOTE
r-devel-windows-ix86+x86_64 0.1.2 7.00 62.00 69.00 OK
r-patched-linux-x86_64 0.1.2 2.65 36.36 39.01 OK
r-patched-solaris-x86 0.1.2 69.90 NOTE
r-release-linux-x86_64 0.1.2 2.06 36.80 38.86 OK
r-release-windows-ix86+x86_64 0.1.2 6.00 50.00 56.00 OK
r-release-osx-x86_64 0.1.2 NOTE
r-oldrel-windows-ix86+x86_64 0.1.2 6.00 49.00 55.00 OK
r-oldrel-osx-x86_64 0.1.2 NOTE

Check Details

Version: 0.1.2
Check: dependencies in R code
Result: NOTE
    Namespace in Imports field not imported from: ‘MASS’
     All declared Imports should be used.
Flavors: r-devel-linux-x86_64-fedora-clang, r-devel-linux-x86_64-fedora-gcc, r-patched-solaris-x86, r-release-osx-x86_64, r-oldrel-osx-x86_64