CRAN Package Check Results for Package wmwpow

Last updated on 2019-04-25 15:54:23 CEST.

Flavor Version Tinstall Tcheck Ttotal Status Flags
r-devel-linux-x86_64-debian-clang 0.1.2 2.37 36.75 39.12 OK
r-devel-linux-x86_64-debian-gcc 0.1.2 1.93 28.88 30.81 OK
r-devel-linux-x86_64-fedora-clang 0.1.2 47.41 NOTE
r-devel-linux-x86_64-fedora-gcc 0.1.2 44.68 NOTE
r-devel-windows-ix86+x86_64 0.1.2 8.00 73.00 81.00 OK
r-patched-linux-x86_64 0.1.2 2.48 36.62 39.10 OK
r-patched-solaris-x86 0.1.2 69.10 NOTE
r-release-linux-x86_64 0.1.2 1.57 35.00 36.57 OK
r-release-windows-ix86+x86_64 0.1.2 3.00 69.00 72.00 OK
r-release-osx-x86_64 0.1.2 NOTE
r-oldrel-windows-ix86+x86_64 0.1.2 3.00 66.00 69.00 OK
r-oldrel-osx-x86_64 0.1.2 NOTE

Check Details

Version: 0.1.2
Check: dependencies in R code
Result: NOTE
    Namespace in Imports field not imported from: ‘MASS’
     All declared Imports should be used.
Flavors: r-devel-linux-x86_64-fedora-clang, r-devel-linux-x86_64-fedora-gcc, r-patched-solaris-x86, r-release-osx-x86_64, r-oldrel-osx-x86_64