CRAN Package Check Results for Package wnominate

Last updated on 2014-09-18 21:47:00.

Flavor Version Tinstall Tcheck Ttotal Status Flags
r-devel-linux-x86_64-debian-clang 0.98 5.14 29.07 34.20 NOTE
r-devel-linux-x86_64-debian-gcc 0.98 5.02 27.98 33.00 NOTE
r-devel-linux-x86_64-fedora-clang 0.98 64.06 NOTE
r-devel-linux-x86_64-fedora-gcc 0.98 61.46 NOTE
r-devel-osx-x86_64-clang 0.98 66.20 NOTE
r-devel-windows-ix86+x86_64 0.98 16.00 93.00 109.00 NOTE
r-patched-linux-x86_64 0.98 5.11 28.88 33.99 NOTE
r-patched-solaris-sparc 0.98 366.10 NOTE
r-patched-solaris-x86 0.98 79.80 NOTE
r-release-linux-ix86 0.98 7.34 40.93 48.28 NOTE
r-release-linux-x86_64 0.98 5.12 29.40 34.52 NOTE
r-release-osx-x86_64-mavericks 0.98 WARN
r-release-osx-x86_64-snowleopard 0.98 NOTE
r-release-windows-ix86+x86_64 0.98 17.00 90.00 107.00 NOTE
r-oldrel-windows-ix86+x86_64 0.98 19.00 169.00 188.00 NOTE

Memtest notes: valgrind

Check Details

Version: 0.98
Check: top-level files
Result: NOTE
    Non-standard files/directories found at top level:
     ‘HISTORY’ ‘test’
Flavors: r-devel-linux-x86_64-debian-clang, r-devel-linux-x86_64-debian-gcc, r-devel-linux-x86_64-fedora-clang, r-devel-linux-x86_64-fedora-gcc, r-patched-linux-x86_64, r-release-linux-x86_64

Version: 0.98
Check: R code for possible problems
Result: NOTE
    NB: .First.lib is obsolete and will not be used in R >= 3.0.0
Flavors: r-devel-linux-x86_64-debian-clang, r-devel-linux-x86_64-debian-gcc, r-devel-linux-x86_64-fedora-clang, r-devel-linux-x86_64-fedora-gcc, r-devel-osx-x86_64-clang, r-devel-windows-ix86+x86_64, r-patched-linux-x86_64, r-patched-solaris-sparc, r-patched-solaris-x86, r-release-linux-ix86, r-release-linux-x86_64, r-release-osx-x86_64-mavericks, r-release-osx-x86_64-snowleopard, r-release-windows-ix86+x86_64, r-oldrel-windows-ix86+x86_64

Version: 0.98
Check: for old-style vignette sources
Result: NOTE
    Vignette sources only in ‘inst/doc’:
     ‘wnominate.Rnw’
    A ‘vignettes’ directory is required as from R 3.1.0
    and these will not be indexed nor checked
Flavors: r-devel-linux-x86_64-debian-clang, r-devel-linux-x86_64-debian-gcc, r-devel-linux-x86_64-fedora-clang, r-devel-linux-x86_64-fedora-gcc, r-devel-osx-x86_64-clang, r-devel-windows-ix86+x86_64, r-patched-linux-x86_64, r-patched-solaris-sparc, r-patched-solaris-x86, r-release-linux-ix86, r-release-linux-x86_64, r-release-osx-x86_64-mavericks, r-release-osx-x86_64-snowleopard, r-release-windows-ix86+x86_64

Version: 0.98
Check: whether package can be installed
Result: WARN
    Found the following significant warnings:
     Warning: Possible change of value in conversion from REAL(4) to INTEGER(4) at (1)
     Warning: Possible change of value in conversion from REAL(4) to INTEGER(4) at (1)
     Warning: Possible change of value in conversion from REAL(4) to INTEGER(4) at (1)
     Warning: Possible change of value in conversion from REAL(4) to INTEGER(4) at (1)
     Warning: Possible change of value in conversion from REAL(4) to INTEGER(4) at (1)
Flavor: r-release-osx-x86_64-mavericks

Version: 0.98
Check: for old-style vignette sources
Result: NOTE
    Vignette sources only in 'inst/doc':
     'wnominate.Rnw'
    A 'vignettes' directory will be required as from R 3.1.0
Flavor: r-oldrel-windows-ix86+x86_64