CRAN Package Check Results for Package wnominate

Last updated on 2015-05-24 17:47:43.

Flavor Version Tinstall Tcheck Ttotal Status Flags
r-devel-linux-x86_64-debian-clang 0.99 5.32 112.31 117.63 NOTE
r-devel-linux-x86_64-debian-gcc 0.99 4.96 114.14 119.11 NOTE
r-devel-linux-x86_64-fedora-clang 0.99 199.96 NOTE
r-devel-linux-x86_64-fedora-gcc 0.99 197.06 NOTE
r-devel-osx-x86_64-clang 0.99 232.69 NOTE
r-devel-windows-ix86+x86_64 0.99 17.00 302.00 319.00 NOTE
r-patched-linux-x86_64 0.99 5.10 112.56 117.66 NOTE
r-patched-solaris-sparc 0.99 795.00 NOTE
r-patched-solaris-x86 0.99 163.60 NOTE
r-release-linux-x86_64 0.99 5.05 116.02 121.07 NOTE
r-release-osx-x86_64-mavericks 0.99 WARN
r-release-osx-x86_64-snowleopard 0.99 NOTE
r-release-windows-ix86+x86_64 0.99 16.00 301.00 317.00 NOTE
r-oldrel-windows-ix86+x86_64 0.99 19.00 383.00 402.00 OK

Check Details

Version: 0.99
Check: DESCRIPTION meta-information
Result: NOTE
    Malformed Title field: should not end in a period.
Flavors: r-devel-linux-x86_64-debian-clang, r-devel-linux-x86_64-debian-gcc, r-devel-linux-x86_64-fedora-clang, r-devel-linux-x86_64-fedora-gcc, r-devel-osx-x86_64-clang, r-devel-windows-ix86+x86_64, r-patched-linux-x86_64, r-patched-solaris-sparc, r-patched-solaris-x86, r-release-linux-x86_64, r-release-osx-x86_64-mavericks, r-release-osx-x86_64-snowleopard, r-release-windows-ix86+x86_64

Version: 0.99
Check: S3 generic/method consistency
Result: NOTE
    Found the following apparent S3 methods exported but not registered:
     plot.angles plot.coords plot.cutlines plot.scree
    See section ‘Registering S3 methods’ in the ‘Writing R Extensions’
    manual.
Flavors: r-devel-linux-x86_64-debian-clang, r-devel-linux-x86_64-debian-gcc, r-devel-linux-x86_64-fedora-clang, r-devel-linux-x86_64-fedora-gcc, r-devel-osx-x86_64-clang, r-patched-linux-x86_64, r-patched-solaris-sparc, r-patched-solaris-x86, r-release-linux-x86_64

Version: 0.99
Check: whether package can be installed
Result: WARN
    Found the following significant warnings:
     Warning: Possible change of value in conversion from REAL(4) to INTEGER(4) at (1)
Flavor: r-release-osx-x86_64-mavericks