CRAN Package Check Results for Package wnominate

Last updated on 2015-01-30 23:49:01.

Flavor Version Tinstall Tcheck Ttotal Status Flags
r-devel-linux-x86_64-debian-clang 0.99 5.19 114.90 120.10 NOTE
r-devel-linux-x86_64-debian-gcc 0.99 4.98 117.86 122.84 NOTE
r-devel-linux-x86_64-fedora-clang 0.99 205.51 NOTE
r-devel-linux-x86_64-fedora-gcc 0.99 194.98 NOTE
r-devel-osx-x86_64-clang 0.99 243.32 NOTE
r-devel-windows-ix86+x86_64 0.99 23.00 294.00 317.00 OK
r-patched-linux-x86_64 0.99 5.21 111.92 117.12 OK
r-patched-solaris-sparc 0.99 794.90 OK
r-patched-solaris-x86 0.99 169.60 OK
r-release-linux-ix86 0.99 7.10 156.56 163.66 OK
r-release-linux-x86_64 0.99 5.13 115.42 120.55 OK
r-release-osx-x86_64-mavericks 0.99 WARN
r-release-osx-x86_64-snowleopard 0.99 OK
r-release-windows-ix86+x86_64 0.99 17.00 331.00 348.00 OK
r-oldrel-windows-ix86+x86_64 0.99 17.00 481.00 498.00 OK

Check Details

Version: 0.99
Check: S3 generic/method consistency
Result: NOTE
    Found the following apparent S3 methods exported but not registered:
     plot.angles plot.coords plot.cutlines plot.scree
    See section ‘Registering S3 methods’ in the ‘Writing R Extensions’
    manual.
Flavors: r-devel-linux-x86_64-debian-clang, r-devel-linux-x86_64-debian-gcc, r-devel-linux-x86_64-fedora-clang, r-devel-linux-x86_64-fedora-gcc, r-devel-osx-x86_64-clang

Version: 0.99
Check: whether package can be installed
Result: WARN
    Found the following significant warnings:
     Warning: Possible change of value in conversion from REAL(4) to INTEGER(4) at (1)
Flavor: r-release-osx-x86_64-mavericks