CRAN Package Check Results for Package wnominate

Last updated on 2016-09-27 03:51:11.

Flavor Version Tinstall Tcheck Ttotal Status Flags
r-devel-linux-x86_64-debian-clang 1.2 5.26 47.55 52.80 OK
r-devel-linux-x86_64-debian-gcc 1.2 5.52 47.99 53.51 OK
r-devel-linux-x86_64-fedora-clang 1.2 81.24 OK
r-devel-linux-x86_64-fedora-gcc 1.2 87.96 OK
r-devel-macos-x86_64-clang 1.2 96.93 OK
r-devel-windows-ix86+x86_64 1.2 32.00 126.00 158.00 OK
r-patched-linux-x86_64 1.2 5.08 47.88 52.96 OK
r-patched-solaris-sparc 1.2 371.90 OK
r-patched-solaris-x86 1.2 91.10 OK
r-release-linux-x86_64 1.2 5.31 47.37 52.68 OK
r-release-osx-x86_64-mavericks 1.2 WARN
r-release-windows-ix86+x86_64 1.2 24.00 128.00 152.00 OK
r-oldrel-windows-ix86+x86_64 1.2 32.00 188.00 220.00 OK

Check Details

Version: 1.2
Check: whether package can be installed
Result: WARN
    Found the following significant warnings:
     Warning: Possible change of value in conversion from REAL(4) to INTEGER(4) at (1)
Flavor: r-release-osx-x86_64-mavericks