CRAN Package Check Results for Package wnominate

Last updated on 2015-04-01 23:49:30.

Flavor Version Tinstall Tcheck Ttotal Status Flags
r-devel-linux-x86_64-debian-clang 0.99 4.99 114.35 119.34 NOTE
r-devel-linux-x86_64-debian-gcc 0.99 5.04 127.95 132.99 NOTE
r-devel-linux-x86_64-fedora-clang 0.99 197.52 NOTE
r-devel-linux-x86_64-fedora-gcc 0.99 197.22 NOTE
r-devel-osx-x86_64-clang 0.99 237.59 NOTE
r-prerel-windows-ix86+x86_64 0.99 22.00 292.00 314.00 NOTE
r-prerel-linux-x86_64 0.99 5.12 110.55 115.67 NOTE
r-prerel-solaris-sparc 0.99 752.70 NOTE
r-prerel-solaris-x86 0.99 162.00 NOTE
r-release-linux-x86_64 0.99 5.37 112.75 118.12 OK
r-release-osx-x86_64-mavericks 0.99 WARN
r-release-osx-x86_64-snowleopard 0.99 OK
r-release-windows-ix86+x86_64 0.99 20.00 304.00 324.00 OK
r-oldrel-windows-ix86+x86_64 0.99 19.00 372.00 391.00 OK

Check Details

Version: 0.99
Check: DESCRIPTION meta-information
Result: NOTE
    Malformed Title field: should not end in a period.
Flavors: r-devel-linux-x86_64-debian-clang, r-devel-linux-x86_64-debian-gcc, r-devel-linux-x86_64-fedora-clang, r-devel-linux-x86_64-fedora-gcc, r-devel-osx-x86_64-clang, r-prerel-windows-ix86+x86_64, r-prerel-linux-x86_64, r-prerel-solaris-sparc, r-prerel-solaris-x86

Version: 0.99
Check: S3 generic/method consistency
Result: NOTE
    Found the following apparent S3 methods exported but not registered:
     plot.angles plot.coords plot.cutlines plot.scree
    See section ‘Registering S3 methods’ in the ‘Writing R Extensions’
    manual.
Flavors: r-devel-linux-x86_64-debian-clang, r-devel-linux-x86_64-debian-gcc, r-devel-linux-x86_64-fedora-clang, r-devel-linux-x86_64-fedora-gcc, r-devel-osx-x86_64-clang, r-prerel-linux-x86_64

Version: 0.99
Check: whether package can be installed
Result: WARN
    Found the following significant warnings:
     Warning: Possible change of value in conversion from REAL(4) to INTEGER(4) at (1)
Flavor: r-release-osx-x86_64-mavericks