CRAN Package Check Results for Package wnominate

Last updated on 2024-04-14 15:50:32 CEST.

Flavor Version Tinstall Tcheck Ttotal Status Flags
r-devel-linux-x86_64-debian-clang 1.4 12.88 48.46 61.34 NOTE
r-devel-linux-x86_64-debian-gcc 1.4 7.18 52.19 59.37 NOTE
r-devel-linux-x86_64-fedora-clang 1.4 77.45 NOTE
r-devel-linux-x86_64-fedora-gcc 1.4 107.87 NOTE
r-devel-windows-x86_64 1.4 12.00 136.00 148.00 NOTE
r-patched-linux-x86_64 1.4 12.12 64.05 76.17 NOTE
r-release-linux-x86_64 1.4 11.12 71.59 82.71 OK
r-release-macos-arm64 1.4 79.00 OK
r-release-macos-x86_64 1.4 264.00 OK
r-release-windows-x86_64 1.4 11.00 129.00 140.00 OK
r-oldrel-macos-arm64 1.4 76.00 OK
r-oldrel-windows-x86_64 1.4 14.00 127.00 141.00 OK

Check Details

Version: 1.4
Check: Rd files
Result: NOTE checkRd: (-1) sen90.Rd:26: Lost braces in \itemize; \value handles \item{}{} directly checkRd: (-1) sen90.Rd:27: Lost braces in \itemize; \value handles \item{}{} directly checkRd: (-1) sen90.Rd:28: Lost braces in \itemize; \value handles \item{}{} directly checkRd: (-1) sen90.Rd:29: Lost braces in \itemize; \value handles \item{}{} directly checkRd: (-1) sen90.Rd:30: Lost braces in \itemize; \value handles \item{}{} directly checkRd: (-1) sen90.Rd:31: Lost braces in \itemize; \value handles \item{}{} directly checkRd: (-1) sen90.Rd:42: Lost braces in \itemize; \value handles \item{}{} directly checkRd: (-1) sen90.Rd:43: Lost braces in \itemize; \value handles \item{}{} directly checkRd: (-1) sen90.Rd:44: Lost braces in \itemize; \value handles \item{}{} directly checkRd: (-1) sen90.Rd:45: Lost braces in \itemize; \value handles \item{}{} directly checkRd: (-1) sen90.Rd:46: Lost braces in \itemize; \value handles \item{}{} directly checkRd: (-1) sen90.Rd:47: Lost braces in \itemize; \value handles \item{}{} directly checkRd: (-1) sen90wnom.Rd:27: Lost braces in \itemize; \value handles \item{}{} directly checkRd: (-1) sen90wnom.Rd:28: Lost braces in \itemize; \value handles \item{}{} directly checkRd: (-1) sen90wnom.Rd:29: Lost braces in \itemize; \value handles \item{}{} directly checkRd: (-1) sen90wnom.Rd:30: Lost braces in \itemize; \value handles \item{}{} directly checkRd: (-1) sen90wnom.Rd:31: Lost braces in \itemize; \value handles \item{}{} directly checkRd: (-1) sen90wnom.Rd:32: Lost braces in \itemize; \value handles \item{}{} directly checkRd: (-1) sen90wnom.Rd:33: Lost braces in \itemize; \value handles \item{}{} directly checkRd: (-1) sen90wnom.Rd:34: Lost braces in \itemize; \value handles \item{}{} directly checkRd: (-1) sen90wnom.Rd:35: Lost braces in \itemize; \value handles \item{}{} directly checkRd: (-1) sen90wnom.Rd:36: Lost braces in \itemize; \value handles \item{}{} directly checkRd: (-1) sen90wnom.Rd:37: Lost braces in \itemize; \value handles \item{}{} directly checkRd: (-1) sen90wnom.Rd:38: Lost braces in \itemize; \value handles \item{}{} directly checkRd: (-1) sen90wnom.Rd:39-40: Lost braces in \itemize; \value handles \item{}{} directly checkRd: (-1) sen90wnom.Rd:41-43: Lost braces in \itemize; \value handles \item{}{} directly checkRd: (-1) sen90wnom.Rd:44-45: Lost braces in \itemize; \value handles \item{}{} directly checkRd: (-1) sen90wnom.Rd:53: Lost braces in \itemize; \value handles \item{}{} directly checkRd: (-1) sen90wnom.Rd:54: Lost braces in \itemize; \value handles \item{}{} directly checkRd: (-1) sen90wnom.Rd:55: Lost braces in \itemize; \value handles \item{}{} directly checkRd: (-1) sen90wnom.Rd:56: Lost braces in \itemize; \value handles \item{}{} directly checkRd: (-1) sen90wnom.Rd:57: Lost braces in \itemize; \value handles \item{}{} directly checkRd: (-1) sen90wnom.Rd:58: Lost braces in \itemize; \value handles \item{}{} directly checkRd: (-1) sen90wnom.Rd:59-60: Lost braces in \itemize; \value handles \item{}{} directly checkRd: (-1) sen90wnom.Rd:61-62: Lost braces in \itemize; \value handles \item{}{} directly checkRd: (-1) wnominate.Rd:54: Lost braces in \itemize; \value handles \item{}{} directly checkRd: (-1) wnominate.Rd:55: Lost braces in \itemize; \value handles \item{}{} directly checkRd: (-1) wnominate.Rd:56: Lost braces in \itemize; \value handles \item{}{} directly checkRd: (-1) wnominate.Rd:57: Lost braces in \itemize; \value handles \item{}{} directly checkRd: (-1) wnominate.Rd:58: Lost braces in \itemize; \value handles \item{}{} directly checkRd: (-1) wnominate.Rd:59: Lost braces in \itemize; \value handles \item{}{} directly checkRd: (-1) wnominate.Rd:60: Lost braces in \itemize; \value handles \item{}{} directly checkRd: (-1) wnominate.Rd:61: Lost braces in \itemize; \value handles \item{}{} directly checkRd: (-1) wnominate.Rd:62: Lost braces in \itemize; \value handles \item{}{} directly checkRd: (-1) wnominate.Rd:63: Lost braces in \itemize; \value handles \item{}{} directly checkRd: (-1) wnominate.Rd:64: Lost braces in \itemize; \value handles \item{}{} directly checkRd: (-1) wnominate.Rd:65: Lost braces in \itemize; \value handles \item{}{} directly checkRd: (-1) wnominate.Rd:66-67: Lost braces in \itemize; \value handles \item{}{} directly checkRd: (-1) wnominate.Rd:68-70: Lost braces in \itemize; \value handles \item{}{} directly checkRd: (-1) wnominate.Rd:71-72: Lost braces in \itemize; \value handles \item{}{} directly checkRd: (-1) wnominate.Rd:80: Lost braces in \itemize; \value handles \item{}{} directly checkRd: (-1) wnominate.Rd:81: Lost braces in \itemize; \value handles \item{}{} directly checkRd: (-1) wnominate.Rd:82: Lost braces in \itemize; \value handles \item{}{} directly checkRd: (-1) wnominate.Rd:83: Lost braces in \itemize; \value handles \item{}{} directly checkRd: (-1) wnominate.Rd:84: Lost braces in \itemize; \value handles \item{}{} directly checkRd: (-1) wnominate.Rd:85: Lost braces in \itemize; \value handles \item{}{} directly checkRd: (-1) wnominate.Rd:86-87: Lost braces in \itemize; \value handles \item{}{} directly checkRd: (-1) wnominate.Rd:88-89: Lost braces in \itemize; \value handles \item{}{} directly Flavors: r-devel-linux-x86_64-debian-clang, r-devel-linux-x86_64-debian-gcc, r-devel-linux-x86_64-fedora-clang, r-devel-linux-x86_64-fedora-gcc, r-devel-windows-x86_64, r-patched-linux-x86_64