CRAN Package Check Results for Package wnominate

Last updated on 2014-07-26 16:48:46.

Flavor Version Tinstall Tcheck Ttotal Status Flags
r-devel-linux-x86_64-debian-clang 0.98 5.59 33.24 38.83 NOTE
r-devel-linux-x86_64-debian-gcc 0.98 5.56 32.74 38.31 NOTE
r-devel-linux-x86_64-fedora-clang 0.98 77.04 NOTE
r-devel-linux-x86_64-fedora-gcc 0.98 73.98 NOTE
r-devel-osx-x86_64-clang 0.98 78.95 NOTE
r-devel-windows-ix86+x86_64 0.98 18.00 105.00 123.00 NOTE
r-patched-linux-x86_64 0.98 5.48 33.40 38.88 NOTE
r-patched-solaris-sparc 0.98 378.60 NOTE
r-patched-solaris-x86 0.98 95.60 NOTE
r-release-linux-ix86 0.98 7.96 46.42 54.37 NOTE
r-release-linux-x86_64 0.98 5.80 33.99 39.79 NOTE
r-release-osx-x86_64-mavericks 0.98 WARN
r-release-osx-x86_64-snowleopard 0.98 NOTE
r-release-windows-ix86+x86_64 0.98 17.00 103.00 120.00 NOTE
r-oldrel-windows-ix86+x86_64 0.98 18.00 176.00 194.00 NOTE

Memtest notes: valgrind

Check Details

Version: 0.98
Check: R code for possible problems
Result: NOTE
    NB: .First.lib is obsolete and will not be used in R >= 3.0.0
Flavors: r-devel-linux-x86_64-debian-clang, r-devel-linux-x86_64-debian-gcc, r-devel-linux-x86_64-fedora-clang, r-devel-linux-x86_64-fedora-gcc, r-devel-osx-x86_64-clang, r-devel-windows-ix86+x86_64, r-patched-linux-x86_64, r-patched-solaris-sparc, r-patched-solaris-x86, r-release-linux-ix86, r-release-linux-x86_64, r-release-osx-x86_64-mavericks, r-release-osx-x86_64-snowleopard, r-release-windows-ix86+x86_64, r-oldrel-windows-ix86+x86_64

Version: 0.98
Check: for old-style vignette sources
Result: NOTE
    Vignette sources only in ‘inst/doc’:
     ‘wnominate.Rnw’
    A ‘vignettes’ directory is required as from R 3.1.0
    and these will not be indexed nor checked
Flavors: r-devel-linux-x86_64-debian-clang, r-devel-linux-x86_64-debian-gcc, r-devel-linux-x86_64-fedora-clang, r-devel-linux-x86_64-fedora-gcc, r-devel-osx-x86_64-clang, r-patched-linux-x86_64, r-patched-solaris-sparc, r-patched-solaris-x86, r-release-linux-ix86, r-release-linux-x86_64, r-release-osx-x86_64-mavericks, r-release-osx-x86_64-snowleopard

Version: 0.98
Check: top-level files
Result: NOTE
    Non-standard files/directories found at top level:
     ‘HISTORY’ ‘test’
Flavors: r-devel-linux-x86_64-fedora-clang, r-devel-linux-x86_64-fedora-gcc

Version: 0.98
Check: for old-style vignette sources
Result: NOTE
    Vignette sources only in 'inst/doc':
     'wnominate.Rnw'
    A 'vignettes' directory is required as from R 3.1.0
    and these will not be indexed nor checked
    * checking examples ...
Flavors: r-devel-windows-ix86+x86_64, r-release-windows-ix86+x86_64

Version: 0.98
Check: whether package can be installed
Result: WARNING
    Found the following significant warnings:
     Warning: Possible change of value in conversion from REAL(4) to INTEGER(4) at (1)
     Warning: Possible change of value in conversion from REAL(4) to INTEGER(4) at (1)
     Warning: Possible change of value in conversion from REAL(4) to INTEGER(4) at (1)
     Warning: Possible change of value in conversion from REAL(4) to INTEGER(4) at (1)
     Warning: Possible change of value in conversion from REAL(4) to INTEGER(4) at (1)
    See ‘/Builds/CRAN-QA-Simon/packages/mavericks-x86_64/results/3.1/wnominate.Rcheck/00install.out’ for details.
Flavor: r-release-osx-x86_64-mavericks

Version: 0.98
Check: for old-style vignette sources
Result: NOTE
    Vignette sources only in 'inst/doc':
     'wnominate.Rnw'
    A 'vignettes' directory will be required as from R 3.1.0
    * checking examples ...
Flavor: r-oldrel-windows-ix86+x86_64