CRAN Package Check Results for Package wnominate

Last updated on 2017-03-27 03:50:15.

Flavor Version Tinstall Tcheck Ttotal Status Flags
r-devel-linux-x86_64-debian-clang 1.2 5.56 54.01 59.56 NOTE
r-devel-linux-x86_64-debian-gcc 1.2 5.52 53.24 58.76 NOTE
r-devel-linux-x86_64-fedora-clang 1.2 100.80 NOTE --no-stop-on-test-error
r-devel-linux-x86_64-fedora-gcc 1.2 97.53 NOTE --no-stop-on-test-error
r-devel-macos-x86_64-clang 1.2 97.83 NOTE --no-stop-on-test-error
r-devel-windows-ix86+x86_64 1.2 24.00 135.00 159.00 OK
r-patched-linux-x86_64 1.2 5.43 53.57 59.00 NOTE
r-patched-solaris-sparc 1.2 372.90 OK
r-patched-solaris-x86 1.2 91.70 OK
r-release-linux-x86_64 1.2 5.05 47.99 53.04 OK
r-release-osx-x86_64-mavericks 1.2 WARN
r-release-windows-ix86+x86_64 1.2 30.00 107.00 137.00 OK
r-oldrel-windows-ix86+x86_64 1.2 18.00 153.00 171.00 OK

Check Details

Version: 1.2
Check: compiled code
Result: NOTE
    File ‘wnominate/libs/wnominate.so’:
     Found no calls to: ‘R_registerRoutines’, ‘R_useDynamicSymbols’
    
    It is good practice to register native routines and to disable symbol
    search.
    
    See ‘Writing portable packages’ in the ‘Writing R Extensions’ manual.
Flavors: r-devel-linux-x86_64-debian-clang, r-devel-linux-x86_64-debian-gcc, r-patched-linux-x86_64

Version: 1.2
Flags: --no-stop-on-test-error
Check: compiled code
Result: NOTE
    File ‘wnominate/libs/wnominate.so’:
     Found no calls to: ‘R_registerRoutines’, ‘R_useDynamicSymbols’
    
    It is good practice to register native routines and to disable symbol
    search.
    
    See ‘Writing portable packages’ in the ‘Writing R Extensions’ manual.
Flavors: r-devel-linux-x86_64-fedora-clang, r-devel-linux-x86_64-fedora-gcc, r-devel-macos-x86_64-clang

Version: 1.2
Check: whether package can be installed
Result: WARN
    Found the following significant warnings:
     Warning: Possible change of value in conversion from REAL(4) to INTEGER(4) at (1)
Flavor: r-release-osx-x86_64-mavericks