CRAN Package Check Results for Package wnominate

Last updated on 2015-07-31 06:47:21.

Flavor Version Tinstall Tcheck Ttotal Status Flags
r-devel-linux-x86_64-debian-clang 0.99 5.38 154.41 159.79 NOTE
r-devel-linux-x86_64-debian-gcc 0.99 7.78 116.39 124.17 NOTE
r-devel-linux-x86_64-fedora-clang 0.99 199.07 NOTE
r-devel-linux-x86_64-fedora-gcc 0.99 203.65 NOTE
r-devel-osx-x86_64-clang 0.99 226.24 NOTE
r-devel-windows-ix86+x86_64 0.99 24.00 294.00 318.00 NOTE
r-patched-linux-x86_64 0.99 5.36 116.07 121.43 NOTE
r-patched-solaris-sparc 0.99 785.70 NOTE
r-patched-solaris-x86 0.99 163.80 NOTE
r-release-linux-x86_64 0.99 5.30 111.96 117.26 NOTE
r-release-osx-x86_64-mavericks 0.99 WARN
r-release-windows-ix86+x86_64 0.99 22.00 296.00 318.00 NOTE
r-oldrel-windows-ix86+x86_64 0.99 26.00 311.00 337.00 OK

Check Details

Version: 0.99
Check: DESCRIPTION meta-information
Result: NOTE
    Malformed Title field: should not end in a period.
Flavors: r-devel-linux-x86_64-debian-clang, r-devel-linux-x86_64-debian-gcc, r-devel-linux-x86_64-fedora-clang, r-devel-linux-x86_64-fedora-gcc, r-devel-osx-x86_64-clang, r-devel-windows-ix86+x86_64, r-patched-linux-x86_64, r-patched-solaris-sparc, r-patched-solaris-x86, r-release-linux-x86_64, r-release-osx-x86_64-mavericks, r-release-windows-ix86+x86_64

Version: 0.99
Check: S3 generic/method consistency
Result: NOTE
    Found the following apparent S3 methods exported but not registered:
     plot.angles plot.coords plot.cutlines plot.scree
    See section ‘Registering S3 methods’ in the ‘Writing R Extensions’
    manual.
Flavors: r-devel-linux-x86_64-debian-clang, r-devel-linux-x86_64-debian-gcc, r-devel-linux-x86_64-fedora-clang, r-devel-linux-x86_64-fedora-gcc, r-devel-osx-x86_64-clang, r-patched-linux-x86_64, r-patched-solaris-sparc, r-patched-solaris-x86, r-release-linux-x86_64

Version: 0.99
Check: R code for possible problems
Result: NOTE
    add.cutline: no visible global function definition for ‘lines’
    generateTestData: no visible global function definition for ‘runif’
    generateTestData: no visible global function definition for ‘rnorm’
    plot.angles: no visible global function definition for ‘na.omit’
    plot.angles: no visible global function definition for ‘hist’
    plot.coords: no visible global function definition for ‘colors’
    plot.coords: no visible global function definition for ‘plot’
    plot.coords: no visible global function definition for ‘legend’
    plot.coords: no visible global function definition for ‘points’
    plot.coords: no visible global function definition for ‘symbols’
    plot.cutlines: no visible global function definition for ‘na.omit’
    plot.cutlines: no visible global function definition for ‘symbols’
    plot.nomObject: no visible global function definition for ‘par’
    plot.scree: no visible global function definition for ‘plot’
    qnprob: no visible binding for global variable ‘pnorm’
    qnprob: no visible binding for global variable ‘plogis’
    summary.nomObject: no visible global function definition for ‘na.omit’
    wnominate: no visible global function definition for ‘flush.console’
    Undefined global functions or variables:
     colors flush.console hist legend lines na.omit par plogis plot pnorm
     points rnorm runif symbols
    Consider adding
     importFrom("grDevices", "colors")
     importFrom("graphics", "hist", "legend", "lines", "par", "plot",
     "points", "symbols")
     importFrom("stats", "na.omit", "plogis", "pnorm", "rnorm", "runif")
     importFrom("utils", "flush.console")
    to your NAMESPACE.
Flavors: r-devel-linux-x86_64-debian-clang, r-devel-linux-x86_64-debian-gcc, r-devel-linux-x86_64-fedora-clang, r-devel-linux-x86_64-fedora-gcc, r-devel-windows-ix86+x86_64

Version: 0.99
Check: whether package can be installed
Result: WARN
    Found the following significant warnings:
     Warning: Possible change of value in conversion from REAL(4) to INTEGER(4) at (1)
Flavor: r-release-osx-x86_64-mavericks