CRAN Package Check Results for Package wnominate

Last updated on 2018-02-21 13:51:09 CET.

Flavor Version Tinstall Tcheck Ttotal Status Flags
r-devel-linux-x86_64-debian-clang 1.2.5 6.59 61.70 68.29 OK
r-devel-linux-x86_64-debian-gcc 1.2.5 4.38 51.02 55.40 OK
r-devel-linux-x86_64-fedora-clang 1.2.5 91.80 OK
r-devel-linux-x86_64-fedora-gcc 1.2.5 91.46 OK
r-devel-windows-ix86+x86_64 1.2.5 27.00 98.00 125.00 OK
r-patched-linux-x86_64 1.2.5 4.84 71.92 76.76 OK
r-patched-solaris-x86 1.2.5 95.40 OK
r-release-linux-x86_64 1.2.5 5.22 73.93 79.15 OK
r-release-windows-ix86+x86_64 1.2.5 32.00 118.00 150.00 OK
r-release-osx-x86_64 1.2.5 OK
r-oldrel-windows-ix86+x86_64 1.2.5 19.00 125.00 144.00 OK
r-oldrel-osx-x86_64 1.2 WARN

Check Details

Version: 1.2
Check: whether package can be installed
Result: WARN
    Found the following significant warnings:
     Warning: Possible change of value in conversion from REAL(4) to INTEGER(4) at (1)
Flavor: r-oldrel-osx-x86_64