CRAN Package Check Results for Package wnominate

Last updated on 2016-12-04 12:48:14.

Flavor Version Tinstall Tcheck Ttotal Status Flags
r-devel-linux-x86_64-debian-clang 1.2 5.53 49.88 55.42 OK
r-devel-linux-x86_64-debian-gcc 1.2 5.94 51.76 57.70 OK
r-devel-linux-x86_64-fedora-clang 1.2 100.20 OK --no-stop-on-test-error
r-devel-linux-x86_64-fedora-gcc 1.2 97.09 OK
r-devel-macos-x86_64-clang 1.2 101.97 OK
r-devel-windows-ix86+x86_64 1.2 26.00 101.00 127.00 OK
r-patched-linux-x86_64 1.2 5.16 48.66 53.81 OK
r-patched-solaris-sparc 1.2 371.90 OK
r-patched-solaris-x86 1.2 87.60 OK
r-release-linux-x86_64 1.2 5.10 48.25 53.34 OK
r-release-osx-x86_64-mavericks 1.2 WARN
r-release-windows-ix86+x86_64 1.2 26.00 97.00 123.00 OK
r-oldrel-windows-ix86+x86_64 1.2 18.00 164.00 182.00 OK

Check Details

Version: 1.2
Check: whether package can be installed
Result: WARN
    Found the following significant warnings:
     Warning: Possible change of value in conversion from REAL(4) to INTEGER(4) at (1)
Flavor: r-release-osx-x86_64-mavericks