CRAN Package Check Results for Package wnominate

Last updated on 2014-12-23 01:49:16.

Flavor Version Tinstall Tcheck Ttotal Status Flags
r-devel-linux-x86_64-debian-clang 0.99 5.32 115.33 120.65 OK
r-devel-linux-x86_64-debian-gcc 0.99 5.22 119.26 124.48 OK
r-devel-linux-x86_64-fedora-clang 0.99 210.07 OK
r-devel-linux-x86_64-fedora-gcc 0.99 213.54 OK
r-devel-osx-x86_64-clang 0.99 234.52 OK
r-devel-windows-ix86+x86_64 0.99 18.00 292.00 310.00 OK
r-patched-linux-x86_64 0.99 5.23 117.62 122.85 OK
r-patched-solaris-sparc 0.99 793.60 OK
r-patched-solaris-x86 0.99 173.40 OK
r-release-linux-ix86 0.99 7.10 148.61 155.71 OK
r-release-linux-x86_64 0.99 5.16 113.23 118.39 OK
r-release-osx-x86_64-mavericks 0.99 WARN
r-release-osx-x86_64-snowleopard 0.99 OK
r-release-windows-ix86+x86_64 0.99 17.00 288.00 305.00 OK
r-oldrel-windows-ix86+x86_64 0.99 16.00 357.00 373.00 OK

Check Details

Version: 0.99
Check: whether package can be installed
Result: WARN
    Found the following significant warnings:
     Warning: Possible change of value in conversion from REAL(4) to INTEGER(4) at (1)
Flavor: r-release-osx-x86_64-mavericks