CRAN Package Check Results for Package wnominate

Last updated on 2014-10-02 15:49:16.

Flavor Version Tinstall Tcheck Ttotal Status Flags
r-devel-linux-x86_64-debian-clang 0.99 5.28 112.74 118.02 OK
r-devel-linux-x86_64-debian-gcc 0.99 5.21 110.10 115.31 OK
r-devel-linux-x86_64-fedora-clang 0.99 205.95 OK
r-devel-linux-x86_64-fedora-gcc 0.99 200.46 OK
r-devel-osx-x86_64-clang 0.99 236.19 OK
r-devel-windows-ix86+x86_64 0.99 16.00 286.00 302.00 OK
r-patched-linux-x86_64 0.99 5.27 116.60 121.87 OK
r-patched-solaris-sparc 0.99 730.30 OK
r-patched-solaris-x86 0.99 171.60 OK
r-release-linux-ix86 0.99 7.69 161.75 169.44 OK
r-release-linux-x86_64 0.99 5.19 111.41 116.60 OK
r-release-osx-x86_64-mavericks 0.99 WARN
r-release-osx-x86_64-snowleopard 0.99 OK
r-release-windows-ix86+x86_64 0.99 16.00 289.00 305.00 OK
r-oldrel-windows-ix86+x86_64 0.99 17.00 371.00 388.00 OK

Check Details

Version: 0.99
Check: whether package can be installed
Result: WARN
    Found the following significant warnings:
     Warning: Possible change of value in conversion from REAL(4) to INTEGER(4) at (1)
Flavor: r-release-osx-x86_64-mavericks