CRAN Package Check Results for Package wnominate

Last updated on 2017-08-18 04:47:15.

Flavor Version Tinstall Tcheck Ttotal Status Flags
r-devel-linux-x86_64-debian-clang 1.2 4.45 48.91 53.36 NOTE
r-devel-linux-x86_64-debian-gcc 1.2 4.45 49.37 53.82 NOTE
r-devel-linux-x86_64-fedora-clang 1.2 100.22 NOTE
r-devel-linux-x86_64-fedora-gcc 1.2 96.77 NOTE
r-devel-windows-ix86+x86_64 1.2 23.00 109.00 132.00 OK
r-patched-linux-x86_64 1.2 4.48 55.07 59.56 NOTE
r-patched-solaris-x86 1.2 86.90 OK
r-release-linux-x86_64 1.2 4.47 51.28 55.75 NOTE
r-release-windows-ix86+x86_64 1.2 20.00 114.00 134.00 OK
r-release-osx-x86_64 1.2 OK
r-oldrel-windows-ix86+x86_64 1.2 19.00 127.00 146.00 OK
r-oldrel-osx-x86_64 1.2 WARN

Check Details

Version: 1.2
Check: compiled code
Result: NOTE
    File ‘wnominate/libs/wnominate.so’:
     Found no calls to: ‘R_registerRoutines’, ‘R_useDynamicSymbols’
    
    It is good practice to register native routines and to disable symbol
    search.
    
    See ‘Writing portable packages’ in the ‘Writing R Extensions’ manual.
Flavors: r-devel-linux-x86_64-debian-clang, r-devel-linux-x86_64-debian-gcc, r-devel-linux-x86_64-fedora-clang, r-devel-linux-x86_64-fedora-gcc, r-patched-linux-x86_64, r-release-linux-x86_64

Version: 1.2
Check: whether package can be installed
Result: WARN
    Found the following significant warnings:
     Warning: Possible change of value in conversion from REAL(4) to INTEGER(4) at (1)
Flavor: r-oldrel-osx-x86_64