CRAN Package Check Results for Package wnominate

Last updated on 2017-06-23 04:47:38.

Flavor Version Tinstall Tcheck Ttotal Status Flags
r-devel-linux-x86_64-debian-clang 1.2 5.66 53.18 58.84 NOTE
r-devel-linux-x86_64-debian-gcc 1.2 6.15 55.39 61.54 NOTE
r-devel-linux-x86_64-fedora-clang 1.2 101.93 NOTE
r-devel-linux-x86_64-fedora-gcc 1.2 97.40 NOTE
r-devel-windows-ix86+x86_64 1.2 34.00 139.00 173.00 OK
r-patched-linux-x86_64 1.2 5.42 50.29 55.71 NOTE
r-patched-solaris-sparc 1.2 372.90 OK
r-patched-solaris-x86 1.2 85.80 OK
r-release-linux-x86_64 1.2 5.48 53.18 58.66 NOTE
r-release-windows-ix86+x86_64 1.2 29.00 160.00 189.00 OK
r-release-osx-x86_64 1.2 OK
r-oldrel-windows-ix86+x86_64 1.2 28.00 108.00 136.00 OK
r-oldrel-osx-x86_64 1.2 WARN

Check Details

Version: 1.2
Check: compiled code
Result: NOTE
    File ‘wnominate/libs/wnominate.so’:
     Found no calls to: ‘R_registerRoutines’, ‘R_useDynamicSymbols’
    
    It is good practice to register native routines and to disable symbol
    search.
    
    See ‘Writing portable packages’ in the ‘Writing R Extensions’ manual.
Flavors: r-devel-linux-x86_64-debian-clang, r-devel-linux-x86_64-debian-gcc, r-devel-linux-x86_64-fedora-clang, r-devel-linux-x86_64-fedora-gcc, r-patched-linux-x86_64, r-release-linux-x86_64

Version: 1.2
Check: whether package can be installed
Result: WARN
    Found the following significant warnings:
     Warning: Possible change of value in conversion from REAL(4) to INTEGER(4) at (1)
Flavor: r-oldrel-osx-x86_64