CRAN Package Check Results for Package wnominate

Last updated on 2016-08-30 12:47:19.

Flavor Version Tinstall Tcheck Ttotal Status Flags
r-devel-linux-x86_64-debian-clang 1.2 5.33 50.76 56.10 OK
r-devel-linux-x86_64-debian-gcc 1.2 5.13 46.21 51.34 OK
r-devel-linux-x86_64-fedora-clang 1.2 90.83 OK
r-devel-linux-x86_64-fedora-gcc 1.2 68.08 OK
r-devel-osx-x86_64-clang 1.2 87.27 OK
r-devel-windows-ix86+x86_64 1.2 27.00 147.00 174.00 OK
r-patched-linux-x86_64 1.2 5.07 49.53 54.60 OK
r-patched-solaris-sparc 1.2 371.90 OK
r-patched-solaris-x86 1.2 88.80 OK
r-release-linux-x86_64 1.2 5.07 52.39 57.46 OK
r-release-osx-x86_64-mavericks 1.2 WARN
r-release-windows-ix86+x86_64 1.2 19.00 133.00 152.00 OK
r-oldrel-windows-ix86+x86_64 1.2 26.00 191.00 217.00 OK

Check Details

Version: 1.2
Check: whether package can be installed
Result: WARN
    Found the following significant warnings:
     Warning: Possible change of value in conversion from REAL(4) to INTEGER(4) at (1)
Flavor: r-release-osx-x86_64-mavericks