CRAN Package Check Results for Package wnominate

Last updated on 2015-03-03 14:47:41.

Flavor Version Tinstall Tcheck Ttotal Status Flags
r-devel-linux-x86_64-debian-clang 0.99 5.16 110.62 115.78 NOTE
r-devel-linux-x86_64-debian-gcc 0.99 5.25 112.50 117.75 NOTE
r-devel-linux-x86_64-fedora-clang 0.99 202.89 NOTE
r-devel-linux-x86_64-fedora-gcc 0.99 200.19 NOTE
r-devel-osx-x86_64-clang 0.99 240.91 NOTE
r-devel-windows-ix86+x86_64 0.99 27.00 344.00 371.00 NOTE
r-patched-linux-x86_64 0.99 5.26 111.02 116.28 OK
r-patched-solaris-sparc 0.99 809.60 OK
r-patched-solaris-x86 0.99 173.60 OK
r-release-linux-ix86 0.99 7.55 156.06 163.60 OK
r-release-linux-x86_64 0.99 5.31 112.30 117.61 OK
r-release-osx-x86_64-mavericks 0.99 WARN
r-release-osx-x86_64-snowleopard 0.99 OK
r-release-windows-ix86+x86_64 0.99 29.00 359.00 388.00 OK
r-oldrel-windows-ix86+x86_64 0.99 20.00 378.00 398.00 OK

Check Details

Version: 0.99
Check: DESCRIPTION meta-information
Result: NOTE
    Malformed Title field: should not end in a period.
Flavors: r-devel-linux-x86_64-debian-clang, r-devel-linux-x86_64-debian-gcc, r-devel-linux-x86_64-fedora-clang, r-devel-linux-x86_64-fedora-gcc, r-devel-osx-x86_64-clang, r-devel-windows-ix86+x86_64

Version: 0.99
Check: S3 generic/method consistency
Result: NOTE
    Found the following apparent S3 methods exported but not registered:
     plot.angles plot.coords plot.cutlines plot.scree
    See section ‘Registering S3 methods’ in the ‘Writing R Extensions’
    manual.
Flavors: r-devel-linux-x86_64-debian-clang, r-devel-linux-x86_64-debian-gcc, r-devel-linux-x86_64-fedora-clang, r-devel-linux-x86_64-fedora-gcc, r-devel-osx-x86_64-clang

Version: 0.99
Check: whether package can be installed
Result: WARN
    Found the following significant warnings:
     Warning: Possible change of value in conversion from REAL(4) to INTEGER(4) at (1)
Flavor: r-release-osx-x86_64-mavericks