CRAN Package Check Results for Package wnominate

Last updated on 2014-04-19 18:47:51.

Flavor Version Tinstall Tcheck Ttotal Status Flags
r-devel-linux-x86_64-debian-clang 0.98 5.76 34.75 40.51 NOTE
r-devel-linux-x86_64-debian-gcc 0.98 5.92 35.04 40.96 NOTE
r-devel-linux-x86_64-fedora-clang 0.98 78.04 NOTE
r-devel-linux-x86_64-fedora-gcc 0.98 74.74 NOTE
r-devel-macosx-x86_64-clang 0.98 81.14 NOTE
r-devel-macosx-x86_64-gcc 0.98 NOTE
r-devel-windows-ix86+x86_64 0.98 18.00 104.00 122.00 NOTE
r-patched-linux-x86_64 0.98 5.85 34.65 40.50 NOTE
r-patched-solaris-sparc 0.98 378.60 NOTE
r-patched-solaris-x86 0.98 98.70 NOTE
r-release-linux-ix86 NOTE
r-release-linux-x86_64 0.98 5.80 34.62 40.42 NOTE
r-release-macosx-x86_64 0.98 NOTE
r-release-windows-ix86+x86_64 0.98 24.00 104.00 128.00 NOTE
r-oldrel-windows-ix86+x86_64 0.98 18.00 179.00 197.00 NOTE

Memtest notes: valgrind

Check Details

Version: 0.98
Check: R code for possible problems
Result: NOTE
    NB: .First.lib is obsolete and will not be used in R >= 3.0.0
Flavors: r-devel-linux-x86_64-debian-clang, r-devel-linux-x86_64-debian-gcc, r-devel-linux-x86_64-fedora-clang, r-devel-linux-x86_64-fedora-gcc, r-devel-macosx-x86_64-clang, r-devel-macosx-x86_64-gcc, r-devel-windows-ix86+x86_64, r-patched-linux-x86_64, r-patched-solaris-sparc, r-patched-solaris-x86, r-release-linux-ix86, r-release-linux-x86_64, r-release-macosx-x86_64, r-release-windows-ix86+x86_64, r-oldrel-windows-ix86+x86_64

Version: 0.98
Check: for old-style vignette sources
Result: NOTE
    Vignette sources only in ‘inst/doc’:
     ‘wnominate.Rnw’
    A ‘vignettes’ directory is required as from R 3.1.0
    and these will not be indexed nor checked
Flavors: r-devel-linux-x86_64-debian-clang, r-devel-linux-x86_64-debian-gcc, r-devel-linux-x86_64-fedora-clang, r-devel-linux-x86_64-fedora-gcc, r-devel-macosx-x86_64-clang, r-devel-macosx-x86_64-gcc, r-patched-linux-x86_64, r-patched-solaris-sparc, r-patched-solaris-x86, r-release-linux-ix86, r-release-linux-x86_64, r-release-macosx-x86_64

Version: 0.98
Check: top-level files
Result: NOTE
    Non-standard files/directories found at top level:
     ‘HISTORY’ ‘test’
Flavors: r-devel-linux-x86_64-fedora-clang, r-devel-linux-x86_64-fedora-gcc

Version: 0.98
Check: for old-style vignette sources
Result: NOTE
    Vignette sources only in 'inst/doc':
     'wnominate.Rnw'
    A 'vignettes' directory is required as from R 3.1.0
    and these will not be indexed nor checked
    * checking examples ...
Flavors: r-devel-windows-ix86+x86_64, r-release-windows-ix86+x86_64

Version: 0.98
Check: for old-style vignette sources
Result: NOTE
    Vignette sources only in 'inst/doc':
     'wnominate.Rnw'
    A 'vignettes' directory will be required as from R 3.1.0
    * checking examples ...
Flavor: r-oldrel-windows-ix86+x86_64