CRAN Package Check Results for Package wnominate

Last updated on 2017-04-28 23:52:52.

Flavor Version Tinstall Tcheck Ttotal Status Flags
r-devel-linux-x86_64-debian-clang 1.2 5.53 52.55 58.08 NOTE
r-devel-linux-x86_64-debian-gcc 1.2 5.62 49.93 55.55 NOTE
r-devel-linux-x86_64-fedora-clang 1.2 96.19 NOTE --no-stop-on-test-error
r-devel-linux-x86_64-fedora-gcc 1.2 99.59 NOTE --no-stop-on-test-error
r-devel-windows-ix86+x86_64 1.2 23.00 133.00 156.00 OK
r-patched-linux-x86_64 1.2 5.60 48.54 54.14 NOTE
r-patched-solaris-sparc 1.2 372.90 OK
r-patched-solaris-x86 1.2 87.30 OK
r-release-linux-x86_64 1.2 5.41 50.07 55.48 NOTE
r-release-windows-ix86+x86_64 1.2 34.00 124.00 158.00 OK
r-release-osx-x86_64 1.2 OK
r-oldrel-windows-ix86+x86_64 1.2 28.00 108.00 136.00 OK
r-oldrel-osx-x86_64 1.2 WARN

Check Details

Version: 1.2
Check: compiled code
Result: NOTE
    File ‘wnominate/libs/wnominate.so’:
     Found no calls to: ‘R_registerRoutines’, ‘R_useDynamicSymbols’
    
    It is good practice to register native routines and to disable symbol
    search.
    
    See ‘Writing portable packages’ in the ‘Writing R Extensions’ manual.
Flavors: r-devel-linux-x86_64-debian-clang, r-devel-linux-x86_64-debian-gcc, r-patched-linux-x86_64, r-release-linux-x86_64

Version: 1.2
Flags: --no-stop-on-test-error
Check: compiled code
Result: NOTE
    File ‘wnominate/libs/wnominate.so’:
     Found no calls to: ‘R_registerRoutines’, ‘R_useDynamicSymbols’
    
    It is good practice to register native routines and to disable symbol
    search.
    
    See ‘Writing portable packages’ in the ‘Writing R Extensions’ manual.
Flavors: r-devel-linux-x86_64-fedora-clang, r-devel-linux-x86_64-fedora-gcc

Version: 1.2
Check: whether package can be installed
Result: WARN
    Found the following significant warnings:
     Warning: Possible change of value in conversion from REAL(4) to INTEGER(4) at (1)
Flavor: r-oldrel-osx-x86_64