CRAN Package Check Results for Package wnominate

Last updated on 2017-01-21 16:49:04.

Flavor Version Tinstall Tcheck Ttotal Status Flags
r-devel-linux-x86_64-debian-clang 1.2 5.48 53.89 59.37 OK
r-devel-linux-x86_64-debian-gcc 1.2 5.38 54.35 59.73 OK
r-devel-linux-x86_64-fedora-clang 1.2 98.09 OK --no-stop-on-test-error
r-devel-linux-x86_64-fedora-gcc 1.2 100.77 OK --no-stop-on-test-error
r-devel-macos-x86_64-clang 1.2 99.28 OK --no-stop-on-test-error
r-devel-windows-ix86+x86_64 1.2 30.00 132.00 162.00 OK
r-patched-linux-x86_64 1.2 5.13 51.09 56.22 OK
r-patched-solaris-sparc 1.2 387.00 OK
r-patched-solaris-x86 1.2 85.40 OK
r-release-linux-x86_64 1.2 5.01 49.82 54.84 OK
r-release-osx-x86_64-mavericks 1.2 WARN
r-release-windows-ix86+x86_64 1.2 37.00 176.00 213.00 OK
r-oldrel-windows-ix86+x86_64 1.2 26.00 257.00 283.00 OK

Check Details

Version: 1.2
Check: whether package can be installed
Result: WARN
    Found the following significant warnings:
     Warning: Possible change of value in conversion from REAL(4) to INTEGER(4) at (1)
Flavor: r-release-osx-x86_64-mavericks