CRAN Package Check Results for Package wnominate

Last updated on 2017-10-18 08:48:38.

Flavor Version Tinstall Tcheck Ttotal Status Flags
r-devel-linux-x86_64-debian-clang 1.2 4.24 53.70 57.94 NOTE
r-devel-linux-x86_64-debian-gcc 1.2 4.52 49.43 53.95 NOTE
r-devel-linux-x86_64-fedora-clang 1.2 96.36 NOTE
r-devel-linux-x86_64-fedora-gcc 1.2 99.16 NOTE
r-devel-windows-ix86+x86_64 1.2 36.00 133.00 169.00 OK
r-patched-linux-x86_64 1.2 4.13 49.77 53.90 NOTE
r-patched-solaris-x86 1.2 83.20 OK
r-release-linux-x86_64 1.2 5.11 50.70 55.81 NOTE
r-release-windows-ix86+x86_64 1.2 24.00 126.00 150.00 OK
r-release-osx-x86_64 1.2 OK
r-oldrel-windows-ix86+x86_64 1.2 22.00 123.00 145.00 OK
r-oldrel-osx-x86_64 1.2 WARN

Check Details

Version: 1.2
Check: compiled code
Result: NOTE
    File ‘wnominate/libs/wnominate.so’:
     Found no calls to: ‘R_registerRoutines’, ‘R_useDynamicSymbols’
    
    It is good practice to register native routines and to disable symbol
    search.
    
    See ‘Writing portable packages’ in the ‘Writing R Extensions’ manual.
Flavors: r-devel-linux-x86_64-debian-clang, r-devel-linux-x86_64-debian-gcc, r-devel-linux-x86_64-fedora-clang, r-devel-linux-x86_64-fedora-gcc, r-patched-linux-x86_64, r-release-linux-x86_64

Version: 1.2
Check: whether package can be installed
Result: WARN
    Found the following significant warnings:
     Warning: Possible change of value in conversion from REAL(4) to INTEGER(4) at (1)
Flavor: r-oldrel-osx-x86_64