CRAN Package Check Results for Package wnominate

Last updated on 2017-02-24 23:53:01.

Flavor Version Tinstall Tcheck Ttotal Status Flags
r-devel-linux-x86_64-debian-clang 1.2 5.49 53.68 59.17 NOTE
r-devel-linux-x86_64-debian-gcc 1.2 5.49 53.02 58.51 NOTE
r-devel-linux-x86_64-fedora-clang 1.2 102.94 NOTE --no-stop-on-test-error
r-devel-linux-x86_64-fedora-gcc 1.2 97.62 NOTE --no-stop-on-test-error
r-devel-macos-x86_64-clang 1.2 96.75 NOTE --no-stop-on-test-error
r-devel-windows-ix86+x86_64 1.2 44.00 136.00 180.00 OK
r-patched-linux-x86_64 1.2 5.00 50.22 55.22 OK
r-patched-solaris-sparc 1.2 387.00 OK
r-patched-solaris-x86 1.2 91.00 OK
r-release-linux-x86_64 1.2 5.17 50.06 55.24 OK
r-release-osx-x86_64-mavericks 1.2 WARN
r-release-windows-ix86+x86_64 1.2 31.00 126.00 157.00 OK
r-oldrel-windows-ix86+x86_64 1.2 35.00 234.00 269.00 OK

Check Details

Version: 1.2
Check: compiled code
Result: NOTE
    File ‘wnominate/libs/wnominate.so’:
     Found no calls to: ‘R_registerRoutines’, ‘R_useDynamicSymbols’
    
    It is good practice to register native routines and to disable symbol
    search.
    
    See ‘Writing portable packages’ in the ‘Writing R Extensions’ manual.
Flavors: r-devel-linux-x86_64-debian-clang, r-devel-linux-x86_64-debian-gcc

Version: 1.2
Flags: --no-stop-on-test-error
Check: compiled code
Result: NOTE
    File ‘wnominate/libs/wnominate.so’:
     Found no calls to: ‘R_registerRoutines’, ‘R_useDynamicSymbols’
    
    It is good practice to register native routines and to disable symbol
    search.
    
    See ‘Writing portable packages’ in the ‘Writing R Extensions’ manual.
Flavors: r-devel-linux-x86_64-fedora-clang, r-devel-linux-x86_64-fedora-gcc, r-devel-macos-x86_64-clang

Version: 1.2
Check: whether package can be installed
Result: WARN
    Found the following significant warnings:
     Warning: Possible change of value in conversion from REAL(4) to INTEGER(4) at (1)
Flavor: r-release-osx-x86_64-mavericks