CRAN Package Check Results for Package wnominate

Last updated on 2014-11-29 03:52:08.

Flavor Version Tinstall Tcheck Ttotal Status Flags
r-devel-linux-x86_64-debian-clang 0.99 5.18 116.46 121.64 OK
r-devel-linux-x86_64-debian-gcc 0.99 5.41 119.22 124.62 OK
r-devel-linux-x86_64-fedora-clang 0.99 208.37 OK
r-devel-linux-x86_64-fedora-gcc 0.99 212.53 OK
r-devel-osx-x86_64-clang 0.99 237.42 OK
r-devel-windows-ix86+x86_64 0.99 18.00 286.00 304.00 OK
r-patched-linux-x86_64 0.99 5.60 114.67 120.27 OK
r-patched-solaris-sparc 0.99 730.30 OK
r-patched-solaris-x86 0.99 171.70 OK
r-release-linux-ix86 0.99 7.07 145.92 152.98 OK
r-release-linux-x86_64 0.99 5.18 112.40 117.58 OK
r-release-osx-x86_64-mavericks 0.99 WARN
r-release-osx-x86_64-snowleopard 0.99 OK
r-release-windows-ix86+x86_64 0.99 18.00 282.00 300.00 OK
r-oldrel-windows-ix86+x86_64 0.99 16.00 361.00 377.00 OK

Check Details

Version: 0.99
Check: whether package can be installed
Result: WARN
    Found the following significant warnings:
     Warning: Possible change of value in conversion from REAL(4) to INTEGER(4) at (1)
Flavor: r-release-osx-x86_64-mavericks