CRAN Package Check Results for Package wnominate

Last updated on 2017-12-11 20:47:21 CET.

Flavor Version Tinstall Tcheck Ttotal Status Flags
r-devel-linux-x86_64-debian-clang 1.2 5.49 61.92 67.41 NOTE
r-devel-linux-x86_64-debian-gcc 1.2 4.85 59.62 64.47 NOTE
r-devel-linux-x86_64-fedora-clang 1.2 95.88 NOTE
r-devel-linux-x86_64-fedora-gcc 1.2 94.46 NOTE
r-devel-windows-ix86+x86_64 1.2 35.00 104.00 139.00 OK
r-patched-linux-x86_64 1.2 5.98 79.78 85.76 NOTE
r-patched-solaris-x86 1.2 82.60 OK
r-release-linux-x86_64 1.2 5.19 78.82 84.01 NOTE
r-release-windows-ix86+x86_64 1.2 18.00 111.00 129.00 OK
r-release-osx-x86_64 1.2 OK
r-oldrel-windows-ix86+x86_64 1.2 21.00 111.00 132.00 OK
r-oldrel-osx-x86_64 1.2 WARN

Check Details

Version: 1.2
Check: compiled code
Result: NOTE
    File ‘wnominate/libs/wnominate.so’:
     Found no calls to: ‘R_registerRoutines’, ‘R_useDynamicSymbols’
    
    It is good practice to register native routines and to disable symbol
    search.
    
    See ‘Writing portable packages’ in the ‘Writing R Extensions’ manual.
Flavors: r-devel-linux-x86_64-debian-clang, r-devel-linux-x86_64-debian-gcc, r-devel-linux-x86_64-fedora-clang, r-devel-linux-x86_64-fedora-gcc, r-patched-linux-x86_64, r-release-linux-x86_64

Version: 1.2
Check: whether package can be installed
Result: WARN
    Found the following significant warnings:
     Warning: Possible change of value in conversion from REAL(4) to INTEGER(4) at (1)
Flavor: r-oldrel-osx-x86_64