CRAN Package Check Results for Package womblR

Last updated on 2024-07-23 13:51:05 CEST.

Flavor Version Tinstall Tcheck Ttotal Status Flags
r-devel-linux-x86_64-debian-clang 1.0.5 206.74 293.47 500.21 OK
r-devel-linux-x86_64-debian-gcc 1.0.5 143.69 232.56 376.25 OK
r-devel-linux-x86_64-fedora-clang 1.0.5 798.93 OK
r-devel-linux-x86_64-fedora-gcc 1.0.5 716.03 OK
r-devel-windows-x86_64 1.0.5 170.00 235.00 405.00 OK
r-patched-linux-x86_64 1.0.5 224.48 290.93 515.41 OK
r-release-linux-x86_64 1.0.5 181.72 290.61 472.33 OK
r-release-macos-arm64 1.0.5 181.00 NOTE
r-release-macos-x86_64 1.0.5 213.00 NOTE
r-release-windows-x86_64 1.0.5 208.00 239.00 447.00 OK
r-oldrel-macos-arm64 1.0.5 212.00 NOTE
r-oldrel-macos-x86_64 1.0.5 364.00 NOTE
r-oldrel-windows-x86_64 1.0.5 200.00 280.00 480.00 OK

Check Details

Version: 1.0.5
Check: installed package size
Result: NOTE installed size is 8.7Mb sub-directories of 1Mb or more: libs 7.9Mb Flavors: r-release-macos-arm64, r-release-macos-x86_64, r-oldrel-macos-arm64, r-oldrel-macos-x86_64

Version: 1.0.5
Check: package dependencies
Result: NOTE Package suggested but not available for checking: ‘classInt’ Flavor: r-oldrel-macos-x86_64