Last updated on 2023-12-10 11:51:39 CET.
Flavor | Version | Tinstall | Tcheck | Ttotal | Status | Flags |
---|---|---|---|---|---|---|
r-devel-linux-x86_64-debian-clang | 0.4.0 | 146.58 | 49.73 | 196.31 | NOTE | |
r-devel-linux-x86_64-debian-gcc | 0.4.0 | 97.53 | 38.10 | 135.63 | NOTE | |
r-devel-linux-x86_64-fedora-clang | 0.4.0 | 301.20 | OK | |||
r-devel-linux-x86_64-fedora-gcc | 0.4.0 | 280.87 | OK | |||
r-devel-windows-x86_64 | 0.4.0 | 108.00 | 79.00 | 187.00 | OK | |
r-patched-linux-x86_64 | 0.4.0 | 115.98 | 47.88 | 163.86 | OK | |
r-release-linux-x86_64 | 0.4.0 | 117.55 | 47.23 | 164.78 | OK | |
r-release-macos-arm64 | 0.4.0 | 65.00 | NOTE | |||
r-release-macos-x86_64 | 0.4.0 | 95.00 | NOTE | |||
r-release-windows-x86_64 | 0.4.0 | 121.00 | 91.00 | 212.00 | OK | |
r-oldrel-macos-arm64 | 0.4.0 | 59.00 | NOTE | |||
r-oldrel-macos-x86_64 | 0.4.0 | 83.00 | NOTE | |||
r-oldrel-windows-x86_64 | 0.4.0 | 131.00 | 86.00 | 217.00 | OK |
Version: 0.4.0
Check: Rd files
Result: NOTE
checkRd: (-1) word2vec_similarity.Rd:30: Lost braces in \itemize; meant \describe ?
checkRd: (-1) word2vec_similarity.Rd:31: Lost braces in \itemize; meant \describe ?
Flavors: r-devel-linux-x86_64-debian-clang, r-devel-linux-x86_64-debian-gcc
Version: 0.4.0
Check: installed package size
Result: NOTE
installed size is 5.2Mb
sub-directories of 1Mb or more:
libs 4.9Mb
Flavors: r-release-macos-arm64, r-release-macos-x86_64, r-oldrel-macos-arm64, r-oldrel-macos-x86_64