Last updated on 2023-01-31 10:52:26 CET.
Flavor | Version | Tinstall | Tcheck | Ttotal | Status | Flags |
---|---|---|---|---|---|---|
r-devel-linux-x86_64-debian-clang | 0.3.4 | 119.98 | 37.75 | 157.73 | NOTE | |
r-devel-linux-x86_64-debian-gcc | 0.3.4 | 97.54 | 28.55 | 126.09 | NOTE | |
r-devel-linux-x86_64-fedora-clang | 0.3.4 | 258.99 | NOTE | |||
r-devel-linux-x86_64-fedora-gcc | 0.3.4 | 213.14 | NOTE | |||
r-devel-windows-x86_64 | 0.3.4 | 122.00 | 88.00 | 210.00 | NOTE | |
r-patched-linux-x86_64 | 0.3.4 | 99.58 | 36.28 | 135.86 | OK | |
r-release-linux-x86_64 | 0.3.4 | 100.09 | 35.69 | 135.78 | OK | |
r-release-macos-arm64 | 0.3.4 | 54.00 | OK | |||
r-release-macos-x86_64 | 0.3.4 | 75.00 | OK | |||
r-release-windows-x86_64 | 0.3.4 | 127.00 | 101.00 | 228.00 | OK | |
r-oldrel-macos-arm64 | 0.3.4 | 62.00 | NOTE | |||
r-oldrel-macos-x86_64 | 0.3.4 | 70.00 | OK | |||
r-oldrel-windows-ix86+x86_64 | 0.3.4 | 297.00 | 91.00 | 388.00 | OK |
Version: 0.3.4
Check: C++ specification
Result: NOTE
Specified C++11: please update to current default of C++17
Flavors: r-devel-linux-x86_64-debian-clang, r-devel-linux-x86_64-debian-gcc, r-devel-linux-x86_64-fedora-clang, r-devel-linux-x86_64-fedora-gcc, r-devel-windows-x86_64
Version: 0.3.4
Check: installed package size
Result: NOTE
installed size is 5.9Mb
sub-directories of 1Mb or more:
libs 5.6Mb
Flavor: r-oldrel-macos-arm64