CRAN Package Check Results for Package wordcloud

Last updated on 2019-01-16 20:50:32 CET.

Flavor Version Tinstall Tcheck Ttotal Status Flags
r-devel-linux-x86_64-debian-clang 2.6 14.59 29.42 44.01 OK
r-devel-linux-x86_64-debian-gcc 2.6 12.39 22.98 35.37 OK
r-devel-linux-x86_64-fedora-clang 2.6 58.23 NOTE
r-devel-linux-x86_64-fedora-gcc 2.6 53.24 NOTE
r-devel-windows-ix86+x86_64 2.6 34.00 91.00 125.00 OK
r-patched-linux-x86_64 2.6 15.13 27.42 42.55 OK
r-patched-solaris-x86 2.6 68.80 NOTE
r-release-linux-x86_64 2.6 16.08 27.17 43.25 OK
r-release-windows-ix86+x86_64 2.6 48.00 58.00 106.00 OK
r-release-osx-x86_64 2.6 NOTE
r-oldrel-windows-ix86+x86_64 2.6 45.00 86.00 131.00 OK
r-oldrel-osx-x86_64 2.6 NOTE

Check Details

Version: 2.6
Check: data for non-ASCII characters
Result: NOTE
     Note: found 2 marked UTF-8 strings
Flavors: r-devel-linux-x86_64-fedora-clang, r-devel-linux-x86_64-fedora-gcc, r-patched-solaris-x86, r-release-osx-x86_64, r-oldrel-osx-x86_64