CRAN Package Check Results for Package wordcloud

Last updated on 2019-05-21 00:52:30 CEST.

Flavor Version Tinstall Tcheck Ttotal Status Flags
r-devel-linux-x86_64-debian-clang 2.6 15.49 29.01 44.50 OK
r-devel-linux-x86_64-debian-gcc 2.6 11.48 23.50 34.98 OK
r-devel-linux-x86_64-fedora-clang 2.6 64.72 NOTE
r-devel-linux-x86_64-fedora-gcc 2.6 55.07 NOTE
r-devel-windows-ix86+x86_64 2.6 53.00 80.00 133.00 OK
r-patched-linux-x86_64 2.6 14.67 28.87 43.54 OK
r-patched-solaris-x86 2.6 75.60 NOTE
r-release-linux-x86_64 2.6 13.70 28.88 42.58 OK
r-release-windows-ix86+x86_64 2.6 54.00 83.00 137.00 OK
r-release-osx-x86_64 2.6 NOTE
r-oldrel-windows-ix86+x86_64 2.6 35.00 61.00 96.00 OK
r-oldrel-osx-x86_64 2.6 NOTE

Check Details

Version: 2.6
Check: data for non-ASCII characters
Result: NOTE
     Note: found 2 marked UTF-8 strings
Flavors: r-devel-linux-x86_64-fedora-clang, r-devel-linux-x86_64-fedora-gcc, r-patched-solaris-x86, r-release-osx-x86_64, r-oldrel-osx-x86_64