CRAN Package Check Results for Package wordcloud

Last updated on 2015-05-25 11:48:40.

Flavor Version Tinstall Tcheck Ttotal Status Flags
r-devel-linux-x86_64-debian-clang 2.5 4.34 16.16 20.50 NOTE
r-devel-linux-x86_64-debian-gcc 2.5 4.64 16.52 21.15 NOTE
r-devel-linux-x86_64-fedora-clang 2.5 42.15 NOTE
r-devel-linux-x86_64-fedora-gcc 2.5 40.57 NOTE
r-devel-osx-x86_64-clang 2.5 42.26 NOTE
r-devel-windows-ix86+x86_64 2.5 18.00 43.00 61.00 NOTE
r-patched-linux-x86_64 2.5 4.60 16.00 20.60 NOTE
r-patched-solaris-sparc 2.5 274.60 NOTE
r-patched-solaris-x86 2.5 55.30 NOTE
r-release-linux-x86_64 2.5 4.49 15.88 20.37 NOTE
r-release-osx-x86_64-mavericks 2.5 NOTE
r-release-osx-x86_64-snowleopard 2.5 NOTE
r-release-windows-ix86+x86_64 2.5 33.00 56.00 89.00 NOTE
r-oldrel-windows-ix86+x86_64 2.5 22.00 66.00 88.00 NOTE

Check Details

Version: 2.5
Check: dependencies in R code
Result: NOTE
    'library' or 'require' call to ‘tm’ in package code.
     Please use :: or requireNamespace() instead.
     See section 'Suggested packages' in the 'Writing R Extensions' manual.
Flavors: r-devel-linux-x86_64-debian-clang, r-devel-linux-x86_64-debian-gcc, r-devel-linux-x86_64-fedora-clang, r-devel-linux-x86_64-fedora-gcc, r-devel-osx-x86_64-clang, r-devel-windows-ix86+x86_64, r-patched-linux-x86_64, r-patched-solaris-sparc, r-patched-solaris-x86, r-release-linux-x86_64, r-release-osx-x86_64-mavericks, r-release-osx-x86_64-snowleopard, r-release-windows-ix86+x86_64, r-oldrel-windows-ix86+x86_64

Version: 2.5
Check: R code for possible problems
Result: NOTE
    wordcloud: no visible global function definition for ‘Corpus’
    wordcloud: no visible global function definition for ‘VectorSource’
    wordcloud: no visible global function definition for ‘tm_map’
    wordcloud: no visible binding for global variable ‘removePunctuation’
    wordcloud : <anonymous>: no visible global function definition for
     ‘removeWords’
    wordcloud : <anonymous>: no visible global function definition for
     ‘stopwords’
    wordcloud: no visible global function definition for
     ‘TermDocumentMatrix’
Flavors: r-devel-linux-x86_64-debian-clang, r-devel-linux-x86_64-debian-gcc, r-devel-linux-x86_64-fedora-clang, r-devel-linux-x86_64-fedora-gcc, r-devel-osx-x86_64-clang, r-devel-windows-ix86+x86_64, r-patched-linux-x86_64, r-patched-solaris-sparc, r-patched-solaris-x86, r-release-linux-x86_64, r-release-osx-x86_64-mavericks, r-release-osx-x86_64-snowleopard, r-release-windows-ix86+x86_64, r-oldrel-windows-ix86+x86_64

Version: 2.5
Check: data for non-ASCII characters
Result: NOTE
     Note: found 2 marked UTF-8 strings
Flavors: r-devel-linux-x86_64-debian-clang, r-devel-linux-x86_64-debian-gcc, r-devel-linux-x86_64-fedora-clang, r-devel-linux-x86_64-fedora-gcc, r-devel-osx-x86_64-clang, r-devel-windows-ix86+x86_64, r-patched-linux-x86_64, r-patched-solaris-sparc, r-patched-solaris-x86, r-release-linux-x86_64, r-release-osx-x86_64-mavericks, r-release-osx-x86_64-snowleopard, r-release-windows-ix86+x86_64, r-oldrel-windows-ix86+x86_64

Version: 2.5
Check: package dependencies
Result: NOTE
    Package suggested but not available for checking: ‘tm’
Flavor: r-release-osx-x86_64-snowleopard