CRAN Package Check Results for Package wordcloud

Last updated on 2014-04-24 11:48:58.

Flavor Version Tinstall Tcheck Ttotal Status Flags
r-devel-linux-x86_64-debian-clang 2.4 4.28 19.45 23.73 NOTE
r-devel-linux-x86_64-debian-gcc 2.4 4.84 19.12 23.96 NOTE
r-devel-linux-x86_64-fedora-clang 2.4 47.92 NOTE
r-devel-linux-x86_64-fedora-gcc 2.4 46.60 NOTE
r-devel-osx-x86_64-clang 2.4 48.77 NOTE
r-devel-osx-x86_64-gcc 2.4 NOTE
r-devel-windows-ix86+x86_64 2.4 20.00 50.00 70.00 NOTE
r-patched-linux-x86_64 2.4 4.89 19.04 23.92 NOTE
r-patched-solaris-sparc 2.4 279.80 NOTE
r-patched-solaris-x86 2.4 63.60 NOTE
r-release-linux-ix86 2.4 8.00 37.00 45.00 NOTE
r-release-linux-x86_64 2.4 4.83 19.16 23.98 NOTE
r-release-osx-x86_64-mavericks 2.4 WARN
r-release-windows-ix86+x86_64 2.4 20.00 50.00 70.00 NOTE
r-oldrel-windows-ix86+x86_64 2.4 21.00 51.00 72.00 NOTE

Check Details

Version: 2.4
Check: dependencies in R code
Result: NOTE
    Packages in Depends field not imported from:
     ‘RColorBrewer’ ‘methods’
     These packages need to be imported from (in the NAMESPACE file)
     for when this namespace is loaded but not attached.
    See the information on DESCRIPTION files in the chapter ‘Creating R
    packages’ of the ‘Writing R Extensions’ manual.
Flavors: r-devel-linux-x86_64-debian-clang, r-devel-linux-x86_64-debian-gcc, r-devel-linux-x86_64-fedora-clang, r-devel-linux-x86_64-fedora-gcc, r-devel-osx-x86_64-clang, r-devel-osx-x86_64-gcc, r-devel-windows-ix86+x86_64, r-patched-linux-x86_64, r-patched-solaris-sparc, r-patched-solaris-x86, r-release-linux-ix86, r-release-linux-x86_64, r-release-osx-x86_64-mavericks, r-release-windows-ix86+x86_64, r-oldrel-windows-ix86+x86_64

Version: 2.4
Check: data for non-ASCII characters
Result: NOTE
     Note: found 2 marked UTF-8 strings
Flavors: r-devel-linux-x86_64-debian-clang, r-devel-linux-x86_64-debian-gcc, r-devel-linux-x86_64-fedora-clang, r-devel-linux-x86_64-fedora-gcc, r-devel-osx-x86_64-clang, r-devel-osx-x86_64-gcc, r-devel-windows-ix86+x86_64, r-patched-linux-x86_64, r-patched-solaris-sparc, r-patched-solaris-x86, r-release-linux-ix86, r-release-linux-x86_64, r-release-osx-x86_64-mavericks, r-release-windows-ix86+x86_64, r-oldrel-windows-ix86+x86_64

Version: 2.4
Check: top-level files
Result: NOTE
    Non-standard file/directory found at top level:
     ‘mkdist’
Flavors: r-devel-linux-x86_64-fedora-clang, r-devel-linux-x86_64-fedora-gcc

Version: 2.4
Check: Rd line widths
Result: NOTE
    Rd file 'comparison.cloud.Rd':
     \usage lines wider than 90 characters:
     rot.per=.1,colors=brewer.pal(ncol(term.matrix),"Dark2"),use.r.layout=FALSE,title.size=3,...)
    
    Rd file 'wordcloud.Rd':
     \usage lines wider than 90 characters:
     wordcloud(words,freq,scale=c(4,.5),min.freq=3,max.words=Inf,random.order=TRUE, random.color=FALSE,
     rot.per=.1,colors="black",ordered.colors=FALSE,use.r.layout=FALSE,fixed.asp=TRUE, ...)
    
    These lines will be truncated in the PDF manual.
Flavors: r-devel-linux-x86_64-fedora-clang, r-devel-linux-x86_64-fedora-gcc

Version: 2.4
Check: package dependencies
Result: NOTE
    Package suggested but not available for checking: ‘tm’
Flavor: r-devel-osx-x86_64-gcc

Version: 2.4
Check: R code for possible problems
Result: NOTE
    wordcloud: no visible global function definition for ‘Corpus’
    wordcloud: no visible global function definition for ‘VectorSource’
    wordcloud: no visible global function definition for ‘tm_map’
    wordcloud: no visible binding for global variable ‘removePunctuation’
    wordcloud : <anonymous>: no visible global function definition for
     ‘removeWords’
    wordcloud : <anonymous>: no visible global function definition for
     ‘stopwords’
    wordcloud: no visible global function definition for
     ‘TermDocumentMatrix’
Flavor: r-devel-osx-x86_64-gcc

Version: 2.4
Check: PDF version of manual
Result: WARNING
    LaTeX errors when creating PDF version.
    This typically indicates Rd problems.
    LaTeX errors found:
    ! LaTeX Error: File `upquote.sty' not found.
    
    Type X to quit or <RETURN> to proceed,
    or enter new name. (Default extension: sty)
    
    4ffa298/Rd2.tex:8: ==> Fatal error occurred, no output PDF file produced!
Flavor: r-release-osx-x86_64-mavericks