CRAN Package Check Results for Package wordcloud

Last updated on 2014-07-22 15:51:59.

Flavor Version Tinstall Tcheck Ttotal Status Flags
r-devel-linux-x86_64-debian-clang 2.5 4.06 18.33 22.40 NOTE
r-devel-linux-x86_64-debian-gcc 2.5 5.07 18.32 23.39 NOTE
r-devel-linux-x86_64-fedora-clang 2.5 48.04 NOTE
r-devel-linux-x86_64-fedora-gcc 2.5 44.72 NOTE
r-devel-osx-x86_64-clang 2.5 47.72 NOTE
r-devel-windows-ix86+x86_64 2.5 18.00 47.00 65.00 NOTE
r-patched-linux-x86_64 2.5 4.38 18.09 22.47 NOTE
r-patched-solaris-sparc 2.5 268.10 NOTE
r-patched-solaris-x86 2.5 76.80 NOTE
r-release-linux-ix86 2.5 5.58 25.68 31.27 NOTE
r-release-linux-x86_64 2.5 4.53 18.61 23.14 NOTE
r-release-osx-x86_64-mavericks 2.5 NOTE
r-release-osx-x86_64-snowleopard 2.5 NOTE
r-release-windows-ix86+x86_64 2.5 27.00 62.00 89.00 NOTE
r-oldrel-windows-ix86+x86_64 2.5 17.00 47.00 64.00 ERROR

Check Details

Version: 2.5
Check: data for non-ASCII characters
Result: NOTE
     Note: found 2 marked UTF-8 strings
Flavors: r-devel-linux-x86_64-debian-clang, r-devel-linux-x86_64-debian-gcc, r-devel-linux-x86_64-fedora-clang, r-devel-linux-x86_64-fedora-gcc, r-devel-osx-x86_64-clang, r-devel-windows-ix86+x86_64, r-patched-linux-x86_64, r-patched-solaris-sparc, r-patched-solaris-x86, r-release-linux-ix86, r-release-linux-x86_64, r-release-osx-x86_64-mavericks, r-release-osx-x86_64-snowleopard, r-release-windows-ix86+x86_64, r-oldrel-windows-ix86+x86_64

Version: 2.5
Check: running examples for arch 'i386'
Result: ERROR
    Running examples in 'wordcloud-Ex.R' failed
    The error most likely occurred in:
    
    > ### Name: commonality.cloud
    > ### Title: Plot a commonality cloud
    > ### Aliases: commonality.cloud
    >
    > ### ** Examples
    >
    >
    > if(require(tm)){
    + data(SOTU)
    + corp <- SOTU
    + corp <- tm_map(corp, removePunctuation)
    + corp <- tm_map(corp, content_transformer(tolower))
    + corp <- tm_map(corp, removeNumbers)
    + corp <- tm_map(corp, function(x)removeWords(x,stopwords()))
    +
    + term.matrix <- TermDocumentMatrix(corp)
    + term.matrix <- as.matrix(term.matrix)
    + colnames(term.matrix) <- c("SOTU 2010","SOTU 2011")
    + comparison.cloud(term.matrix,max.words=40,random.order=FALSE)
    + commonality.cloud(term.matrix,max.words=40,random.order=FALSE)
    + }
    Loading required package: tm
    Error in UseMethod("removePunctuation", x) :
     no applicable method for 'removePunctuation' applied to an object of class "list"
    Calls: tm_map -> tm_map.VCorpus -> <Anonymous> -> lapply -> FUN
    Execution halted
Flavor: r-oldrel-windows-ix86+x86_64

Version: 2.5
Check: running examples for arch 'x64'
Result: ERROR
    Running examples in 'wordcloud-Ex.R' failed
    The error most likely occurred in:
    
    > ### Name: commonality.cloud
    > ### Title: Plot a commonality cloud
    > ### Aliases: commonality.cloud
    >
    > ### ** Examples
    >
    >
    > if(require(tm)){
    + data(SOTU)
    + corp <- SOTU
    + corp <- tm_map(corp, removePunctuation)
    + corp <- tm_map(corp, content_transformer(tolower))
    + corp <- tm_map(corp, removeNumbers)
    + corp <- tm_map(corp, function(x)removeWords(x,stopwords()))
    +
    + term.matrix <- TermDocumentMatrix(corp)
    + term.matrix <- as.matrix(term.matrix)
    + colnames(term.matrix) <- c("SOTU 2010","SOTU 2011")
    + comparison.cloud(term.matrix,max.words=40,random.order=FALSE)
    + commonality.cloud(term.matrix,max.words=40,random.order=FALSE)
    + }
    Loading required package: tm
    Error in UseMethod("removePunctuation", x) :
     no applicable method for 'removePunctuation' applied to an object of class "list"
    Calls: tm_map -> tm_map.VCorpus -> <Anonymous> -> lapply -> FUN
    Execution halted
Flavor: r-oldrel-windows-ix86+x86_64