CRAN Package Check Results for Package wordcloud

Last updated on 2015-07-03 23:48:00.

Flavor Version Tinstall Tcheck Ttotal Status Flags
r-devel-linux-x86_64-debian-clang 2.5 4.47 14.32 18.79 NOTE
r-devel-linux-x86_64-debian-gcc 2.5 4.36 15.49 19.85 NOTE
r-devel-linux-x86_64-fedora-clang 2.5 40.12 NOTE
r-devel-linux-x86_64-fedora-gcc 2.5 37.00 NOTE
r-devel-osx-x86_64-clang 2.5 36.95 NOTE
r-devel-windows-ix86+x86_64 2.5 26.00 40.00 66.00 NOTE
r-patched-linux-x86_64 2.5 4.53 15.71 20.24 NOTE
r-patched-solaris-sparc 2.5 274.60 NOTE
r-patched-solaris-x86 2.5 56.10 NOTE
r-release-linux-x86_64 2.5 5.37 16.14 21.52 NOTE
r-release-osx-x86_64-mavericks 2.5 NOTE
r-release-windows-ix86+x86_64 2.5 28.00 64.00 92.00 NOTE
r-oldrel-windows-ix86+x86_64 2.5 24.00 47.00 71.00 NOTE

Check Details

Version: 2.5
Check: dependencies in R code
Result: NOTE
    'library' or 'require' call to ‘tm’ in package code.
     Please use :: or requireNamespace() instead.
     See section 'Suggested packages' in the 'Writing R Extensions' manual.
Flavors: r-devel-linux-x86_64-debian-clang, r-devel-linux-x86_64-debian-gcc, r-devel-linux-x86_64-fedora-clang, r-devel-linux-x86_64-fedora-gcc, r-devel-osx-x86_64-clang, r-devel-windows-ix86+x86_64, r-patched-linux-x86_64, r-patched-solaris-sparc, r-patched-solaris-x86, r-release-linux-x86_64, r-release-osx-x86_64-mavericks, r-release-windows-ix86+x86_64, r-oldrel-windows-ix86+x86_64

Version: 2.5
Check: R code for possible problems
Result: NOTE
    comparison.cloud: no visible global function definition for ‘plot.new’
    comparison.cloud: no visible global function definition for ‘par’
    comparison.cloud: no visible global function definition for
     ‘plot.window’
    comparison.cloud: no visible global function definition for ‘strwidth’
    comparison.cloud: no visible global function definition for ‘strheight’
    comparison.cloud: no visible global function definition for ‘rect’
    comparison.cloud: no visible global function definition for ‘text’
    comparison.cloud: no visible global function definition for ‘runif’
    textplot: no visible global function definition for ‘plot’
    textplot: no visible global function definition for ‘points’
    textplot: no visible global function definition for ‘lines’
    textplot: no visible global function definition for ‘text’
    wordcloud: no visible global function definition for ‘Corpus’
    wordcloud: no visible global function definition for ‘VectorSource’
    wordcloud: no visible global function definition for ‘tm_map’
    wordcloud: no visible binding for global variable ‘removePunctuation’
    wordcloud : <anonymous>: no visible global function definition for
     ‘removeWords’
    wordcloud : <anonymous>: no visible global function definition for
     ‘stopwords’
    wordcloud: no visible global function definition for
     ‘TermDocumentMatrix’
    wordcloud: no visible global function definition for ‘plot.new’
    wordcloud: no visible global function definition for ‘par’
    wordcloud: no visible global function definition for ‘plot.window’
    wordcloud: no visible global function definition for ‘runif’
    wordcloud: no visible global function definition for ‘strwidth’
    wordcloud: no visible global function definition for ‘strheight’
    wordcloud: no visible global function definition for ‘text’
    wordlayout: no visible global function definition for ‘sd’
    wordlayout: no visible global function definition for ‘runif’
    wordlayout: no visible global function definition for ‘strwidth’
    wordlayout: no visible global function definition for ‘strheight’
    Undefined global functions or variables:
     Corpus TermDocumentMatrix VectorSource lines par plot plot.new
     plot.window points rect removePunctuation removeWords runif sd
     stopwords strheight strwidth text tm_map
Flavors: r-devel-linux-x86_64-debian-clang, r-devel-linux-x86_64-debian-gcc, r-devel-linux-x86_64-fedora-clang, r-devel-linux-x86_64-fedora-gcc, r-devel-windows-ix86+x86_64

Version: 2.5
Check: data for non-ASCII characters
Result: NOTE
     Note: found 2 marked UTF-8 strings
Flavors: r-devel-linux-x86_64-debian-clang, r-devel-linux-x86_64-debian-gcc, r-devel-linux-x86_64-fedora-clang, r-devel-linux-x86_64-fedora-gcc, r-devel-osx-x86_64-clang, r-devel-windows-ix86+x86_64, r-patched-linux-x86_64, r-patched-solaris-sparc, r-patched-solaris-x86, r-release-linux-x86_64, r-release-osx-x86_64-mavericks, r-release-windows-ix86+x86_64, r-oldrel-windows-ix86+x86_64

Version: 2.5
Check: R code for possible problems
Result: NOTE
    wordcloud: no visible global function definition for ‘Corpus’
    wordcloud: no visible global function definition for ‘VectorSource’
    wordcloud: no visible global function definition for ‘tm_map’
    wordcloud: no visible binding for global variable ‘removePunctuation’
    wordcloud : <anonymous>: no visible global function definition for
     ‘removeWords’
    wordcloud : <anonymous>: no visible global function definition for
     ‘stopwords’
    wordcloud: no visible global function definition for
     ‘TermDocumentMatrix’
    Undefined global functions or variables:
     Corpus TermDocumentMatrix VectorSource removePunctuation removeWords
     stopwords tm_map
Flavor: r-devel-osx-x86_64-clang

Version: 2.5
Check: R code for possible problems
Result: NOTE
    wordcloud: no visible global function definition for ‘Corpus’
    wordcloud: no visible global function definition for ‘VectorSource’
    wordcloud: no visible global function definition for ‘tm_map’
    wordcloud: no visible binding for global variable ‘removePunctuation’
    wordcloud : <anonymous>: no visible global function definition for
     ‘removeWords’
    wordcloud : <anonymous>: no visible global function definition for
     ‘stopwords’
    wordcloud: no visible global function definition for
     ‘TermDocumentMatrix’
Flavors: r-patched-linux-x86_64, r-patched-solaris-sparc, r-patched-solaris-x86, r-release-linux-x86_64, r-release-osx-x86_64-mavericks, r-release-windows-ix86+x86_64, r-oldrel-windows-ix86+x86_64