CRAN Package Check Results for Package wordcloud

Last updated on 2020-10-27 13:49:37 CET.

Flavor Version Tinstall Tcheck Ttotal Status Flags
r-devel-linux-x86_64-debian-clang 2.6 21.25 32.26 53.51 OK
r-devel-linux-x86_64-debian-gcc 2.6 13.84 24.80 38.64 OK
r-devel-linux-x86_64-fedora-clang 2.6 77.86 NOTE
r-devel-linux-x86_64-fedora-gcc 2.6 63.06 NOTE
r-devel-windows-ix86+x86_64 2.6 54.00 62.00 116.00 OK
r-patched-linux-x86_64 2.6 OK
r-patched-solaris-x86 2.6 77.50 NOTE
r-release-linux-x86_64 2.6 18.30 30.65 48.95 OK
r-release-macos-x86_64 2.6 NOTE
r-release-windows-ix86+x86_64 2.6 38.00 61.00 99.00 OK
r-oldrel-macos-x86_64 2.6 NOTE
r-oldrel-windows-ix86+x86_64 2.6 63.00 76.00 139.00 OK

Check Details

Version: 2.6
Check: data for non-ASCII characters
Result: NOTE
     Note: found 2 marked UTF-8 strings
Flavors: r-devel-linux-x86_64-fedora-clang, r-devel-linux-x86_64-fedora-gcc, r-patched-solaris-x86, r-release-macos-x86_64, r-oldrel-macos-x86_64