CRAN Package Check Results for Package wordcloud

Last updated on 2017-11-21 07:50:46 CET.

Flavor Version Tinstall Tcheck Ttotal Status Flags
r-devel-linux-x86_64-debian-clang 2.5 5.31 19.02 24.33 NOTE
r-devel-linux-x86_64-debian-gcc 2.5 5.93 19.56 25.49 NOTE
r-devel-linux-x86_64-fedora-clang 2.5 44.20 NOTE
r-devel-linux-x86_64-fedora-gcc 2.5 80.05 NOTE
r-devel-windows-ix86+x86_64 2.5 38.00 45.00 83.00 ERROR
r-patched-linux-x86_64 2.5 5.50 18.42 23.92 NOTE
r-patched-solaris-x86 2.5 57.20 NOTE
r-release-linux-x86_64 2.5 5.55 20.15 25.69 NOTE
r-release-windows-ix86+x86_64 2.5 23.00 50.00 73.00 NOTE
r-release-osx-x86_64 2.5 NOTE
r-oldrel-windows-ix86+x86_64 2.5 22.00 69.00 91.00 NOTE
r-oldrel-osx-x86_64 2.5 NOTE

Check Details

Version: 2.5
Check: dependencies in R code
Result: NOTE
    'library' or 'require' call to ‘tm’ in package code.
     Please use :: or requireNamespace() instead.
     See section 'Suggested packages' in the 'Writing R Extensions' manual.
Flavors: r-devel-linux-x86_64-debian-clang, r-devel-linux-x86_64-debian-gcc, r-devel-linux-x86_64-fedora-clang, r-devel-linux-x86_64-fedora-gcc, r-devel-windows-ix86+x86_64, r-patched-linux-x86_64, r-patched-solaris-x86, r-release-linux-x86_64, r-release-windows-ix86+x86_64, r-release-osx-x86_64, r-oldrel-windows-ix86+x86_64, r-oldrel-osx-x86_64

Version: 2.5
Check: R code for possible problems
Result: NOTE
    comparison.cloud: no visible global function definition for ‘plot.new’
    comparison.cloud: no visible global function definition for ‘par’
    comparison.cloud: no visible global function definition for
     ‘plot.window’
    comparison.cloud: no visible global function definition for ‘strwidth’
    comparison.cloud: no visible global function definition for ‘strheight’
    comparison.cloud: no visible global function definition for ‘rect’
    comparison.cloud: no visible global function definition for ‘text’
    comparison.cloud: no visible global function definition for ‘runif’
    textplot: no visible global function definition for ‘plot’
    textplot: no visible global function definition for ‘points’
    textplot: no visible global function definition for ‘lines’
    textplot: no visible global function definition for ‘text’
    wordcloud: no visible global function definition for ‘Corpus’
    wordcloud: no visible global function definition for ‘VectorSource’
    wordcloud: no visible global function definition for ‘tm_map’
    wordcloud: no visible binding for global variable ‘removePunctuation’
    wordcloud : <anonymous>: no visible global function definition for
     ‘removeWords’
    wordcloud : <anonymous>: no visible global function definition for
     ‘stopwords’
    wordcloud: no visible global function definition for
     ‘TermDocumentMatrix’
    wordcloud: no visible global function definition for ‘plot.new’
    wordcloud: no visible global function definition for ‘par’
    wordcloud: no visible global function definition for ‘plot.window’
    wordcloud: no visible global function definition for ‘runif’
    wordcloud: no visible global function definition for ‘strwidth’
    wordcloud: no visible global function definition for ‘strheight’
    wordcloud: no visible global function definition for ‘text’
    wordlayout: no visible global function definition for ‘sd’
    wordlayout: no visible global function definition for ‘runif’
    wordlayout: no visible global function definition for ‘strwidth’
    wordlayout: no visible global function definition for ‘strheight’
    Undefined global functions or variables:
     Corpus TermDocumentMatrix VectorSource lines par plot plot.new
     plot.window points rect removePunctuation removeWords runif sd
     stopwords strheight strwidth text tm_map
    Consider adding
     importFrom("graphics", "lines", "par", "plot", "plot.new",
     "plot.window", "points", "rect", "strheight", "strwidth",
     "text")
     importFrom("stats", "runif", "sd")
    to your NAMESPACE file.
Flavors: r-devel-linux-x86_64-debian-clang, r-devel-linux-x86_64-debian-gcc, r-devel-linux-x86_64-fedora-clang, r-devel-linux-x86_64-fedora-gcc, r-devel-windows-ix86+x86_64, r-patched-linux-x86_64, r-patched-solaris-x86, r-release-linux-x86_64, r-release-windows-ix86+x86_64, r-release-osx-x86_64, r-oldrel-windows-ix86+x86_64, r-oldrel-osx-x86_64

Version: 2.5
Check: compiled code
Result: NOTE
    File ‘wordcloud/libs/wordcloud.so’:
     Found no calls to: ‘R_registerRoutines’, ‘R_useDynamicSymbols’
    
    It is good practice to register native routines and to disable symbol
    search.
    
    See ‘Writing portable packages’ in the ‘Writing R Extensions’ manual.
Flavors: r-devel-linux-x86_64-debian-clang, r-devel-linux-x86_64-debian-gcc, r-devel-linux-x86_64-fedora-clang, r-devel-linux-x86_64-fedora-gcc, r-patched-linux-x86_64, r-release-linux-x86_64

Version: 2.5
Check: data for non-ASCII characters
Result: NOTE
     Note: found 2 marked UTF-8 strings
Flavors: r-devel-linux-x86_64-fedora-clang, r-devel-linux-x86_64-fedora-gcc, r-patched-solaris-x86, r-release-osx-x86_64, r-oldrel-osx-x86_64

Version: 2.5
Check: running examples for arch ‘i386’
Result: ERROR
    Running examples in 'wordcloud-Ex.R' failed
    The error most likely occurred in:
    
    > ### Name: commonality.cloud
    > ### Title: Plot a commonality cloud
    > ### Aliases: commonality.cloud
    >
    > ### ** Examples
    >
    >
    > if(require(tm)){
    + data(SOTU)
    + corp <- SOTU
    + corp <- tm_map(corp, removePunctuation)
    + corp <- tm_map(corp, content_transformer(tolower))
    + corp <- tm_map(corp, removeNumbers)
    + corp <- tm_map(corp, function(x)removeWords(x,stopwords()))
    +
    + term.matrix <- TermDocumentMatrix(corp)
    + term.matrix <- as.matrix(term.matrix)
    + colnames(term.matrix) <- c("SOTU 2010","SOTU 2011")
    + comparison.cloud(term.matrix,max.words=40,random.order=FALSE)
    + commonality.cloud(term.matrix,max.words=40,random.order=FALSE)
    + }
    Loading required package: tm
    Loading required package: NLP
    Error in FUN(content(x), ...) :
     invalid input 'Madame Speaker Vice President Biden Members of Congress distinguished guests and fellow Americans
    Our Constitution declares that from time to time the President shall give to Congress information about the state of our union For two hundred and twenty years our leaders have fulfilled this duty They have done so during periods of prosperity and tranquility And they have done so in the midst of war and depression at moments of great strife and great struggle
    Itâ<c2><80><c2><99>s tempting to look back on these moments and assume that our progress was inevitable â<c2><80> that America was always destined to succeed But when the Union was turned back at Bull Run and the Allies first landed at Omaha Beach victory was very much in doubt When the market crashed on Black Tuesday and civil rights marchers were beaten on Bloody Sunday the future was anything but certain These were times that tested the courage of our convictions and the strength of our union And despite all our divisio
    Calls: tm_map ... tm_map.VCorpus -> tm_parLapply -> lapply -> FUN -> FUN
    Execution halted
Flavor: r-devel-windows-ix86+x86_64

Version: 2.5
Check: running examples for arch ‘x64’
Result: ERROR
    Running examples in 'wordcloud-Ex.R' failed
    The error most likely occurred in:
    
    > ### Name: commonality.cloud
    > ### Title: Plot a commonality cloud
    > ### Aliases: commonality.cloud
    >
    > ### ** Examples
    >
    >
    > if(require(tm)){
    + data(SOTU)
    + corp <- SOTU
    + corp <- tm_map(corp, removePunctuation)
    + corp <- tm_map(corp, content_transformer(tolower))
    + corp <- tm_map(corp, removeNumbers)
    + corp <- tm_map(corp, function(x)removeWords(x,stopwords()))
    +
    + term.matrix <- TermDocumentMatrix(corp)
    + term.matrix <- as.matrix(term.matrix)
    + colnames(term.matrix) <- c("SOTU 2010","SOTU 2011")
    + comparison.cloud(term.matrix,max.words=40,random.order=FALSE)
    + commonality.cloud(term.matrix,max.words=40,random.order=FALSE)
    + }
    Loading required package: tm
    Loading required package: NLP
    Error in FUN(content(x), ...) :
     invalid input 'Madame Speaker Vice President Biden Members of Congress distinguished guests and fellow Americans
    Our Constitution declares that from time to time the President shall give to Congress information about the state of our union For two hundred and twenty years our leaders have fulfilled this duty They have done so during periods of prosperity and tranquility And they have done so in the midst of war and depression at moments of great strife and great struggle
    Itâ<c2><80><c2><99>s tempting to look back on these moments and assume that our progress was inevitable â<c2><80> that America was always destined to succeed But when the Union was turned back at Bull Run and the Allies first landed at Omaha Beach victory was very much in doubt When the market crashed on Black Tuesday and civil rights marchers were beaten on Bloody Sunday the future was anything but certain These were times that tested the courage of our convictions and the strength of our union And despite all our divisio
    Calls: tm_map ... tm_map.VCorpus -> tm_parLapply -> lapply -> FUN -> FUN
    Execution halted
Flavor: r-devel-windows-ix86+x86_64