CRAN Package Check Results for Package wordcloud

Last updated on 2017-04-23 09:48:58.

Flavor Version Tinstall Tcheck Ttotal Status Flags
r-devel-linux-x86_64-debian-clang 2.5 5.08 19.43 24.50 NOTE
r-devel-linux-x86_64-debian-gcc 2.5 4.75 18.37 23.12 NOTE
r-devel-linux-x86_64-fedora-clang 2.5 44.94 NOTE --no-stop-on-test-error
r-devel-linux-x86_64-fedora-gcc 2.5 41.05 NOTE --no-stop-on-test-error
r-devel-windows-ix86+x86_64 2.5 31.00 57.00 88.00 NOTE
r-patched-linux-x86_64 2.5 4.24 17.91 22.16 NOTE
r-patched-solaris-sparc 2.5 258.30 NOTE
r-patched-solaris-x86 2.5 55.30 NOTE
r-release-linux-x86_64 2.5 4.13 17.87 22.00 NOTE
r-release-windows-ix86+x86_64 2.5 31.00 57.00 88.00 NOTE
r-release-osx-x86_64 2.5 NOTE
r-oldrel-windows-ix86+x86_64 2.5 23.00 57.00 80.00 NOTE
r-oldrel-osx-x86_64 2.5 NOTE

Check Details

Version: 2.5
Check: dependencies in R code
Result: NOTE
    'library' or 'require' call to ‘tm’ in package code.
     Please use :: or requireNamespace() instead.
     See section 'Suggested packages' in the 'Writing R Extensions' manual.
Flavors: r-devel-linux-x86_64-debian-clang, r-devel-linux-x86_64-debian-gcc, r-devel-windows-ix86+x86_64, r-patched-linux-x86_64, r-patched-solaris-sparc, r-patched-solaris-x86, r-release-linux-x86_64, r-release-windows-ix86+x86_64, r-release-osx-x86_64, r-oldrel-windows-ix86+x86_64, r-oldrel-osx-x86_64

Version: 2.5
Check: R code for possible problems
Result: NOTE
    comparison.cloud: no visible global function definition for ‘plot.new’
    comparison.cloud: no visible global function definition for ‘par’
    comparison.cloud: no visible global function definition for
     ‘plot.window’
    comparison.cloud: no visible global function definition for ‘strwidth’
    comparison.cloud: no visible global function definition for ‘strheight’
    comparison.cloud: no visible global function definition for ‘rect’
    comparison.cloud: no visible global function definition for ‘text’
    comparison.cloud: no visible global function definition for ‘runif’
    textplot: no visible global function definition for ‘plot’
    textplot: no visible global function definition for ‘points’
    textplot: no visible global function definition for ‘lines’
    textplot: no visible global function definition for ‘text’
    wordcloud: no visible global function definition for ‘Corpus’
    wordcloud: no visible global function definition for ‘VectorSource’
    wordcloud: no visible global function definition for ‘tm_map’
    wordcloud: no visible binding for global variable ‘removePunctuation’
    wordcloud : <anonymous>: no visible global function definition for
     ‘removeWords’
    wordcloud : <anonymous>: no visible global function definition for
     ‘stopwords’
    wordcloud: no visible global function definition for
     ‘TermDocumentMatrix’
    wordcloud: no visible global function definition for ‘plot.new’
    wordcloud: no visible global function definition for ‘par’
    wordcloud: no visible global function definition for ‘plot.window’
    wordcloud: no visible global function definition for ‘runif’
    wordcloud: no visible global function definition for ‘strwidth’
    wordcloud: no visible global function definition for ‘strheight’
    wordcloud: no visible global function definition for ‘text’
    wordlayout: no visible global function definition for ‘sd’
    wordlayout: no visible global function definition for ‘runif’
    wordlayout: no visible global function definition for ‘strwidth’
    wordlayout: no visible global function definition for ‘strheight’
    Undefined global functions or variables:
     Corpus TermDocumentMatrix VectorSource lines par plot plot.new
     plot.window points rect removePunctuation removeWords runif sd
     stopwords strheight strwidth text tm_map
    Consider adding
     importFrom("graphics", "lines", "par", "plot", "plot.new",
     "plot.window", "points", "rect", "strheight", "strwidth",
     "text")
     importFrom("stats", "runif", "sd")
    to your NAMESPACE file.
Flavors: r-devel-linux-x86_64-debian-clang, r-devel-linux-x86_64-debian-gcc, r-devel-windows-ix86+x86_64, r-patched-linux-x86_64, r-patched-solaris-sparc, r-patched-solaris-x86, r-release-linux-x86_64, r-release-windows-ix86+x86_64, r-release-osx-x86_64, r-oldrel-windows-ix86+x86_64, r-oldrel-osx-x86_64

Version: 2.5
Check: compiled code
Result: NOTE
    File ‘wordcloud/libs/wordcloud.so’:
     Found no calls to: ‘R_registerRoutines’, ‘R_useDynamicSymbols’
    
    It is good practice to register native routines and to disable symbol
    search.
    
    See ‘Writing portable packages’ in the ‘Writing R Extensions’ manual.
Flavors: r-devel-linux-x86_64-debian-clang, r-devel-linux-x86_64-debian-gcc, r-patched-linux-x86_64, r-release-linux-x86_64

Version: 2.5
Flags: --no-stop-on-test-error
Check: dependencies in R code
Result: NOTE
    'library' or 'require' call to ‘tm’ in package code.
     Please use :: or requireNamespace() instead.
     See section 'Suggested packages' in the 'Writing R Extensions' manual.
Flavors: r-devel-linux-x86_64-fedora-clang, r-devel-linux-x86_64-fedora-gcc

Version: 2.5
Flags: --no-stop-on-test-error
Check: R code for possible problems
Result: NOTE
    comparison.cloud: no visible global function definition for ‘plot.new’
    comparison.cloud: no visible global function definition for ‘par’
    comparison.cloud: no visible global function definition for
     ‘plot.window’
    comparison.cloud: no visible global function definition for ‘strwidth’
    comparison.cloud: no visible global function definition for ‘strheight’
    comparison.cloud: no visible global function definition for ‘rect’
    comparison.cloud: no visible global function definition for ‘text’
    comparison.cloud: no visible global function definition for ‘runif’
    textplot: no visible global function definition for ‘plot’
    textplot: no visible global function definition for ‘points’
    textplot: no visible global function definition for ‘lines’
    textplot: no visible global function definition for ‘text’
    wordcloud: no visible global function definition for ‘Corpus’
    wordcloud: no visible global function definition for ‘VectorSource’
    wordcloud: no visible global function definition for ‘tm_map’
    wordcloud: no visible binding for global variable ‘removePunctuation’
    wordcloud : <anonymous>: no visible global function definition for
     ‘removeWords’
    wordcloud : <anonymous>: no visible global function definition for
     ‘stopwords’
    wordcloud: no visible global function definition for
     ‘TermDocumentMatrix’
    wordcloud: no visible global function definition for ‘plot.new’
    wordcloud: no visible global function definition for ‘par’
    wordcloud: no visible global function definition for ‘plot.window’
    wordcloud: no visible global function definition for ‘runif’
    wordcloud: no visible global function definition for ‘strwidth’
    wordcloud: no visible global function definition for ‘strheight’
    wordcloud: no visible global function definition for ‘text’
    wordlayout: no visible global function definition for ‘sd’
    wordlayout: no visible global function definition for ‘runif’
    wordlayout: no visible global function definition for ‘strwidth’
    wordlayout: no visible global function definition for ‘strheight’
    Undefined global functions or variables:
     Corpus TermDocumentMatrix VectorSource lines par plot plot.new
     plot.window points rect removePunctuation removeWords runif sd
     stopwords strheight strwidth text tm_map
    Consider adding
     importFrom("graphics", "lines", "par", "plot", "plot.new",
     "plot.window", "points", "rect", "strheight", "strwidth",
     "text")
     importFrom("stats", "runif", "sd")
    to your NAMESPACE file.
Flavors: r-devel-linux-x86_64-fedora-clang, r-devel-linux-x86_64-fedora-gcc

Version: 2.5
Flags: --no-stop-on-test-error
Check: data for non-ASCII characters
Result: NOTE
     Note: found 2 marked UTF-8 strings
Flavors: r-devel-linux-x86_64-fedora-clang, r-devel-linux-x86_64-fedora-gcc

Version: 2.5
Flags: --no-stop-on-test-error
Check: compiled code
Result: NOTE
    File ‘wordcloud/libs/wordcloud.so’:
     Found no calls to: ‘R_registerRoutines’, ‘R_useDynamicSymbols’
    
    It is good practice to register native routines and to disable symbol
    search.
    
    See ‘Writing portable packages’ in the ‘Writing R Extensions’ manual.
Flavors: r-devel-linux-x86_64-fedora-clang, r-devel-linux-x86_64-fedora-gcc

Version: 2.5
Check: data for non-ASCII characters
Result: NOTE
     Note: found 2 marked UTF-8 strings
Flavors: r-patched-solaris-sparc, r-patched-solaris-x86, r-release-osx-x86_64, r-oldrel-osx-x86_64