CRAN Package Check Results for Package wordcloud

Last updated on 2018-10-20 08:50:30 CEST.

Flavor Version Tinstall Tcheck Ttotal Status Flags
r-devel-linux-x86_64-debian-clang 2.6 15.89 30.23 46.12 OK
r-devel-linux-x86_64-debian-gcc 2.6 12.96 24.01 36.97 OK
r-devel-linux-x86_64-fedora-clang 2.6 59.54 NOTE
r-devel-linux-x86_64-fedora-gcc 2.6 54.20 NOTE
r-devel-windows-ix86+x86_64 2.6 46.00 68.00 114.00 OK
r-patched-linux-x86_64 2.6 15.01 26.86 41.87 OK
r-patched-solaris-x86 2.6 66.50 NOTE
r-release-linux-x86_64 2.6 13.11 27.32 40.43 OK
r-release-windows-ix86+x86_64 2.6 37.00 81.00 118.00 OK
r-release-osx-x86_64 2.6 NOTE
r-oldrel-windows-ix86+x86_64 2.6 33.00 84.00 117.00 OK
r-oldrel-osx-x86_64 2.6 NOTE

Check Details

Version: 2.6
Check: data for non-ASCII characters
Result: NOTE
     Note: found 2 marked UTF-8 strings
Flavors: r-devel-linux-x86_64-fedora-clang, r-devel-linux-x86_64-fedora-gcc, r-patched-solaris-x86, r-release-osx-x86_64, r-oldrel-osx-x86_64