CRAN Package Check Results for Package wordcloud2

Last updated on 2020-09-22 07:51:29 CEST.

Flavor Version Tinstall Tcheck Ttotal Status Flags
r-devel-linux-x86_64-debian-clang 0.2.1 2.71 26.54 29.25 OK
r-devel-linux-x86_64-debian-gcc 0.2.1 0.52 2.29 2.81 ERROR
r-devel-linux-x86_64-fedora-clang 0.2.1 51.47 NOTE
r-devel-linux-x86_64-fedora-gcc 0.2.1 36.20 NOTE
r-devel-windows-ix86+x86_64 0.2.1 7.00 37.00 44.00 OK
r-patched-linux-x86_64 0.2.1 2.18 26.85 29.03 OK
r-patched-solaris-x86 0.2.1 53.70 WARN
r-release-linux-x86_64 0.2.1 2.40 26.41 28.81 OK
r-release-macos-x86_64 0.2.1 WARN
r-release-windows-ix86+x86_64 0.2.1 6.00 44.00 50.00 OK
r-oldrel-macos-x86_64 0.2.1 WARN
r-oldrel-windows-ix86+x86_64 0.2.1 3.00 45.00 48.00 OK

Check Details

Version: 0.2.1
Check: whether package can be installed
Result: ERROR
    Installation failed.
Flavor: r-devel-linux-x86_64-debian-gcc

Version: 0.2.1
Check: data for non-ASCII characters
Result: NOTE
     Note: found 933 marked UTF-8 strings
Flavors: r-devel-linux-x86_64-fedora-clang, r-devel-linux-x86_64-fedora-gcc, r-patched-solaris-x86, r-release-macos-x86_64, r-oldrel-macos-x86_64

Version: 0.2.1
Check: re-building of vignette outputs
Result: WARN
    Error(s) in re-building vignettes:
     ...
    --- re-building ‘wordcloud.Rmd’ using rmarkdown
    Warning in engine$weave(file, quiet = quiet, encoding = enc) :
     Pandoc (>= 1.12.3) and/or pandoc-citeproc not available. Falling back to R Markdown v1.
    Quitting from lines 37-39 (wordcloud.Rmd)
    Error: processing vignette 'wordcloud.Rmd' failed with diagnostics:
    cannot open the connection
    --- failed re-building ‘wordcloud.Rmd’
    
    SUMMARY: processing the following file failed:
     ‘wordcloud.Rmd’
    
    Error: Vignette re-building failed.
    Execution halted
Flavors: r-patched-solaris-x86, r-release-macos-x86_64, r-oldrel-macos-x86_64