CRAN Package Check Results for Package wordcloud2

Last updated on 2024-02-27 11:50:07 CET.

Flavor Version Tinstall Tcheck Ttotal Status Flags
r-devel-linux-x86_64-debian-clang 0.2.1 3.07 33.72 36.79 OK
r-devel-linux-x86_64-debian-gcc 0.2.1 2.86 26.74 29.60 OK
r-devel-linux-x86_64-fedora-clang 0.2.1 47.03 NOTE
r-devel-linux-x86_64-fedora-gcc 0.2.1 56.70 NOTE
r-devel-windows-x86_64 0.2.1 4.00 50.00 54.00 OK
r-patched-linux-x86_64 0.2.1 3.06 33.02 36.08 OK
r-release-linux-x86_64 0.2.1 3.26 33.82 37.08 OK
r-release-macos-arm64 0.2.1 31.00 OK
r-release-macos-x86_64 0.2.1 39.00 OK
r-release-windows-x86_64 0.2.1 6.00 51.00 57.00 OK
r-oldrel-macos-arm64 0.2.1 21.00 NOTE
r-oldrel-windows-x86_64 0.2.1 5.00 55.00 60.00 OK

Check Details

Version: 0.2.1
Check: data for non-ASCII characters
Result: NOTE Note: found 933 marked UTF-8 strings Flavors: r-devel-linux-x86_64-fedora-clang, r-devel-linux-x86_64-fedora-gcc, r-oldrel-macos-arm64