CRAN Package Check Results for Package wordmatch

Last updated on 2014-04-21 04:48:50.

Flavor Version Tinstall Tcheck Ttotal Status Flags
r-devel-linux-x86_64-debian-clang 1.0 1.04 13.72 14.76 NOTE
r-devel-linux-x86_64-debian-gcc 1.0 1.04 13.62 14.65 NOTE
r-devel-linux-x86_64-fedora-clang 1.0 30.20 NOTE
r-devel-linux-x86_64-fedora-gcc 1.0 28.72 NOTE
r-devel-macosx-x86_64-clang 1.0 35.62 NOTE
r-devel-macosx-x86_64-gcc 1.0 NOTE
r-devel-windows-ix86+x86_64 1.0 3.00 25.00 28.00 NOTE
r-patched-linux-x86_64 1.0 1.04 13.62 14.66 NOTE
r-patched-solaris-sparc 1.0 169.20 NOTE
r-patched-solaris-x86 1.0 40.80 NOTE
r-release-linux-ix86 NOTE
r-release-linux-x86_64 1.0 1.04 13.68 14.72 NOTE
r-release-macosx-x86_64 1.0 OK
r-release-windows-ix86+x86_64 1.0 6.00 23.00 29.00 NOTE
r-oldrel-windows-ix86+x86_64 1.0 4.00 24.00 28.00 NOTE

Check Details

Version: 1.0
Check: dependencies in R code
Result: NOTE
    Packages in Depends field not imported from:
     ‘plyr’ ‘reshape2’
     These packages need to be imported from (in the NAMESPACE file)
     for when this namespace is loaded but not attached.
    See the information on DESCRIPTION files in the chapter ‘Creating R
    packages’ of the ‘Writing R Extensions’ manual.
Flavors: r-devel-linux-x86_64-debian-clang, r-devel-linux-x86_64-debian-gcc, r-devel-linux-x86_64-fedora-clang, r-devel-linux-x86_64-fedora-gcc, r-devel-macosx-x86_64-clang, r-devel-macosx-x86_64-gcc, r-devel-windows-ix86+x86_64, r-patched-linux-x86_64, r-patched-solaris-sparc, r-patched-solaris-x86, r-release-linux-ix86, r-release-linux-x86_64, r-release-windows-ix86+x86_64, r-oldrel-windows-ix86+x86_64