CRAN Package Check Results for Package wordmatch

Last updated on 2015-08-02 17:48:09.

Flavor Version Tinstall Tcheck Ttotal Status Flags
r-devel-linux-x86_64-debian-clang 1.0 0.78 11.21 11.99 NOTE
r-devel-linux-x86_64-debian-gcc 1.0 0.77 11.06 11.83 NOTE
r-devel-linux-x86_64-fedora-clang 1.0 23.39 NOTE
r-devel-linux-x86_64-fedora-gcc 1.0 21.04 NOTE
r-devel-osx-x86_64-clang 1.0 23.43 NOTE
r-devel-windows-ix86+x86_64 1.0 5.00 20.00 25.00 NOTE
r-patched-linux-x86_64 1.0 0.79 10.64 11.42 NOTE
r-patched-solaris-sparc 1.0 151.80 NOTE
r-patched-solaris-x86 1.0 35.90 NOTE
r-release-linux-x86_64 1.0 0.79 10.99 11.78 NOTE
r-release-osx-x86_64-mavericks 1.0 NOTE
r-release-windows-ix86+x86_64 1.0 4.00 22.00 26.00 NOTE
r-oldrel-windows-ix86+x86_64 1.0 7.00 27.00 34.00 NOTE

Check Details

Version: 1.0
Check: DESCRIPTION meta-information
Result: NOTE
    Malformed Description field: should contain one or more complete sentences.
Flavors: r-devel-linux-x86_64-debian-clang, r-devel-linux-x86_64-debian-gcc, r-devel-linux-x86_64-fedora-clang, r-devel-linux-x86_64-fedora-gcc, r-devel-osx-x86_64-clang, r-devel-windows-ix86+x86_64, r-patched-linux-x86_64, r-patched-solaris-sparc, r-patched-solaris-x86, r-release-linux-x86_64, r-release-osx-x86_64-mavericks, r-release-windows-ix86+x86_64

Version: 1.0
Check: dependencies in R code
Result: NOTE
    Packages in Depends field not imported from:
     ‘plyr’ ‘reshape2’
     These packages need to be imported from (in the NAMESPACE file)
     for when this namespace is loaded but not attached.
Flavors: r-devel-linux-x86_64-debian-clang, r-devel-linux-x86_64-debian-gcc, r-devel-linux-x86_64-fedora-clang, r-devel-linux-x86_64-fedora-gcc, r-devel-osx-x86_64-clang, r-devel-windows-ix86+x86_64, r-patched-linux-x86_64, r-patched-solaris-sparc, r-patched-solaris-x86, r-release-linux-x86_64, r-release-osx-x86_64-mavericks, r-release-windows-ix86+x86_64, r-oldrel-windows-ix86+x86_64

Version: 1.0
Check: R code for possible problems
Result: NOTE
    wordmatch: no visible global function definition for ‘llply’
    wordmatch : <anonymous>: no visible global function definition for
     ‘llply’
    wordmatch: no visible global function definition for ‘melt’
    wordmatch: no visible global function definition for ‘count’
    Undefined global functions or variables:
     count llply melt
Flavors: r-devel-linux-x86_64-debian-clang, r-devel-linux-x86_64-debian-gcc, r-devel-linux-x86_64-fedora-clang, r-devel-linux-x86_64-fedora-gcc, r-devel-osx-x86_64-clang, r-devel-windows-ix86+x86_64

Version: 1.0
Check: R code for possible problems
Result: NOTE
    wordmatch: no visible global function definition for ‘llply’
    wordmatch : <anonymous>: no visible global function definition for
     ‘llply’
    wordmatch: no visible global function definition for ‘melt’
    wordmatch: no visible global function definition for ‘count’
Flavors: r-patched-linux-x86_64, r-patched-solaris-sparc, r-patched-solaris-x86, r-release-linux-x86_64, r-release-osx-x86_64-mavericks, r-release-windows-ix86+x86_64, r-oldrel-windows-ix86+x86_64