CRAN Package Check Results for Package wordmatch

Last updated on 2015-05-26 11:48:49.

Flavor Version Tinstall Tcheck Ttotal Status Flags
r-devel-linux-x86_64-debian-clang 1.0 0.82 11.15 11.98 NOTE
r-devel-linux-x86_64-debian-gcc 1.0 0.78 10.90 11.68 NOTE
r-devel-linux-x86_64-fedora-clang 1.0 23.40 NOTE
r-devel-linux-x86_64-fedora-gcc 1.0 22.30 NOTE
r-devel-osx-x86_64-clang 1.0 26.73 NOTE
r-devel-windows-ix86+x86_64 1.0 3.00 19.00 22.00 NOTE
r-patched-linux-x86_64 1.0 0.78 11.48 12.26 NOTE
r-patched-solaris-sparc 1.0 163.60 NOTE
r-patched-solaris-x86 1.0 34.90 NOTE
r-release-linux-x86_64 1.0 0.79 10.76 11.56 NOTE
r-release-osx-x86_64-mavericks 1.0 NOTE
r-release-osx-x86_64-snowleopard 1.0 NOTE
r-release-windows-ix86+x86_64 1.0 3.00 20.00 23.00 NOTE
r-oldrel-windows-ix86+x86_64 1.0 6.00 25.00 31.00 NOTE

Check Details

Version: 1.0
Check: DESCRIPTION meta-information
Result: NOTE
    Malformed Description field: should contain one or more complete sentences.
Flavors: r-devel-linux-x86_64-debian-clang, r-devel-linux-x86_64-debian-gcc, r-devel-linux-x86_64-fedora-clang, r-devel-linux-x86_64-fedora-gcc, r-devel-osx-x86_64-clang, r-devel-windows-ix86+x86_64, r-patched-linux-x86_64, r-patched-solaris-sparc, r-patched-solaris-x86, r-release-linux-x86_64, r-release-osx-x86_64-mavericks, r-release-osx-x86_64-snowleopard, r-release-windows-ix86+x86_64

Version: 1.0
Check: dependencies in R code
Result: NOTE
    Packages in Depends field not imported from:
     ‘plyr’ ‘reshape2’
     These packages need to be imported from (in the NAMESPACE file)
     for when this namespace is loaded but not attached.
Flavors: r-devel-linux-x86_64-debian-clang, r-devel-linux-x86_64-debian-gcc, r-devel-linux-x86_64-fedora-clang, r-devel-linux-x86_64-fedora-gcc, r-devel-osx-x86_64-clang, r-devel-windows-ix86+x86_64, r-patched-linux-x86_64, r-patched-solaris-sparc, r-patched-solaris-x86, r-release-linux-x86_64, r-release-osx-x86_64-mavericks, r-release-osx-x86_64-snowleopard, r-release-windows-ix86+x86_64, r-oldrel-windows-ix86+x86_64

Version: 1.0
Check: R code for possible problems
Result: NOTE
    wordmatch: no visible global function definition for ‘llply’
    wordmatch : <anonymous>: no visible global function definition for
     ‘llply’
    wordmatch: no visible global function definition for ‘melt’
    wordmatch: no visible global function definition for ‘count’
Flavors: r-devel-linux-x86_64-debian-clang, r-devel-linux-x86_64-debian-gcc, r-devel-linux-x86_64-fedora-clang, r-devel-linux-x86_64-fedora-gcc, r-devel-osx-x86_64-clang, r-devel-windows-ix86+x86_64, r-patched-linux-x86_64, r-patched-solaris-sparc, r-patched-solaris-x86, r-release-linux-x86_64, r-release-osx-x86_64-mavericks, r-release-osx-x86_64-snowleopard, r-release-windows-ix86+x86_64, r-oldrel-windows-ix86+x86_64