CRAN Package Check Results for Package wordmatch

Last updated on 2016-02-14 19:48:01.

Flavor Version Tinstall Tcheck Ttotal Status Flags
r-devel-linux-x86_64-debian-gcc 1.0 0.82 9.71 10.54 NOTE
r-devel-linux-x86_64-fedora-clang 1.0 20.06 NOTE
r-devel-linux-x86_64-fedora-gcc 1.0 18.49 NOTE
r-devel-osx-x86_64-clang 1.0 22.52 NOTE
r-devel-windows-ix86+x86_64 1.0 5.00 28.00 33.00 NOTE
r-patched-linux-x86_64 1.0 0.96 10.77 11.72 NOTE
r-patched-solaris-sparc 1.0 136.00 NOTE
r-patched-solaris-x86 1.0 32.50 NOTE
r-release-linux-x86_64 1.0 0.92 10.82 11.74 NOTE
r-release-osx-x86_64-mavericks 1.0 NOTE
r-release-windows-ix86+x86_64 1.0 4.00 22.00 26.00 NOTE
r-oldrel-windows-ix86+x86_64 1.0 7.00 30.00 37.00 NOTE

Check Details

Version: 1.0
Check: DESCRIPTION meta-information
Result: NOTE
    Malformed Description field: should contain one or more complete sentences.
Flavors: r-devel-linux-x86_64-debian-gcc, r-devel-linux-x86_64-fedora-clang, r-devel-linux-x86_64-fedora-gcc, r-devel-osx-x86_64-clang, r-devel-windows-ix86+x86_64, r-patched-linux-x86_64, r-patched-solaris-sparc, r-patched-solaris-x86, r-release-linux-x86_64, r-release-osx-x86_64-mavericks, r-release-windows-ix86+x86_64

Version: 1.0
Check: dependencies in R code
Result: NOTE
    Packages in Depends field not imported from:
     ‘plyr’ ‘reshape2’
     These packages need to be imported from (in the NAMESPACE file)
     for when this namespace is loaded but not attached.
Flavors: r-devel-linux-x86_64-debian-gcc, r-devel-linux-x86_64-fedora-clang, r-devel-linux-x86_64-fedora-gcc, r-devel-osx-x86_64-clang, r-devel-windows-ix86+x86_64, r-patched-linux-x86_64, r-patched-solaris-sparc, r-patched-solaris-x86, r-release-linux-x86_64, r-release-osx-x86_64-mavericks, r-release-windows-ix86+x86_64, r-oldrel-windows-ix86+x86_64

Version: 1.0
Check: R code for possible problems
Result: NOTE
    wordmatch: no visible global function definition for ‘llply’
    wordmatch : <anonymous>: no visible global function definition for
     ‘llply’
    wordmatch: no visible global function definition for ‘melt’
    wordmatch: no visible global function definition for ‘count’
    Undefined global functions or variables:
     count llply melt
Flavors: r-devel-linux-x86_64-debian-gcc, r-devel-linux-x86_64-fedora-clang, r-devel-linux-x86_64-fedora-gcc, r-devel-osx-x86_64-clang, r-devel-windows-ix86+x86_64

Version: 1.0
Check: R code for possible problems
Result: NOTE
    wordmatch: no visible global function definition for ‘llply’
    wordmatch : <anonymous>: no visible global function definition for
     ‘llply’
    wordmatch: no visible global function definition for ‘melt’
    wordmatch: no visible global function definition for ‘count’
Flavors: r-patched-linux-x86_64, r-patched-solaris-sparc, r-patched-solaris-x86, r-release-linux-x86_64, r-release-osx-x86_64-mavericks, r-release-windows-ix86+x86_64, r-oldrel-windows-ix86+x86_64