CRAN Package Check Results for Package wordmatch

Last updated on 2014-11-26 05:48:02.

Flavor Version Tinstall Tcheck Ttotal Status Flags
r-devel-linux-x86_64-debian-clang 1.0 0.98 13.58 14.56 NOTE
r-devel-linux-x86_64-debian-gcc 1.0 0.93 13.22 14.15 NOTE
r-devel-linux-x86_64-fedora-clang 1.0 29.61 NOTE
r-devel-linux-x86_64-fedora-gcc 1.0 27.32 NOTE
r-devel-osx-x86_64-clang 1.0 32.87 NOTE
r-devel-windows-ix86+x86_64 1.0 3.00 24.00 27.00 NOTE
r-patched-linux-x86_64 1.0 1.14 13.23 14.37 NOTE
r-patched-solaris-sparc 1.0 209.30 NOTE
r-patched-solaris-x86 1.0 40.50 NOTE
r-release-linux-ix86 1.0 1.28 17.61 18.89 NOTE
r-release-linux-x86_64 1.0 1.00 13.10 14.10 NOTE
r-release-osx-x86_64-mavericks 1.0 NOTE
r-release-osx-x86_64-snowleopard 1.0 OK
r-release-windows-ix86+x86_64 1.0 3.00 25.00 28.00 NOTE
r-oldrel-windows-ix86+x86_64 1.0 4.00 28.00 32.00 NOTE

Check Details

Version: 1.0
Check: dependencies in R code
Result: NOTE
    Packages in Depends field not imported from:
     ‘plyr’ ‘reshape2’
     These packages need to be imported from (in the NAMESPACE file)
     for when this namespace is loaded but not attached.
    See the information on DESCRIPTION files in the chapter ‘Creating R
    packages’ of the ‘Writing R Extensions’ manual.
Flavors: r-devel-linux-x86_64-debian-clang, r-devel-linux-x86_64-debian-gcc, r-devel-linux-x86_64-fedora-clang, r-devel-linux-x86_64-fedora-gcc, r-devel-osx-x86_64-clang, r-devel-windows-ix86+x86_64, r-patched-linux-x86_64, r-patched-solaris-sparc, r-patched-solaris-x86, r-release-linux-ix86, r-release-linux-x86_64, r-release-osx-x86_64-mavericks, r-release-windows-ix86+x86_64, r-oldrel-windows-ix86+x86_64

Version: 1.0
Check: R code for possible problems
Result: NOTE
    wordmatch: no visible global function definition for ‘llply’
    wordmatch : <anonymous>: no visible global function definition for
     ‘llply’
    wordmatch: no visible global function definition for ‘melt’
    wordmatch: no visible global function definition for ‘count’
Flavors: r-devel-linux-x86_64-debian-clang, r-devel-linux-x86_64-debian-gcc, r-devel-linux-x86_64-fedora-clang, r-devel-linux-x86_64-fedora-gcc, r-devel-osx-x86_64-clang, r-devel-windows-ix86+x86_64, r-patched-linux-x86_64, r-patched-solaris-sparc, r-patched-solaris-x86, r-release-linux-ix86, r-release-linux-x86_64, r-release-windows-ix86+x86_64