CRAN Package Check Results for Package wordnet

Last updated on 2018-05-22 05:49:52 CEST.

Flavor Version Tinstall Tcheck Ttotal Status Flags
r-devel-linux-x86_64-debian-clang 0.1-14 2.71 38.51 41.22 OK
r-devel-linux-x86_64-debian-gcc 0.1-14 2.33 34.49 36.82 OK
r-devel-linux-x86_64-fedora-clang 0.1-14 51.84 OK
r-devel-linux-x86_64-fedora-gcc 0.1-14 50.26 OK
r-devel-windows-ix86+x86_64 0.1-14 7.00 72.00 79.00 OK
r-patched-linux-x86_64 0.1-14 1.97 38.81 40.78 OK
r-patched-solaris-x86 0.1-14 65.40 OK
r-release-linux-x86_64 0.1-14 1.89 37.68 39.57 OK
r-release-windows-ix86+x86_64 0.1-14 6.00 46.00 52.00 OK
r-release-osx-x86_64 0.1-14 NOTE
r-oldrel-windows-ix86+x86_64 0.1-14 7.00 56.00 63.00 OK
r-oldrel-osx-x86_64 0.1-14 NOTE

Check Details

Version: 0.1-14
Check: whether the namespace can be loaded with stated dependencies
Result: NOTE
    Warning in initDict() :
     cannot find WordNet 'dict' directory: please set the environment variable WNHOME to its parent
    
    A namespace must be able to be loaded with just the base namespace
    loaded: otherwise if the namespace gets loaded by a saved object, the
    session will be unable to start.
    
    Probably some imports need to be declared in the NAMESPACE file.
Flavors: r-release-osx-x86_64, r-oldrel-osx-x86_64