CRAN Package Check Results for Package wordnet

Last updated on 2015-08-31 04:49:07.

Flavor Version Tinstall Tcheck Ttotal Status Flags
r-devel-linux-x86_64-debian-clang 0.1-10 1.22 19.79 21.01 OK
r-devel-linux-x86_64-debian-gcc 0.1-10 1.33 19.18 20.51 OK
r-devel-linux-x86_64-fedora-clang 0.1-10 42.56 OK
r-devel-linux-x86_64-fedora-gcc 0.1-10 40.92 OK
r-devel-osx-x86_64-clang 0.1-10 36.63 OK
r-devel-windows-ix86+x86_64 0.1-10 7.00 43.00 50.00 NOTE
r-patched-linux-x86_64 0.1-10 1.39 19.63 21.02 OK
r-patched-solaris-sparc 0.1-10 262.50 OK
r-patched-solaris-x86 0.1-10 79.70 OK
r-release-linux-x86_64 0.1-10 1.36 19.69 21.05 OK
r-release-osx-x86_64-mavericks 0.1-10 OK
r-release-windows-ix86+x86_64 0.1-10 8.00 33.00 41.00 OK
r-oldrel-windows-ix86+x86_64 0.1-10 7.00 39.00 46.00 OK

Check Details

Version: 0.1-10
Check: whether the namespace can be loaded with stated dependencies
Result: NOTE
    Warning in initDict() :
     cannot find WordNet 'dict' directory: please set the environment variable WNHOME to its parent
    
    A namespace must be able to be loaded with just the base namespace
    loaded: otherwise if the namespace gets loaded by a saved object, the
    session will be unable to start.
    
    Probably some imports need to be declared in the NAMESPACE file.
Flavor: r-devel-windows-ix86+x86_64