CRAN Package Check Results for Package wordnet

Last updated on 2017-05-24 11:50:20.

Flavor Version Tinstall Tcheck Ttotal Status Flags
r-devel-linux-x86_64-debian-clang 0.1-11 1.46 21.63 23.08 OK
r-devel-linux-x86_64-debian-gcc 0.1-11 1.48 21.46 22.94 OK
r-devel-linux-x86_64-fedora-clang 0.1-11 47.99 OK --no-stop-on-test-error
r-devel-linux-x86_64-fedora-gcc 0.1-11 43.95 OK --no-stop-on-test-error
r-devel-windows-ix86+x86_64 0.1-11 7.00 51.00 58.00 OK
r-patched-linux-x86_64 0.1-11 1.57 21.48 23.04 OK
r-patched-solaris-sparc 0.1-11 257.80 OK
r-patched-solaris-x86 0.1-11 60.10 OK
r-release-linux-x86_64 0.1-11 1.47 21.40 22.87 OK
r-release-windows-ix86+x86_64 0.1-11 5.00 44.00 49.00 OK
r-release-osx-x86_64 0.1-11 NOTE
r-oldrel-windows-ix86+x86_64 0.1-11 4.00 41.00 45.00 OK
r-oldrel-osx-x86_64 0.1-11 NOTE

Check Details

Version: 0.1-11
Check: whether the namespace can be loaded with stated dependencies
Result: NOTE
    Warning in initDict() :
     cannot find WordNet 'dict' directory: please set the environment variable WNHOME to its parent
    
    A namespace must be able to be loaded with just the base namespace
    loaded: otherwise if the namespace gets loaded by a saved object, the
    session will be unable to start.
    
    Probably some imports need to be declared in the NAMESPACE file.
Flavors: r-release-osx-x86_64, r-oldrel-osx-x86_64