CRAN Package Check Results for Package wordnet

Last updated on 2017-08-18 04:47:15.

Flavor Version Tinstall Tcheck Ttotal Status Flags
r-devel-linux-x86_64-debian-clang 0.1-11 1.52 21.39 22.91 OK
r-devel-linux-x86_64-debian-gcc 0.1-11 1.44 21.05 22.49 OK
r-devel-linux-x86_64-fedora-clang 0.1-11 45.25 OK
r-devel-linux-x86_64-fedora-gcc 0.1-11 43.86 OK
r-devel-windows-ix86+x86_64 0.1-11 6.00 47.00 53.00 OK
r-patched-linux-x86_64 0.1-11 1.48 21.61 23.10 OK
r-patched-solaris-x86 0.1-11 60.40 OK
r-release-linux-x86_64 0.1-11 1.44 21.32 22.76 OK
r-release-windows-ix86+x86_64 0.1-11 5.00 45.00 50.00 OK
r-release-osx-x86_64 0.1-11 NOTE
r-oldrel-windows-ix86+x86_64 0.1-11 4.00 41.00 45.00 OK
r-oldrel-osx-x86_64 0.1-11 NOTE

Check Details

Version: 0.1-11
Check: whether the namespace can be loaded with stated dependencies
Result: NOTE
    Warning in initDict() :
     cannot find WordNet 'dict' directory: please set the environment variable WNHOME to its parent
    
    A namespace must be able to be loaded with just the base namespace
    loaded: otherwise if the namespace gets loaded by a saved object, the
    session will be unable to start.
    
    Probably some imports need to be declared in the NAMESPACE file.
Flavors: r-release-osx-x86_64, r-oldrel-osx-x86_64