CRAN Package Check Results for Package wordnet

Last updated on 2016-07-02 06:47:40.

Flavor Version Tinstall Tcheck Ttotal Status Flags
r-devel-linux-x86_64-debian-gcc 0.1-11 1.46 20.84 22.30 OK
r-devel-linux-x86_64-fedora-clang 0.1-11 38.68 OK
r-devel-linux-x86_64-fedora-gcc 0.1-11 38.68 OK
r-devel-osx-x86_64-clang 0.1-11 33.88 OK
r-devel-windows-ix86+x86_64 0.1-11 5.00 52.00 57.00 NOTE
r-patched-linux-x86_64 0.1-11 1.60 21.18 22.79 OK
r-patched-solaris-sparc 0.1-11 230.00 OK
r-patched-solaris-x86 0.1-11 53.90 OK
r-release-linux-x86_64 0.1-11 1.26 18.91 20.17 OK
r-release-osx-x86_64-mavericks 0.1-11 NOTE
r-release-windows-ix86+x86_64 0.1-11 4.00 52.00 56.00 NOTE
r-oldrel-windows-ix86+x86_64 0.1-11 6.00 34.00 40.00 OK

Check Details

Version: 0.1-11
Check: whether the namespace can be loaded with stated dependencies
Result: NOTE
    Warning in initDict() :
     cannot find WordNet 'dict' directory: please set the environment variable WNHOME to its parent
    
    A namespace must be able to be loaded with just the base namespace
    loaded: otherwise if the namespace gets loaded by a saved object, the
    session will be unable to start.
    
    Probably some imports need to be declared in the NAMESPACE file.
Flavors: r-devel-windows-ix86+x86_64, r-release-osx-x86_64-mavericks, r-release-windows-ix86+x86_64