CRAN Package Check Results for Package wordnet

Last updated on 2016-05-31 03:50:06.

Flavor Version Tinstall Tcheck Ttotal Status Flags
r-devel-linux-x86_64-debian-gcc 0.1-11 1.38 18.86 20.24 OK
r-devel-linux-x86_64-fedora-clang 0.1-11 38.09 OK
r-devel-linux-x86_64-fedora-gcc 0.1-11 36.13 OK
r-devel-osx-x86_64-clang 0.1-11 41.38 OK
r-devel-windows-ix86+x86_64 0.1-11 5.00 40.00 45.00 NOTE
r-patched-linux-x86_64 0.1-11 1.28 18.37 19.65 OK
r-patched-solaris-sparc 0.1-11 230.90 OK
r-patched-solaris-x86 0.1-11 54.10 OK
r-release-linux-x86_64 0.1-11 1.31 18.35 19.66 OK
r-release-osx-x86_64-mavericks 0.1-11 NOTE
r-release-windows-ix86+x86_64 0.1-11 4.00 52.00 56.00 NOTE
r-oldrel-windows-ix86+x86_64 0.1-11 6.00 34.00 40.00 OK

Check Details

Version: 0.1-11
Check: whether the namespace can be loaded with stated dependencies
Result: NOTE
    Warning in initDict() :
     cannot find WordNet 'dict' directory: please set the environment variable WNHOME to its parent
    
    A namespace must be able to be loaded with just the base namespace
    loaded: otherwise if the namespace gets loaded by a saved object, the
    session will be unable to start.
    
    Probably some imports need to be declared in the NAMESPACE file.
Flavors: r-devel-windows-ix86+x86_64, r-release-osx-x86_64-mavericks, r-release-windows-ix86+x86_64