CRAN Package Check Results for Package wordnet

Last updated on 2016-02-13 11:54:41.

Flavor Version Tinstall Tcheck Ttotal Status Flags
r-devel-linux-x86_64-debian-gcc 0.1-11 1.36 17.39 18.75 OK
r-devel-linux-x86_64-fedora-clang 0.1-11 38.62 OK
r-devel-linux-x86_64-fedora-gcc 0.1-11 36.73 OK
r-devel-osx-x86_64-clang 0.1-11 41.21 OK
r-devel-windows-ix86+x86_64 0.1-11 7.00 40.00 47.00 NOTE
r-patched-linux-x86_64 0.1-11 1.46 19.40 20.87 OK
r-patched-solaris-sparc 0.1-11 248.60 OK
r-patched-solaris-x86 0.1-11 56.10 OK
r-release-linux-x86_64 0.1-11 1.47 19.25 20.72 OK
r-release-osx-x86_64-mavericks 0.1-11 OK
r-release-windows-ix86+x86_64 0.1-11 6.00 34.00 40.00 OK
r-oldrel-windows-ix86+x86_64 0.1-11 9.00 44.00 53.00 OK

Check Details

Version: 0.1-11
Check: whether the namespace can be loaded with stated dependencies
Result: NOTE
    Warning in initDict() :
     cannot find WordNet 'dict' directory: please set the environment variable WNHOME to its parent
    
    A namespace must be able to be loaded with just the base namespace
    loaded: otherwise if the namespace gets loaded by a saved object, the
    session will be unable to start.
    
    Probably some imports need to be declared in the NAMESPACE file.
Flavor: r-devel-windows-ix86+x86_64