CRAN Package Check Results for Package wordnet

Last updated on 2017-10-16 23:47:55.

Flavor Version Tinstall Tcheck Ttotal Status Flags
r-devel-linux-x86_64-debian-clang 0.1-12 1.52 22.47 23.99 OK
r-devel-linux-x86_64-debian-gcc 0.1-12 1.98 24.27 26.25 OK
r-devel-linux-x86_64-fedora-clang 0.1-12 28.48 OK
r-devel-linux-x86_64-fedora-gcc 0.1-12 28.50 OK
r-devel-windows-ix86+x86_64 0.1-12 5.00 66.00 71.00 OK
r-patched-linux-x86_64 0.1-12 1.50 22.37 23.88 OK
r-patched-solaris-x86 0.1-12 54.50 OK
r-release-linux-x86_64 0.1-11 1.58 21.47 23.05 OK
r-release-windows-ix86+x86_64 0.1-12 4.00 42.00 46.00 OK
r-release-osx-x86_64 0.1-12 NOTE
r-oldrel-windows-ix86+x86_64 0.1-12 4.00 42.00 46.00 OK
r-oldrel-osx-x86_64 0.1-12 NOTE

Check Details

Version: 0.1-12
Check: whether the namespace can be loaded with stated dependencies
Result: NOTE
    Warning in initDict() :
     cannot find WordNet 'dict' directory: please set the environment variable WNHOME to its parent
    
    A namespace must be able to be loaded with just the base namespace
    loaded: otherwise if the namespace gets loaded by a saved object, the
    session will be unable to start.
    
    Probably some imports need to be declared in the NAMESPACE file.
Flavors: r-release-osx-x86_64, r-oldrel-osx-x86_64