CRAN Package Check Results for Package wordnet

Last updated on 2014-09-23 12:47:11.

Flavor Version Tinstall Tcheck Ttotal Status Flags
r-devel-linux-x86_64-debian-clang 0.1-10 1.82 23.39 25.20 OK
r-devel-linux-x86_64-debian-gcc 0.1-10 1.71 23.15 24.86 OK
r-devel-linux-x86_64-fedora-clang 0.1-10 52.06 OK
r-devel-linux-x86_64-fedora-gcc 0.1-10 49.59 OK
r-devel-osx-x86_64-clang 0.1-10 54.52 OK
r-devel-windows-ix86+x86_64 0.1-10 6.00 38.00 44.00 NOTE
r-patched-linux-x86_64 0.1-10 1.97 24.18 26.15 OK
r-patched-solaris-sparc 0.1-10 281.70 OK
r-patched-solaris-x86 0.1-10 80.10 OK
r-release-linux-ix86 0.1-10 2.89 38.22 41.11 OK
r-release-linux-x86_64 0.1-10 1.84 24.13 25.96 OK
r-release-osx-x86_64-mavericks 0.1-10 OK
r-release-osx-x86_64-snowleopard 0.1-10 OK
r-release-windows-ix86+x86_64 0.1-10 5.00 33.00 38.00 OK
r-oldrel-windows-ix86+x86_64 0.1-10 5.00 32.00 37.00 OK

Check Details

Version: 0.1-10
Check: R code for possible problems
Result: NOTE
    Warning in initDict() :
     cannot find WordNet 'dict' directory: please set the environment variable WNHOME to its parent
Flavor: r-devel-windows-ix86+x86_64