CRAN Package Check Results for Package wordnet

Last updated on 2016-09-26 11:51:55.

Flavor Version Tinstall Tcheck Ttotal Status Flags
r-devel-linux-x86_64-debian-clang 0.1-11 1.25 19.65 20.90 OK
r-devel-linux-x86_64-debian-gcc 0.1-11 1.27 17.96 19.23 OK
r-devel-linux-x86_64-fedora-clang 0.1-11 34.89 OK
r-devel-linux-x86_64-fedora-gcc 0.1-11 35.07 OK
r-devel-macos-x86_64-clang 0.1-11 31.67 OK
r-devel-windows-ix86+x86_64 0.1-11 5.00 87.00 92.00 OK
r-patched-linux-x86_64 0.1-11 1.29 18.45 19.75 OK
r-patched-solaris-sparc 0.1-11 230.00 OK
r-patched-solaris-x86 0.1-11 51.90 OK
r-release-linux-x86_64 0.1-11 1.27 18.81 20.09 OK
r-release-osx-x86_64-mavericks 0.1-11 NOTE
r-release-windows-ix86+x86_64 0.1-11 4.00 42.00 46.00 OK
r-oldrel-windows-ix86+x86_64 0.1-11 7.00 69.00 76.00 OK

Check Details

Version: 0.1-11
Check: whether the namespace can be loaded with stated dependencies
Result: NOTE
    Warning in initDict() :
     cannot find WordNet 'dict' directory: please set the environment variable WNHOME to its parent
    
    A namespace must be able to be loaded with just the base namespace
    loaded: otherwise if the namespace gets loaded by a saved object, the
    session will be unable to start.
    
    Probably some imports need to be declared in the NAMESPACE file.
Flavor: r-release-osx-x86_64-mavericks