CRAN Package Check Results for Package wordnet

Last updated on 2014-08-28 08:49:09.

Flavor Version Tinstall Tcheck Ttotal Status Flags
r-devel-linux-x86_64-debian-clang 0.1-9 1.85 22.93 24.78 OK
r-devel-linux-x86_64-debian-gcc 0.1-9 1.80 22.33 24.13 OK
r-devel-linux-x86_64-fedora-clang 0.1-9 50.90 NOTE
r-devel-linux-x86_64-fedora-gcc 0.1-9 48.29 NOTE
r-devel-osx-x86_64-clang 0.1-9 53.43 NOTE
r-devel-windows-ix86+x86_64 0.1-9 6.00 38.00 44.00 NOTE
r-patched-linux-x86_64 0.1-9 1.79 23.13 24.92 OK
r-patched-solaris-sparc 0.1-9 312.90 OK
r-patched-solaris-x86 0.1-9 73.90 OK
r-release-linux-ix86 0.1-9 2.61 30.92 33.53 OK
r-release-linux-x86_64 0.1-9 1.93 23.62 25.55 OK
r-release-osx-x86_64-mavericks 0.1-9 OK
r-release-osx-x86_64-snowleopard 0.1-9 OK
r-release-windows-ix86+x86_64 0.1-9 7.00 50.00 57.00 OK
r-oldrel-windows-ix86+x86_64 0.1-9 5.00 39.00 44.00 OK

Check Details

Version: 0.1-9
Check: R code for possible problems
Result: NOTE
    Warning in initDict() :
     cannot find WordNet 'dict' directory: please set the environment variable WNHOME to its parent
Flavors: r-devel-linux-x86_64-fedora-clang, r-devel-linux-x86_64-fedora-gcc, r-devel-osx-x86_64-clang, r-devel-windows-ix86+x86_64