CRAN Package Check Results for Package wordnet

Last updated on 2017-12-17 04:47:29 CET.

Flavor Version Tinstall Tcheck Ttotal Status Flags
r-devel-linux-x86_64-debian-clang 0.1-14 1.66 36.11 37.77 OK
r-devel-linux-x86_64-debian-gcc 0.1-14 1.56 30.60 32.16 OK
r-devel-linux-x86_64-fedora-clang 0.1-14 45.85 OK
r-devel-linux-x86_64-fedora-gcc 0.1-14 45.12 OK
r-devel-windows-ix86+x86_64 0.1-14 5.00 46.00 51.00 OK
r-patched-linux-x86_64 0.1-14 2.01 37.47 39.48 OK
r-patched-solaris-x86 0.1-14 60.40 OK
r-release-linux-x86_64 0.1-14 2.03 36.51 38.54 OK
r-release-windows-ix86+x86_64 0.1-14 5.00 42.00 47.00 OK
r-release-osx-x86_64 0.1-14 NOTE
r-oldrel-windows-ix86+x86_64 0.1-14 5.00 38.00 43.00 OK
r-oldrel-osx-x86_64 0.1-14 NOTE

Check Details

Version: 0.1-14
Check: whether the namespace can be loaded with stated dependencies
Result: NOTE
    Warning in initDict() :
     cannot find WordNet 'dict' directory: please set the environment variable WNHOME to its parent
    
    A namespace must be able to be loaded with just the base namespace
    loaded: otherwise if the namespace gets loaded by a saved object, the
    session will be unable to start.
    
    Probably some imports need to be declared in the NAMESPACE file.
Flavors: r-release-osx-x86_64, r-oldrel-osx-x86_64