CRAN Package Check Results for Package wordnet

Last updated on 2017-03-28 23:50:58.

Flavor Version Tinstall Tcheck Ttotal Status Flags
r-devel-linux-x86_64-debian-clang 0.1-11 1.40 21.25 22.65 OK
r-devel-linux-x86_64-debian-gcc 0.1-11 1.64 21.07 22.70 OK
r-devel-linux-x86_64-fedora-clang 0.1-11 45.37 OK --no-stop-on-test-error
r-devel-linux-x86_64-fedora-gcc 0.1-11 43.48 OK --no-stop-on-test-error
r-devel-macos-x86_64-clang 0.1-11 37.52 OK --no-stop-on-test-error
r-devel-windows-ix86+x86_64 0.1-11 5.00 60.00 65.00 OK
r-patched-linux-x86_64 0.1-11 1.53 21.81 23.34 OK
r-patched-solaris-sparc 0.1-11 257.80 OK
r-patched-solaris-x86 0.1-11 60.10 OK
r-release-linux-x86_64 0.1-11 1.33 18.50 19.83 OK
r-release-osx-x86_64-mavericks 0.1-11 NOTE
r-release-windows-ix86+x86_64 0.1-11 4.00 41.00 45.00 OK
r-oldrel-windows-ix86+x86_64 0.1-11 5.00 57.00 62.00 OK

Check Details

Version: 0.1-11
Check: whether the namespace can be loaded with stated dependencies
Result: NOTE
    Warning in initDict() :
     cannot find WordNet 'dict' directory: please set the environment variable WNHOME to its parent
    
    A namespace must be able to be loaded with just the base namespace
    loaded: otherwise if the namespace gets loaded by a saved object, the
    session will be unable to start.
    
    Probably some imports need to be declared in the NAMESPACE file.
Flavor: r-release-osx-x86_64-mavericks