CRAN Package Check Results for Package wordnet

Last updated on 2016-12-10 02:48:30.

Flavor Version Tinstall Tcheck Ttotal Status Flags
r-devel-linux-x86_64-debian-clang 0.1-11 1.50 21.16 22.66 OK
r-devel-linux-x86_64-debian-gcc 0.1-11 3.46 20.83 24.29 OK
r-devel-linux-x86_64-fedora-clang 0.1-11 45.32 OK --no-stop-on-test-error
r-devel-linux-x86_64-fedora-gcc 0.1-11 44.68 OK --no-stop-on-test-error
r-devel-macos-x86_64-clang 0.1-11 39.04 OK --no-stop-on-test-error
r-devel-windows-ix86+x86_64 0.1-11 8.00 45.00 53.00 OK
r-patched-linux-x86_64 0.1-11 1.25 18.88 20.13 OK
r-patched-solaris-sparc 0.1-11 230.00 OK
r-patched-solaris-x86 0.1-11 51.40 OK
r-release-linux-x86_64 0.1-11 1.42 18.58 20.00 OK
r-release-osx-x86_64-mavericks 0.1-11 NOTE
r-release-windows-ix86+x86_64 0.1-11 4.00 41.00 45.00 OK
r-oldrel-windows-ix86+x86_64 0.1-11 5.00 57.00 62.00 OK

Check Details

Version: 0.1-11
Check: whether the namespace can be loaded with stated dependencies
Result: NOTE
    Warning in initDict() :
     cannot find WordNet 'dict' directory: please set the environment variable WNHOME to its parent
    
    A namespace must be able to be loaded with just the base namespace
    loaded: otherwise if the namespace gets loaded by a saved object, the
    session will be unable to start.
    
    Probably some imports need to be declared in the NAMESPACE file.
Flavor: r-release-osx-x86_64-mavericks