CRAN Package Check Results for Package wpp2008

Last updated on 2017-03-29 20:50:01.

Flavor Version Tinstall Tcheck Ttotal Status Flags
r-devel-linux-x86_64-debian-clang 1.0-1 0.77 7.95 8.72 NOTE
r-devel-linux-x86_64-debian-gcc 1.0-1 0.78 8.03 8.81 NOTE
r-devel-linux-x86_64-fedora-clang 1.0-1 14.27 NOTE --no-stop-on-test-error
r-devel-linux-x86_64-fedora-gcc 1.0-1 14.30 NOTE --no-stop-on-test-error
r-devel-macos-x86_64-clang 1.0-1 13.72 NOTE --no-stop-on-test-error
r-devel-windows-ix86+x86_64 1.0-1 4.00 27.00 31.00 NOTE
r-patched-linux-x86_64 1.0-1 0.88 8.09 8.97 NOTE
r-patched-solaris-sparc 1.0-1 91.80 NOTE
r-patched-solaris-x86 1.0-1 21.20 NOTE
r-release-linux-x86_64 1.0-1 0.90 6.99 7.89 NOTE
r-release-osx-x86_64-mavericks 1.0-1 NOTE
r-release-windows-ix86+x86_64 1.0-1 4.00 21.00 25.00 NOTE
r-oldrel-windows-ix86+x86_64 1.0-1 3.00 28.00 31.00 NOTE

Check Details

Version: 1.0-1
Check: DESCRIPTION meta-information
Result: NOTE
    Malformed Description field: should contain one or more complete sentences.
Flavors: r-devel-linux-x86_64-debian-clang, r-devel-linux-x86_64-debian-gcc, r-devel-windows-ix86+x86_64, r-patched-linux-x86_64, r-patched-solaris-sparc, r-patched-solaris-x86, r-release-linux-x86_64, r-release-osx-x86_64-mavericks, r-release-windows-ix86+x86_64, r-oldrel-windows-ix86+x86_64

Version: 1.0-1
Flags: --no-stop-on-test-error
Check: DESCRIPTION meta-information
Result: NOTE
    Malformed Description field: should contain one or more complete sentences.
Flavors: r-devel-linux-x86_64-fedora-clang, r-devel-linux-x86_64-fedora-gcc, r-devel-macos-x86_64-clang