CRAN Package Check Results for Package wpp2008

Last updated on 2017-11-20 00:54:55.

Flavor Version Tinstall Tcheck Ttotal Status Flags
r-devel-linux-x86_64-debian-clang 1.0-1 0.72 7.95 8.68 NOTE
r-devel-linux-x86_64-debian-gcc 1.0-1 0.86 18.89 19.75 NOTE
r-devel-linux-x86_64-fedora-clang 1.0-1 13.78 NOTE
r-devel-linux-x86_64-fedora-gcc 1.0-1 13.70 NOTE
r-devel-windows-ix86+x86_64 1.0-1 6.00 21.00 27.00 NOTE
r-patched-linux-x86_64 1.0-1 0.91 8.42 9.33 NOTE
r-patched-solaris-x86 1.0-1 21.30 NOTE
r-release-linux-x86_64 1.0-1 0.91 8.32 9.23 NOTE
r-release-windows-ix86+x86_64 1.0-1 3.00 21.00 24.00 NOTE
r-release-osx-x86_64 1.0-1 NOTE
r-oldrel-windows-ix86+x86_64 1.0-1 4.00 21.00 25.00 NOTE
r-oldrel-osx-x86_64 1.0-1 NOTE

Check Details

Version: 1.0-1
Check: DESCRIPTION meta-information
Result: NOTE
    Malformed Description field: should contain one or more complete sentences.
Flavors: r-devel-linux-x86_64-debian-clang, r-devel-linux-x86_64-debian-gcc, r-devel-linux-x86_64-fedora-clang, r-devel-linux-x86_64-fedora-gcc, r-devel-windows-ix86+x86_64, r-patched-linux-x86_64, r-patched-solaris-x86, r-release-linux-x86_64, r-release-windows-ix86+x86_64, r-release-osx-x86_64, r-oldrel-windows-ix86+x86_64, r-oldrel-osx-x86_64