CRAN Package Check Results for Package wpp2008

Last updated on 2016-07-24 02:47:58.

Flavor Version Tinstall Tcheck Ttotal Status Flags
r-devel-linux-x86_64-debian-clang 1.0-1 0.84 11.22 12.06 NOTE
r-devel-linux-x86_64-debian-gcc 1.0-1 0.80 8.66 9.46 NOTE
r-devel-linux-x86_64-fedora-clang 1.0-1 11.92 NOTE
r-devel-linux-x86_64-fedora-gcc 1.0-1 11.89 NOTE
r-devel-osx-x86_64-clang 1.0-1 12.47 NOTE
r-devel-windows-ix86+x86_64 1.0-1 3.00 20.00 23.00 NOTE
r-patched-linux-x86_64 1.0-1 0.83 8.87 9.70 NOTE
r-patched-solaris-sparc 1.0-1 86.40 NOTE
r-patched-solaris-x86 1.0-1 19.40 NOTE
r-release-linux-x86_64 1.0-1 0.98 8.42 9.40 NOTE
r-release-osx-x86_64-mavericks 1.0-1 NOTE
r-release-windows-ix86+x86_64 1.0-1 4.00 28.00 32.00 NOTE
r-oldrel-windows-ix86+x86_64 1.0-1 4.00 18.00 22.00 NOTE

Check Details

Version: 1.0-1
Check: DESCRIPTION meta-information
Result: NOTE
    Malformed Description field: should contain one or more complete sentences.
Flavors: r-devel-linux-x86_64-debian-clang, r-devel-linux-x86_64-debian-gcc, r-devel-linux-x86_64-fedora-clang, r-devel-linux-x86_64-fedora-gcc, r-devel-osx-x86_64-clang, r-devel-windows-ix86+x86_64, r-patched-linux-x86_64, r-patched-solaris-sparc, r-patched-solaris-x86, r-release-linux-x86_64, r-release-osx-x86_64-mavericks, r-release-windows-ix86+x86_64, r-oldrel-windows-ix86+x86_64