CRAN Package Check Results for Package wpp2008

Last updated on 2015-09-04 05:47:12.

Flavor Version Tinstall Tcheck Ttotal Status Flags
r-devel-linux-x86_64-debian-clang 1.0-1 0.70 6.23 6.93 NOTE
r-devel-linux-x86_64-debian-gcc 1.0-1 0.68 6.50 7.18 NOTE
r-devel-linux-x86_64-fedora-clang 1.0-1 13.83 NOTE
r-devel-linux-x86_64-fedora-gcc 1.0-1 13.51 NOTE
r-devel-osx-x86_64-clang 1.0-1 18.17 NOTE
r-devel-windows-ix86+x86_64 1.0-1 4.00 15.00 19.00 NOTE
r-patched-linux-x86_64 1.0-1 0.75 6.75 7.50 NOTE
r-patched-solaris-sparc 1.0-1 92.70 NOTE
r-patched-solaris-x86 1.0-1 23.00 NOTE
r-release-linux-x86_64 1.0-1 0.73 6.54 7.27 NOTE
r-release-osx-x86_64-mavericks 1.0-1 NOTE
r-release-windows-ix86+x86_64 1.0-1 6.00 13.00 19.00 NOTE
r-oldrel-windows-ix86+x86_64 1.0-1 6.00 13.00 19.00 OK

Check Details

Version: 1.0-1
Check: DESCRIPTION meta-information
Result: NOTE
    Malformed Description field: should contain one or more complete sentences.
Flavors: r-devel-linux-x86_64-debian-clang, r-devel-linux-x86_64-debian-gcc, r-devel-linux-x86_64-fedora-clang, r-devel-linux-x86_64-fedora-gcc, r-devel-osx-x86_64-clang, r-devel-windows-ix86+x86_64, r-patched-linux-x86_64, r-patched-solaris-sparc, r-patched-solaris-x86, r-release-linux-x86_64, r-release-osx-x86_64-mavericks, r-release-windows-ix86+x86_64