CRAN Package Check Results for Package wpp2008

Last updated on 2016-09-26 21:51:54.

Flavor Version Tinstall Tcheck Ttotal Status Flags
r-devel-linux-x86_64-debian-clang 1.0-1 0.76 8.59 9.34 NOTE
r-devel-linux-x86_64-debian-gcc 1.0-1 0.96 7.17 8.13 NOTE
r-devel-linux-x86_64-fedora-clang 1.0-1 9.58 NOTE
r-devel-linux-x86_64-fedora-gcc 1.0-1 12.24 NOTE
r-devel-macos-x86_64-clang 1.0-1 12.66 NOTE
r-devel-windows-ix86+x86_64 1.0-1 4.00 44.00 48.00 NOTE
r-patched-linux-x86_64 1.0-1 0.71 7.02 7.73 NOTE
r-patched-solaris-sparc 1.0-1 86.40 NOTE
r-patched-solaris-x86 1.0-1 19.70 NOTE
r-release-linux-x86_64 1.0-1 0.79 7.28 8.07 NOTE
r-release-osx-x86_64-mavericks 1.0-1 NOTE
r-release-windows-ix86+x86_64 1.0-1 3.00 20.00 23.00 NOTE
r-oldrel-windows-ix86+x86_64 1.0-1 4.00 18.00 22.00 NOTE

Check Details

Version: 1.0-1
Check: DESCRIPTION meta-information
Result: NOTE
    Malformed Description field: should contain one or more complete sentences.
Flavors: r-devel-linux-x86_64-debian-clang, r-devel-linux-x86_64-debian-gcc, r-devel-linux-x86_64-fedora-clang, r-devel-linux-x86_64-fedora-gcc, r-devel-macos-x86_64-clang, r-devel-windows-ix86+x86_64, r-patched-linux-x86_64, r-patched-solaris-sparc, r-patched-solaris-x86, r-release-linux-x86_64, r-release-osx-x86_64-mavericks, r-release-windows-ix86+x86_64, r-oldrel-windows-ix86+x86_64