CRAN Package Check Results for Package wpp2008

Last updated on 2017-07-20 23:51:48.

Flavor Version Tinstall Tcheck Ttotal Status Flags
r-devel-linux-x86_64-debian-clang 1.0-1 0.88 14.17 15.05 NOTE
r-devel-linux-x86_64-debian-gcc 1.0-1 0.83 14.11 14.94 NOTE
r-devel-linux-x86_64-fedora-clang 1.0-1 14.01 NOTE
r-devel-linux-x86_64-fedora-gcc 1.0-1 13.97 NOTE
r-devel-windows-ix86+x86_64 1.0-1 4.00 21.00 25.00 NOTE
r-patched-linux-x86_64 1.0-1 0.79 14.39 15.19 NOTE
r-patched-solaris-x86 1.0-1 21.70 NOTE
r-release-linux-x86_64 1.0-1 0.80 14.67 15.47 NOTE
r-release-windows-ix86+x86_64 1.0-1 4.00 21.00 25.00 NOTE
r-release-osx-x86_64 1.0-1 NOTE
r-oldrel-windows-ix86+x86_64 1.0-1 4.00 21.00 25.00 NOTE
r-oldrel-osx-x86_64 1.0-1 NOTE

Check Details

Version: 1.0-1
Check: DESCRIPTION meta-information
Result: NOTE
    Malformed Description field: should contain one or more complete sentences.
Flavors: r-devel-linux-x86_64-debian-clang, r-devel-linux-x86_64-debian-gcc, r-devel-linux-x86_64-fedora-clang, r-devel-linux-x86_64-fedora-gcc, r-devel-windows-ix86+x86_64, r-patched-linux-x86_64, r-patched-solaris-x86, r-release-linux-x86_64, r-release-windows-ix86+x86_64, r-release-osx-x86_64, r-oldrel-windows-ix86+x86_64, r-oldrel-osx-x86_64