CRAN Package Check Results for Package wpp2008

Last updated on 2018-01-21 08:48:49 CET.

Flavor Version Tinstall Tcheck Ttotal Status Flags
r-devel-linux-x86_64-debian-clang 1.0-1 0.71 12.51 13.22 NOTE
r-devel-linux-x86_64-debian-gcc 1.0-1 0.70 9.98 10.68 NOTE
r-devel-linux-x86_64-fedora-clang 1.0-1 16.08 NOTE
r-devel-linux-x86_64-fedora-gcc 1.0-1 15.97 NOTE
r-devel-windows-ix86+x86_64 1.0-1 5.00 23.00 28.00 NOTE
r-patched-linux-x86_64 1.0-1 0.92 10.93 11.85 NOTE
r-patched-solaris-x86 1.0-1 24.00 NOTE
r-release-linux-x86_64 1.0-1 0.95 10.96 11.91 NOTE
r-release-windows-ix86+x86_64 1.0-1 3.00 21.00 24.00 NOTE
r-release-osx-x86_64 1.0-1 NOTE
r-oldrel-windows-ix86+x86_64 1.0-1 4.00 21.00 25.00 NOTE
r-oldrel-osx-x86_64 1.0-1 NOTE

Check Details

Version: 1.0-1
Check: DESCRIPTION meta-information
Result: NOTE
    Malformed Description field: should contain one or more complete sentences.
Flavors: r-devel-linux-x86_64-debian-clang, r-devel-linux-x86_64-debian-gcc, r-devel-linux-x86_64-fedora-clang, r-devel-linux-x86_64-fedora-gcc, r-devel-windows-ix86+x86_64, r-patched-linux-x86_64, r-patched-solaris-x86, r-release-linux-x86_64, r-release-windows-ix86+x86_64, r-release-osx-x86_64, r-oldrel-windows-ix86+x86_64, r-oldrel-osx-x86_64