CRAN Package Check Results for Package wpp2008

Last updated on 2016-12-05 17:49:46.

Flavor Version Tinstall Tcheck Ttotal Status Flags
r-devel-linux-x86_64-debian-clang 1.0-1 0.86 7.43 8.29 NOTE
r-devel-linux-x86_64-debian-gcc 1.0-1 0.84 7.59 8.43 NOTE
r-devel-linux-x86_64-fedora-clang 1.0-1 14.97 NOTE --no-stop-on-test-error
r-devel-linux-x86_64-fedora-gcc 1.0-1 14.03 NOTE --no-stop-on-test-error
r-devel-macos-x86_64-clang 1.0-1 13.98 NOTE
r-devel-windows-ix86+x86_64 1.0-1 6.00 23.00 29.00 NOTE
r-patched-linux-x86_64 1.0-1 0.82 7.15 7.97 NOTE
r-patched-solaris-sparc 1.0-1 86.40 NOTE
r-patched-solaris-x86 1.0-1 19.60 NOTE
r-release-linux-x86_64 1.0-1 0.82 7.21 8.03 NOTE
r-release-osx-x86_64-mavericks 1.0-1 NOTE
r-release-windows-ix86+x86_64 1.0-1 4.00 21.00 25.00 NOTE
r-oldrel-windows-ix86+x86_64 1.0-1 3.00 28.00 31.00 NOTE

Check Details

Version: 1.0-1
Check: DESCRIPTION meta-information
Result: NOTE
    Malformed Description field: should contain one or more complete sentences.
Flavors: r-devel-linux-x86_64-debian-clang, r-devel-linux-x86_64-debian-gcc, r-devel-macos-x86_64-clang, r-devel-windows-ix86+x86_64, r-patched-linux-x86_64, r-patched-solaris-sparc, r-patched-solaris-x86, r-release-linux-x86_64, r-release-osx-x86_64-mavericks, r-release-windows-ix86+x86_64, r-oldrel-windows-ix86+x86_64

Version: 1.0-1
Flags: --no-stop-on-test-error
Check: DESCRIPTION meta-information
Result: NOTE
    Malformed Description field: should contain one or more complete sentences.
Flavors: r-devel-linux-x86_64-fedora-clang, r-devel-linux-x86_64-fedora-gcc