CRAN Package Check Results for Package wpp2008

Last updated on 2016-08-25 23:48:35.

Flavor Version Tinstall Tcheck Ttotal Status Flags
r-devel-linux-x86_64-debian-clang 1.0-1 0.91 7.15 8.07 NOTE
r-devel-linux-x86_64-debian-gcc 1.0-1 0.76 7.32 8.08 NOTE
r-devel-linux-x86_64-fedora-clang 1.0-1 13.02 NOTE
r-devel-linux-x86_64-fedora-gcc 1.0-1 12.13 NOTE
r-devel-osx-x86_64-clang 1.0-1 12.56 NOTE
r-devel-windows-ix86+x86_64 1.0-1 5.00 27.00 32.00 NOTE
r-patched-linux-x86_64 1.0-1 0.70 7.15 7.86 NOTE
r-patched-solaris-sparc 1.0-1 86.40 NOTE
r-patched-solaris-x86 1.0-1 19.60 NOTE
r-release-linux-x86_64 1.0-1 0.73 7.16 7.89 NOTE
r-release-osx-x86_64-mavericks 1.0-1 NOTE
r-release-windows-ix86+x86_64 1.0-1 4.00 28.00 32.00 NOTE
r-oldrel-windows-ix86+x86_64 1.0-1 4.00 18.00 22.00 NOTE

Check Details

Version: 1.0-1
Check: DESCRIPTION meta-information
Result: NOTE
    Malformed Description field: should contain one or more complete sentences.
Flavors: r-devel-linux-x86_64-debian-clang, r-devel-linux-x86_64-debian-gcc, r-devel-linux-x86_64-fedora-clang, r-devel-linux-x86_64-fedora-gcc, r-devel-osx-x86_64-clang, r-devel-windows-ix86+x86_64, r-patched-linux-x86_64, r-patched-solaris-sparc, r-patched-solaris-x86, r-release-linux-x86_64, r-release-osx-x86_64-mavericks, r-release-windows-ix86+x86_64, r-oldrel-windows-ix86+x86_64