CRAN Package Check Results for Package wpp2008

Last updated on 2015-03-31 23:49:49.

Flavor Version Tinstall Tcheck Ttotal Status Flags
r-devel-linux-x86_64-debian-clang 1.0-1 0.76 6.88 7.64 NOTE
r-devel-linux-x86_64-debian-gcc 1.0-1 0.74 6.93 7.67 NOTE
r-devel-linux-x86_64-fedora-clang 1.0-1 14.66 NOTE
r-devel-linux-x86_64-fedora-gcc 1.0-1 13.97 NOTE
r-devel-osx-x86_64-clang 1.0-1 23.89 NOTE
r-prerel-windows-ix86+x86_64 1.0-1 5.00 13.00 18.00 NOTE
r-prerel-linux-x86_64 1.0-1 0.74 6.96 7.70 NOTE
r-prerel-solaris-sparc 1.0-1 92.50 NOTE
r-prerel-solaris-x86 1.0-1 21.50 NOTE
r-release-linux-x86_64 1.0-1 0.79 7.11 7.90 OK
r-release-osx-x86_64-mavericks 1.0-1 OK
r-release-osx-x86_64-snowleopard 1.0-1 OK
r-release-windows-ix86+x86_64 1.0-1 6.00 13.00 19.00 OK
r-oldrel-windows-ix86+x86_64 1.0-1 2.00 13.00 15.00 OK

Check Details

Version: 1.0-1
Check: DESCRIPTION meta-information
Result: NOTE
    Malformed Description field: should contain one or more complete sentences.
Flavors: r-devel-linux-x86_64-debian-clang, r-devel-linux-x86_64-debian-gcc, r-devel-linux-x86_64-fedora-clang, r-devel-linux-x86_64-fedora-gcc, r-devel-osx-x86_64-clang, r-prerel-windows-ix86+x86_64, r-prerel-linux-x86_64, r-prerel-solaris-sparc, r-prerel-solaris-x86