CRAN Package Check Results for Package wpp2008

Last updated on 2017-05-30 14:47:35.

Flavor Version Tinstall Tcheck Ttotal Status Flags
r-devel-linux-x86_64-debian-clang 1.0-1 0.84 8.03 8.86 NOTE
r-devel-linux-x86_64-debian-gcc 1.0-1 0.91 8.09 9.00 NOTE
r-devel-linux-x86_64-fedora-clang 1.0-1 14.91 NOTE
r-devel-linux-x86_64-fedora-gcc 1.0-1 13.88 NOTE
r-devel-windows-ix86+x86_64 1.0-1 4.00 28.00 32.00 NOTE
r-patched-linux-x86_64 1.0-1 0.94 7.80 8.74 NOTE
r-patched-solaris-sparc 1.0-1 91.80 NOTE
r-patched-solaris-x86 1.0-1 21.10 NOTE
r-release-linux-x86_64 1.0-1 0.94 8.02 8.96 NOTE
r-release-windows-ix86+x86_64 1.0-1 4.00 21.00 25.00 NOTE
r-release-osx-x86_64 1.0-1 NOTE
r-oldrel-windows-ix86+x86_64 1.0-1 4.00 21.00 25.00 NOTE
r-oldrel-osx-x86_64 1.0-1 NOTE

Check Details

Version: 1.0-1
Check: DESCRIPTION meta-information
Result: NOTE
    Malformed Description field: should contain one or more complete sentences.
Flavors: r-devel-linux-x86_64-debian-clang, r-devel-linux-x86_64-debian-gcc, r-devel-linux-x86_64-fedora-clang, r-devel-linux-x86_64-fedora-gcc, r-devel-windows-ix86+x86_64, r-patched-linux-x86_64, r-patched-solaris-sparc, r-patched-solaris-x86, r-release-linux-x86_64, r-release-windows-ix86+x86_64, r-release-osx-x86_64, r-oldrel-windows-ix86+x86_64, r-oldrel-osx-x86_64