CRAN Package Check Results for Package wpp2008

Last updated on 2018-04-21 14:47:19 CEST.

Flavor Version Tinstall Tcheck Ttotal Status Flags
r-devel-linux-x86_64-debian-clang 1.0-1 0.93 12.49 13.42 NOTE
r-devel-linux-x86_64-debian-gcc 1.0-1 0.67 10.08 10.75 NOTE
r-devel-linux-x86_64-fedora-clang 1.0-1 15.98 NOTE
r-devel-linux-x86_64-fedora-gcc 1.0-1 15.64 NOTE
r-devel-windows-ix86+x86_64 1.0-1 4.00 38.00 42.00 NOTE
r-devel-osx-x86_64 1.0-1 NOTE
r-patched-linux-x86_64 1.0-1 1.05 11.93 12.98 NOTE
r-patched-solaris-x86 1.0-1 26.20 NOTE
r-release-linux-x86_64 1.0-1 0.95 11.08 12.03 NOTE
r-release-windows-ix86+x86_64 1.0-1 3.00 21.00 24.00 NOTE
r-release-osx-x86_64 1.0-1 NOTE
r-oldrel-windows-ix86+x86_64 1.0-1 4.00 21.00 25.00 NOTE

Check Details

Version: 1.0-1
Check: DESCRIPTION meta-information
Result: NOTE
    Malformed Description field: should contain one or more complete sentences.
Flavors: r-devel-linux-x86_64-debian-clang, r-devel-linux-x86_64-debian-gcc, r-devel-linux-x86_64-fedora-clang, r-devel-linux-x86_64-fedora-gcc, r-devel-windows-ix86+x86_64, r-devel-osx-x86_64, r-patched-linux-x86_64, r-patched-solaris-x86, r-release-linux-x86_64, r-release-windows-ix86+x86_64, r-release-osx-x86_64, r-oldrel-windows-ix86+x86_64