CRAN Package Check Results for Package wpp2008

Last updated on 2016-05-02 08:51:13.

Flavor Version Tinstall Tcheck Ttotal Status Flags
r-devel-linux-x86_64-debian-gcc 1.0-1 0.72 7.13 7.85 NOTE
r-devel-linux-x86_64-fedora-clang 1.0-1 12.37 NOTE
r-devel-linux-x86_64-fedora-gcc 1.0-1 11.79 NOTE
r-devel-osx-x86_64-clang 1.0-1 19.41 NOTE
r-devel-windows-ix86+x86_64 1.0-1 4.00 20.00 24.00 NOTE
r-patched-linux-x86_64 1.0-1 0.80 6.81 7.61 NOTE
r-patched-solaris-sparc 1.0-1 86.00 NOTE
r-patched-solaris-x86 1.0-1 21.10 NOTE
r-release-linux-x86_64 1.0-1 0.88 7.30 8.18 NOTE
r-release-osx-x86_64-mavericks 1.0-1 NOTE
r-release-windows-ix86+x86_64 1.0-1 4.00 18.00 22.00 NOTE
r-oldrel-windows-ix86+x86_64 1.0-1 6.00 13.00 19.00 OK

Check Details

Version: 1.0-1
Check: DESCRIPTION meta-information
Result: NOTE
    Malformed Description field: should contain one or more complete sentences.
Flavors: r-devel-linux-x86_64-debian-gcc, r-devel-linux-x86_64-fedora-clang, r-devel-linux-x86_64-fedora-gcc, r-devel-osx-x86_64-clang, r-devel-windows-ix86+x86_64, r-patched-linux-x86_64, r-patched-solaris-sparc, r-patched-solaris-x86, r-release-linux-x86_64, r-release-osx-x86_64-mavericks, r-release-windows-ix86+x86_64