CRAN Package Check Results for Package wpp2008

Last updated on 2014-04-25 09:52:26.

Flavor Version Tinstall Tcheck Ttotal Status Flags
r-devel-linux-x86_64-debian-clang 1.0-1 0.84 6.93 7.77 OK
r-devel-linux-x86_64-debian-gcc 1.0-1 0.78 7.17 7.95 OK
r-devel-linux-x86_64-fedora-clang 1.0-1 15.86 OK
r-devel-linux-x86_64-fedora-gcc 1.0-1 15.37 OK
r-devel-osx-x86_64-clang 1.0-1 21.52 OK
r-devel-osx-x86_64-gcc 1.0-1 NOTE
r-devel-windows-ix86+x86_64 1.0-1 3.00 14.00 17.00 OK
r-patched-linux-x86_64 1.0-1 0.84 7.91 8.75 OK
r-patched-solaris-sparc 1.0-1 88.90 OK
r-patched-solaris-x86 1.0-1 23.10 OK
r-release-linux-ix86 1.0-1 2.00 16.00 18.00 OK
r-release-linux-x86_64 1.0-1 0.86 6.99 7.84 OK
r-release-osx-x86_64-mavericks 1.0-1 OK
r-release-osx-x86_64-snowleopard 1.0-1 OK
r-release-windows-ix86+x86_64 1.0-1 6.00 12.00 18.00 OK
r-oldrel-windows-ix86+x86_64 1.0-1 2.00 13.00 15.00 OK

Check Details

Version: 1.0-1
Check: Rd cross-references
Result: NOTE
    Packages unavailable to check Rd xrefs: ‘wpp2010’, ‘wpp2012’
Flavor: r-devel-osx-x86_64-gcc