CRAN Package Check Results for Package wpp2008

Last updated on 2015-07-04 03:48:36.

Flavor Version Tinstall Tcheck Ttotal Status Flags
r-devel-linux-x86_64-debian-clang 1.0-1 0.74 5.75 6.49 NOTE
r-devel-linux-x86_64-debian-gcc 1.0-1 0.71 6.67 7.38 NOTE
r-devel-linux-x86_64-fedora-clang 1.0-1 13.69 NOTE
r-devel-linux-x86_64-fedora-gcc 1.0-1 12.66 NOTE
r-devel-osx-x86_64-clang 1.0-1 15.15 NOTE
r-devel-windows-ix86+x86_64 1.0-1 4.00 12.00 16.00 NOTE
r-patched-linux-x86_64 1.0-1 0.74 6.99 7.72 NOTE
r-patched-solaris-sparc 1.0-1 105.80 NOTE
r-patched-solaris-x86 1.0-1 22.50 NOTE
r-release-linux-x86_64 1.0-1 0.78 6.58 7.36 NOTE
r-release-osx-x86_64-mavericks 1.0-1 NOTE
r-release-windows-ix86+x86_64 1.0-1 4.00 14.00 18.00 NOTE
r-oldrel-windows-ix86+x86_64 1.0-1 6.00 13.00 19.00 OK

Check Details

Version: 1.0-1
Check: DESCRIPTION meta-information
Result: NOTE
    Malformed Description field: should contain one or more complete sentences.
Flavors: r-devel-linux-x86_64-debian-clang, r-devel-linux-x86_64-debian-gcc, r-devel-linux-x86_64-fedora-clang, r-devel-linux-x86_64-fedora-gcc, r-devel-osx-x86_64-clang, r-devel-windows-ix86+x86_64, r-patched-linux-x86_64, r-patched-solaris-sparc, r-patched-solaris-x86, r-release-linux-x86_64, r-release-osx-x86_64-mavericks, r-release-windows-ix86+x86_64