CRAN Package Check Results for Package wpp2008

Last updated on 2017-09-23 17:48:27.

Flavor Version Tinstall Tcheck Ttotal Status Flags
r-devel-linux-x86_64-debian-clang 1.0-1 0.90 8.21 9.11 NOTE
r-devel-linux-x86_64-debian-gcc 1.0-1 0.80 8.01 8.82 NOTE
r-devel-linux-x86_64-fedora-clang 1.0-1 16.44 NOTE
r-devel-linux-x86_64-fedora-gcc 1.0-1 14.30 NOTE
r-devel-windows-ix86+x86_64 1.0-1 3.00 34.00 37.00 NOTE
r-patched-linux-x86_64 1.0-1 0.85 8.12 8.97 NOTE
r-patched-solaris-x86 1.0-1 21.60 NOTE
r-release-linux-x86_64 1.0-1 0.84 8.25 9.09 NOTE
r-release-windows-ix86+x86_64 1.0-1 3.00 21.00 24.00 NOTE
r-release-osx-x86_64 1.0-1 NOTE
r-oldrel-windows-ix86+x86_64 1.0-1 4.00 21.00 25.00 NOTE
r-oldrel-osx-x86_64 1.0-1 NOTE

Check Details

Version: 1.0-1
Check: DESCRIPTION meta-information
Result: NOTE
    Malformed Description field: should contain one or more complete sentences.
Flavors: r-devel-linux-x86_64-debian-clang, r-devel-linux-x86_64-debian-gcc, r-devel-linux-x86_64-fedora-clang, r-devel-linux-x86_64-fedora-gcc, r-devel-windows-ix86+x86_64, r-patched-linux-x86_64, r-patched-solaris-x86, r-release-linux-x86_64, r-release-windows-ix86+x86_64, r-release-osx-x86_64, r-oldrel-windows-ix86+x86_64, r-oldrel-osx-x86_64