CRAN Package Check Results for Package wpp2010

Last updated on 2016-08-26 06:47:40.

Flavor Version Tinstall Tcheck Ttotal Status Flags
r-devel-linux-x86_64-debian-clang 1.2-0 1.04 8.25 9.29 NOTE
r-devel-linux-x86_64-debian-gcc 1.2-0 1.32 10.02 11.34 NOTE
r-devel-linux-x86_64-fedora-clang 1.2-0 14.10 NOTE
r-devel-linux-x86_64-fedora-gcc 1.2-0 13.14 NOTE
r-devel-osx-x86_64-clang 1.2-0 13.43 NOTE
r-devel-windows-ix86+x86_64 1.2-0 6.00 27.00 33.00 NOTE
r-patched-linux-x86_64 1.2-0 0.90 7.82 8.72 NOTE
r-patched-solaris-sparc 1.2-0 91.90 NOTE
r-patched-solaris-x86 1.2-0 21.60 NOTE
r-release-linux-x86_64 1.2-0 0.94 7.85 8.78 NOTE
r-release-osx-x86_64-mavericks 1.2-0 NOTE
r-release-windows-ix86+x86_64 1.2-0 5.00 26.00 31.00 NOTE
r-oldrel-windows-ix86+x86_64 1.2-0 5.00 19.00 24.00 NOTE

Check Details

Version: 1.2-0
Check: installed package size
Result: NOTE
     installed size is 6.7Mb
     sub-directories of 1Mb or more:
     data 6.6Mb
Flavors: r-devel-linux-x86_64-debian-clang, r-devel-linux-x86_64-debian-gcc, r-devel-linux-x86_64-fedora-clang, r-devel-linux-x86_64-fedora-gcc, r-devel-osx-x86_64-clang, r-devel-windows-ix86+x86_64, r-patched-linux-x86_64, r-patched-solaris-sparc, r-patched-solaris-x86, r-release-linux-x86_64, r-release-osx-x86_64-mavericks, r-release-windows-ix86+x86_64, r-oldrel-windows-ix86+x86_64

Version: 1.2-0
Check: DESCRIPTION meta-information
Result: NOTE
    Malformed Description field: should contain one or more complete sentences.
Flavors: r-devel-linux-x86_64-debian-clang, r-devel-linux-x86_64-debian-gcc, r-devel-linux-x86_64-fedora-clang, r-devel-linux-x86_64-fedora-gcc, r-devel-osx-x86_64-clang, r-devel-windows-ix86+x86_64, r-patched-linux-x86_64, r-patched-solaris-sparc, r-patched-solaris-x86, r-release-linux-x86_64, r-release-osx-x86_64-mavericks, r-release-windows-ix86+x86_64, r-oldrel-windows-ix86+x86_64