CRAN Package Check Results for Package wpp2010

Last updated on 2015-09-04 11:47:59.

Flavor Version Tinstall Tcheck Ttotal Status Flags
r-devel-linux-x86_64-debian-clang 1.2-0 0.86 7.42 8.28 NOTE
r-devel-linux-x86_64-debian-gcc 1.2-0 0.84 7.26 8.10 NOTE
r-devel-linux-x86_64-fedora-clang 1.2-0 15.19 NOTE
r-devel-linux-x86_64-fedora-gcc 1.2-0 14.01 NOTE
r-devel-osx-x86_64-clang 1.2-0 20.05 NOTE
r-devel-windows-ix86+x86_64 1.2-0 5.00 15.00 20.00 NOTE
r-patched-linux-x86_64 1.2-0 0.88 7.94 8.83 NOTE
r-patched-solaris-sparc 1.2-0 98.00 NOTE
r-patched-solaris-x86 1.2-0 24.80 NOTE
r-release-linux-x86_64 1.2-0 0.91 7.50 8.41 NOTE
r-release-osx-x86_64-mavericks 1.2-0 NOTE
r-release-windows-ix86+x86_64 1.2-0 8.00 14.00 22.00 NOTE
r-oldrel-windows-ix86+x86_64 1.2-0 7.00 14.00 21.00 NOTE

Check Details

Version: 1.2-0
Check: installed package size
Result: NOTE
     installed size is 6.7Mb
     sub-directories of 1Mb or more:
     data 6.6Mb
Flavors: r-devel-linux-x86_64-debian-clang, r-devel-linux-x86_64-debian-gcc, r-devel-linux-x86_64-fedora-clang, r-devel-linux-x86_64-fedora-gcc, r-devel-osx-x86_64-clang, r-devel-windows-ix86+x86_64, r-patched-linux-x86_64, r-patched-solaris-sparc, r-patched-solaris-x86, r-release-linux-x86_64, r-release-osx-x86_64-mavericks, r-release-windows-ix86+x86_64, r-oldrel-windows-ix86+x86_64

Version: 1.2-0
Check: DESCRIPTION meta-information
Result: NOTE
    Malformed Description field: should contain one or more complete sentences.
Flavors: r-devel-linux-x86_64-debian-clang, r-devel-linux-x86_64-debian-gcc, r-devel-linux-x86_64-fedora-clang, r-devel-linux-x86_64-fedora-gcc, r-devel-osx-x86_64-clang, r-devel-windows-ix86+x86_64, r-patched-linux-x86_64, r-patched-solaris-sparc, r-patched-solaris-x86, r-release-linux-x86_64, r-release-osx-x86_64-mavericks, r-release-windows-ix86+x86_64