CRAN Package Check Results for Package wpp2010

Last updated on 2015-07-30 11:49:01.

Flavor Version Tinstall Tcheck Ttotal Status Flags
r-devel-linux-x86_64-debian-clang 1.2-0 0.92 7.52 8.44 NOTE
r-devel-linux-x86_64-debian-gcc 1.2-0 0.85 8.49 9.34 NOTE
r-devel-linux-x86_64-fedora-clang 1.2-0 14.93 NOTE
r-devel-linux-x86_64-fedora-gcc 1.2-0 14.29 NOTE
r-devel-osx-x86_64-clang 1.2-0 16.51 NOTE
r-devel-windows-ix86+x86_64 1.2-0 5.00 12.00 17.00 NOTE
r-patched-linux-x86_64 1.2-0 0.98 7.65 8.63 NOTE
r-patched-solaris-sparc 1.2-0 98.00 NOTE
r-patched-solaris-x86 1.2-0 24.40 NOTE
r-release-linux-x86_64 1.2-0 0.90 7.97 8.86 NOTE
r-release-osx-x86_64-mavericks 1.2-0 NOTE
r-release-windows-ix86+x86_64 1.2-0 5.00 14.00 19.00 NOTE
r-oldrel-windows-ix86+x86_64 1.2-0 7.00 14.00 21.00 NOTE

Check Details

Version: 1.2-0
Check: installed package size
Result: NOTE
     installed size is 6.7Mb
     sub-directories of 1Mb or more:
     data 6.6Mb
Flavors: r-devel-linux-x86_64-debian-clang, r-devel-linux-x86_64-debian-gcc, r-devel-linux-x86_64-fedora-clang, r-devel-linux-x86_64-fedora-gcc, r-devel-osx-x86_64-clang, r-devel-windows-ix86+x86_64, r-patched-linux-x86_64, r-patched-solaris-sparc, r-patched-solaris-x86, r-release-linux-x86_64, r-release-osx-x86_64-mavericks, r-release-windows-ix86+x86_64, r-oldrel-windows-ix86+x86_64

Version: 1.2-0
Check: DESCRIPTION meta-information
Result: NOTE
    Malformed Description field: should contain one or more complete sentences.
Flavors: r-devel-linux-x86_64-debian-clang, r-devel-linux-x86_64-debian-gcc, r-devel-linux-x86_64-fedora-clang, r-devel-linux-x86_64-fedora-gcc, r-devel-osx-x86_64-clang, r-devel-windows-ix86+x86_64, r-patched-linux-x86_64, r-patched-solaris-sparc, r-patched-solaris-x86, r-release-linux-x86_64, r-release-osx-x86_64-mavericks, r-release-windows-ix86+x86_64