CRAN Package Check Results for Package wpp2010

Last updated on 2017-04-24 08:48:26.

Flavor Version Tinstall Tcheck Ttotal Status Flags
r-devel-linux-x86_64-debian-clang 1.2-0 1.08 10.41 11.50 NOTE
r-devel-linux-x86_64-debian-gcc 1.2-0 1.08 8.53 9.61 NOTE
r-devel-linux-x86_64-fedora-clang 1.2-0 15.89 NOTE --no-stop-on-test-error
r-devel-linux-x86_64-fedora-gcc 1.2-0 15.35 NOTE --no-stop-on-test-error
r-devel-windows-ix86+x86_64 1.2-0 5.00 21.00 26.00 NOTE
r-patched-linux-x86_64 1.2-0 0.93 8.73 9.66 NOTE
r-patched-solaris-sparc 1.2-0 96.40 NOTE
r-patched-solaris-x86 1.2-0 22.80 NOTE
r-release-linux-x86_64 1.2-0 0.94 8.58 9.53 NOTE
r-release-windows-ix86+x86_64 1.2-0 5.00 21.00 26.00 NOTE
r-release-osx-x86_64 1.2-0 NOTE
r-oldrel-windows-ix86+x86_64 1.2-0 5.00 21.00 26.00 NOTE
r-oldrel-osx-x86_64 1.2-0 NOTE

Check Details

Version: 1.2-0
Check: DESCRIPTION meta-information
Result: NOTE
    Malformed Description field: should contain one or more complete sentences.
Flavors: r-devel-linux-x86_64-debian-clang, r-devel-linux-x86_64-debian-gcc, r-devel-windows-ix86+x86_64, r-patched-linux-x86_64, r-patched-solaris-sparc, r-patched-solaris-x86, r-release-linux-x86_64, r-release-windows-ix86+x86_64, r-release-osx-x86_64, r-oldrel-windows-ix86+x86_64, r-oldrel-osx-x86_64

Version: 1.2-0
Flags: --no-stop-on-test-error
Check: installed package size
Result: NOTE
     installed size is 6.7Mb
     sub-directories of 1Mb or more:
     data 6.6Mb
Flavors: r-devel-linux-x86_64-fedora-clang, r-devel-linux-x86_64-fedora-gcc

Version: 1.2-0
Flags: --no-stop-on-test-error
Check: DESCRIPTION meta-information
Result: NOTE
    Malformed Description field: should contain one or more complete sentences.
Flavors: r-devel-linux-x86_64-fedora-clang, r-devel-linux-x86_64-fedora-gcc

Version: 1.2-0
Check: installed package size
Result: NOTE
     installed size is 6.6Mb
     sub-directories of 1Mb or more:
     data 6.5Mb
Flavors: r-devel-windows-ix86+x86_64, r-patched-solaris-sparc, r-patched-solaris-x86, r-release-windows-ix86+x86_64, r-release-osx-x86_64, r-oldrel-windows-ix86+x86_64, r-oldrel-osx-x86_64