CRAN Package Check Results for Package wpp2010

Last updated on 2015-05-04 22:47:03.

Flavor Version Tinstall Tcheck Ttotal Status Flags
r-devel-linux-x86_64-debian-clang 1.2-0 0.90 8.25 9.15 NOTE
r-devel-linux-x86_64-debian-gcc 1.2-0 0.88 7.82 8.70 NOTE
r-devel-linux-x86_64-fedora-clang 1.2-0 15.51 NOTE
r-devel-linux-x86_64-fedora-gcc 1.2-0 15.40 NOTE
r-devel-osx-x86_64-clang 1.2-0 21.72 NOTE
r-devel-windows-ix86+x86_64 1.2-0 6.00 14.00 20.00 NOTE
r-patched-linux-x86_64 1.2-0 1.43 8.62 10.04 NOTE
r-patched-solaris-sparc 1.2-0 108.30 NOTE
r-patched-solaris-x86 1.2-0 24.40 NOTE
r-release-linux-x86_64 1.2-0 0.88 7.61 8.50 NOTE
r-release-osx-x86_64-mavericks 1.2-0 NOTE
r-release-osx-x86_64-snowleopard 1.2-0 NOTE
r-release-windows-ix86+x86_64 1.2-0 4.00 15.00 19.00 NOTE
r-oldrel-windows-ix86+x86_64 1.2-0 7.00 14.00 21.00 NOTE

Check Details

Version: 1.2-0
Check: installed package size
Result: NOTE
     installed size is 6.7Mb
     sub-directories of 1Mb or more:
     data 6.6Mb
Flavors: r-devel-linux-x86_64-debian-clang, r-devel-linux-x86_64-debian-gcc, r-devel-linux-x86_64-fedora-clang, r-devel-linux-x86_64-fedora-gcc, r-devel-osx-x86_64-clang, r-devel-windows-ix86+x86_64, r-patched-linux-x86_64, r-patched-solaris-sparc, r-patched-solaris-x86, r-release-linux-x86_64, r-release-osx-x86_64-mavericks, r-release-osx-x86_64-snowleopard, r-release-windows-ix86+x86_64, r-oldrel-windows-ix86+x86_64

Version: 1.2-0
Check: DESCRIPTION meta-information
Result: NOTE
    Malformed Description field: should contain one or more complete sentences.
Flavors: r-devel-linux-x86_64-debian-clang, r-devel-linux-x86_64-debian-gcc, r-devel-linux-x86_64-fedora-clang, r-devel-linux-x86_64-fedora-gcc, r-devel-osx-x86_64-clang, r-devel-windows-ix86+x86_64, r-patched-linux-x86_64, r-patched-solaris-sparc, r-patched-solaris-x86, r-release-linux-x86_64, r-release-osx-x86_64-mavericks, r-release-osx-x86_64-snowleopard, r-release-windows-ix86+x86_64