CRAN Package Check Results for Package wpp2010

Last updated on 2017-01-24 17:50:59.

Flavor Version Tinstall Tcheck Ttotal Status Flags
r-devel-linux-x86_64-debian-clang 1.2-0 1.04 10.22 11.26 NOTE
r-devel-linux-x86_64-debian-gcc 1.2-0 0.98 8.43 9.41 NOTE
r-devel-linux-x86_64-fedora-clang 1.2-0 14.91 NOTE --no-stop-on-test-error
r-devel-linux-x86_64-fedora-gcc 1.2-0 14.42 NOTE --no-stop-on-test-error
r-devel-macos-x86_64-clang 1.2-0 14.52 NOTE --no-stop-on-test-error
r-devel-windows-ix86+x86_64 1.2-0 5.00 21.00 26.00 NOTE
r-patched-linux-x86_64 1.2-0 0.88 7.85 8.73 NOTE
r-patched-solaris-sparc 1.2-0 92.80 NOTE
r-patched-solaris-x86 1.2-0 21.20 NOTE
r-release-linux-x86_64 1.2-0 1.07 7.98 9.05 NOTE
r-release-osx-x86_64-mavericks 1.2-0 NOTE
r-release-windows-ix86+x86_64 1.2-0 5.00 21.00 26.00 NOTE
r-oldrel-windows-ix86+x86_64 1.2-0 5.00 28.00 33.00 NOTE

Check Details

Version: 1.2-0
Check: DESCRIPTION meta-information
Result: NOTE
    Malformed Description field: should contain one or more complete sentences.
Flavors: r-devel-linux-x86_64-debian-clang, r-devel-linux-x86_64-debian-gcc, r-devel-windows-ix86+x86_64, r-patched-linux-x86_64, r-patched-solaris-sparc, r-patched-solaris-x86, r-release-linux-x86_64, r-release-osx-x86_64-mavericks, r-release-windows-ix86+x86_64, r-oldrel-windows-ix86+x86_64

Version: 1.2-0
Flags: --no-stop-on-test-error
Check: installed package size
Result: NOTE
     installed size is 6.7Mb
     sub-directories of 1Mb or more:
     data 6.6Mb
Flavors: r-devel-linux-x86_64-fedora-clang, r-devel-linux-x86_64-fedora-gcc, r-devel-macos-x86_64-clang

Version: 1.2-0
Flags: --no-stop-on-test-error
Check: DESCRIPTION meta-information
Result: NOTE
    Malformed Description field: should contain one or more complete sentences.
Flavors: r-devel-linux-x86_64-fedora-clang, r-devel-linux-x86_64-fedora-gcc, r-devel-macos-x86_64-clang

Version: 1.2-0
Check: installed package size
Result: NOTE
     installed size is 6.6Mb
     sub-directories of 1Mb or more:
     data 6.5Mb
Flavors: r-devel-windows-ix86+x86_64, r-patched-solaris-sparc, r-patched-solaris-x86, r-release-osx-x86_64-mavericks, r-release-windows-ix86+x86_64, r-oldrel-windows-ix86+x86_64