CRAN Package Check Results for Package wpp2010

Last updated on 2015-03-29 19:48:58.

Flavor Version Tinstall Tcheck Ttotal Status Flags
r-devel-linux-x86_64-debian-clang 1.2-0 0.92 7.67 8.60 NOTE
r-devel-linux-x86_64-debian-gcc 1.2-0 1.03 7.98 9.01 NOTE
r-devel-linux-x86_64-fedora-clang 1.2-0 15.33 NOTE
r-devel-linux-x86_64-fedora-gcc 1.2-0 14.96 NOTE
r-devel-osx-x86_64-clang 1.2-0 23.12 NOTE
r-prerel-windows-ix86+x86_64 1.2-0 6.00 14.00 20.00 NOTE
r-prerel-linux-x86_64 1.2-0 0.89 7.73 8.62 NOTE
r-prerel-solaris-sparc 1.2-0 108.30 NOTE
r-prerel-solaris-x86 1.2-0 24.30 NOTE
r-release-linux-x86_64 1.2-0 0.97 8.47 9.44 NOTE
r-release-osx-x86_64-mavericks 1.2-0 NOTE
r-release-windows-ix86+x86_64 1.2-0 7.00 14.00 21.00 NOTE
r-oldrel-windows-ix86+x86_64 1.2-0 2.00 16.00 18.00 NOTE

Check Details

Version: 1.2-0
Check: installed package size
Result: NOTE
     installed size is 6.7Mb
     sub-directories of 1Mb or more:
     data 6.6Mb
Flavors: r-devel-linux-x86_64-debian-clang, r-devel-linux-x86_64-debian-gcc, r-devel-linux-x86_64-fedora-clang, r-devel-linux-x86_64-fedora-gcc, r-devel-osx-x86_64-clang, r-prerel-windows-ix86+x86_64, r-prerel-linux-x86_64, r-prerel-solaris-sparc, r-prerel-solaris-x86, r-release-linux-x86_64, r-release-osx-x86_64-mavericks, r-release-windows-ix86+x86_64, r-oldrel-windows-ix86+x86_64

Version: 1.2-0
Check: DESCRIPTION meta-information
Result: NOTE
    Malformed Description field: should contain one or more complete sentences.
Flavors: r-devel-linux-x86_64-debian-clang, r-devel-linux-x86_64-debian-gcc, r-devel-linux-x86_64-fedora-clang, r-devel-linux-x86_64-fedora-gcc, r-devel-osx-x86_64-clang, r-prerel-windows-ix86+x86_64, r-prerel-linux-x86_64, r-prerel-solaris-sparc, r-prerel-solaris-x86