CRAN Package Check Results for Package wpp2010

Last updated on 2015-01-28 05:49:01.

Flavor Version Tinstall Tcheck Ttotal Status Flags
r-devel-linux-x86_64-debian-clang 1.2-0 1.10 7.28 8.38 NOTE
r-devel-linux-x86_64-debian-gcc 1.2-0 0.89 7.67 8.56 NOTE
r-devel-linux-x86_64-fedora-clang 1.2-0 18.79 NOTE
r-devel-linux-x86_64-fedora-gcc 1.2-0 17.16 NOTE
r-devel-osx-x86_64-clang 1.2-0 22.40 NOTE
r-devel-windows-ix86+x86_64 1.2-0 5.00 14.00 19.00 NOTE
r-patched-linux-x86_64 1.2-0 0.97 7.42 8.39 NOTE
r-patched-solaris-sparc 1.2-0 99.80 NOTE
r-patched-solaris-x86 1.2-0 25.60 NOTE
r-release-linux-ix86 1.2-0 1.36 10.60 11.95 NOTE
r-release-linux-x86_64 1.2-0 0.98 8.40 9.38 NOTE
r-release-osx-x86_64-mavericks 1.2-0 NOTE
r-release-windows-ix86+x86_64 1.2-0 5.00 17.00 22.00 NOTE
r-oldrel-windows-ix86+x86_64 1.2-0 2.00 16.00 18.00 NOTE

Check Details

Version: 1.2-0
Check: installed package size
Result: NOTE
     installed size is 6.7Mb
     sub-directories of 1Mb or more:
     data 6.6Mb
Flavors: r-devel-linux-x86_64-debian-clang, r-devel-linux-x86_64-debian-gcc, r-devel-linux-x86_64-fedora-clang, r-devel-linux-x86_64-fedora-gcc, r-devel-osx-x86_64-clang, r-devel-windows-ix86+x86_64, r-patched-linux-x86_64, r-patched-solaris-sparc, r-patched-solaris-x86, r-release-linux-ix86, r-release-linux-x86_64, r-release-osx-x86_64-mavericks, r-release-windows-ix86+x86_64, r-oldrel-windows-ix86+x86_64