CRAN Package Check Results for Package wpp2010

Last updated on 2014-12-21 23:47:16.

Flavor Version Tinstall Tcheck Ttotal Status Flags
r-devel-linux-x86_64-debian-clang 1.2-0 0.97 7.93 8.90 NOTE
r-devel-linux-x86_64-debian-gcc 1.2-0 0.90 8.39 9.29 NOTE
r-devel-linux-x86_64-fedora-clang 1.2-0 19.47 NOTE
r-devel-linux-x86_64-fedora-gcc 1.2-0 16.91 NOTE
r-devel-osx-x86_64-clang 1.2-0 21.88 NOTE
r-devel-windows-ix86+x86_64 1.2-0 6.00 17.00 23.00 NOTE
r-patched-linux-x86_64 1.2-0 0.98 7.70 8.68 NOTE
r-patched-solaris-sparc 1.2-0 102.90 NOTE
r-patched-solaris-x86 1.2-0 26.50 NOTE
r-release-linux-ix86 1.2-0 1.38 10.44 11.82 NOTE
r-release-linux-x86_64 1.2-0 0.98 8.08 9.05 NOTE
r-release-osx-x86_64-mavericks 1.2-0 NOTE
r-release-windows-ix86+x86_64 1.2-0 5.00 17.00 22.00 NOTE
r-oldrel-windows-ix86+x86_64 1.2-0 2.00 16.00 18.00 NOTE

Check Details

Version: 1.2-0
Check: installed package size
Result: NOTE
     installed size is 6.7Mb
     sub-directories of 1Mb or more:
     data 6.6Mb
Flavors: r-devel-linux-x86_64-debian-clang, r-devel-linux-x86_64-debian-gcc, r-devel-linux-x86_64-fedora-clang, r-devel-linux-x86_64-fedora-gcc, r-devel-osx-x86_64-clang, r-devel-windows-ix86+x86_64, r-patched-linux-x86_64, r-patched-solaris-sparc, r-patched-solaris-x86, r-release-linux-ix86, r-release-linux-x86_64, r-release-osx-x86_64-mavericks, r-release-windows-ix86+x86_64, r-oldrel-windows-ix86+x86_64