CRAN Package Check Results for Package wpp2010

Last updated on 2014-04-23 12:48:31.

Flavor Version Tinstall Tcheck Ttotal Status Flags
r-devel-linux-x86_64-debian-clang 1.2-0 1.06 7.92 8.98 NOTE
r-devel-linux-x86_64-debian-gcc 1.2-0 0.95 8.34 9.29 NOTE
r-devel-linux-x86_64-fedora-clang 1.2-0 18.47 NOTE
r-devel-linux-x86_64-fedora-gcc 1.2-0 17.53 NOTE
r-devel-osx-x86_64-clang 1.2-0 24.13 NOTE
r-devel-osx-x86_64-gcc 1.2-0 NOTE
r-devel-windows-ix86+x86_64 1.2-0 5.00 14.00 19.00 NOTE
r-patched-linux-x86_64 1.2-0 0.95 8.12 9.08 NOTE
r-patched-solaris-sparc 1.2-0 99.00 NOTE
r-patched-solaris-x86 1.2-0 26.70 NOTE
r-release-linux-ix86 1.2-0 2.00 18.00 20.00 NOTE
r-release-linux-x86_64 1.2-0 1.00 8.02 9.02 NOTE
r-release-osx-x86_64-mavericks 1.2-0 NOTE
r-release-windows-ix86+x86_64 1.2-0 7.00 13.00 20.00 NOTE
r-oldrel-windows-ix86+x86_64 1.2-0 2.00 16.00 18.00 NOTE

Check Details

Version: 1.2-0
Check: installed package size
Result: NOTE
     installed size is 6.7Mb
     sub-directories of 1Mb or more:
     data 6.6Mb
Flavors: r-devel-linux-x86_64-debian-clang, r-devel-linux-x86_64-debian-gcc, r-devel-linux-x86_64-fedora-clang, r-devel-linux-x86_64-fedora-gcc, r-devel-osx-x86_64-clang, r-devel-osx-x86_64-gcc, r-devel-windows-ix86+x86_64, r-patched-linux-x86_64, r-patched-solaris-sparc, r-patched-solaris-x86, r-release-linux-ix86, r-release-linux-x86_64, r-release-osx-x86_64-mavericks, r-release-windows-ix86+x86_64, r-oldrel-windows-ix86+x86_64