CRAN Package Check Results for Package wpp2010

Last updated on 2014-11-27 23:48:54.

Flavor Version Tinstall Tcheck Ttotal Status Flags
r-devel-linux-x86_64-debian-clang 1.2-0 0.96 8.17 9.13 NOTE
r-devel-linux-x86_64-debian-gcc 1.2-0 0.92 7.88 8.79 NOTE
r-devel-linux-x86_64-fedora-clang 1.2-0 17.77 NOTE
r-devel-linux-x86_64-fedora-gcc 1.2-0 17.43 NOTE
r-devel-osx-x86_64-clang 1.2-0 23.17 NOTE
r-devel-windows-ix86+x86_64 1.2-0 5.00 14.00 19.00 NOTE
r-patched-linux-x86_64 1.2-0 0.96 7.92 8.89 NOTE
r-patched-solaris-sparc 1.2-0 102.90 NOTE
r-patched-solaris-x86 1.2-0 25.50 NOTE
r-release-linux-ix86 1.2-0 1.37 10.53 11.90 NOTE
r-release-linux-x86_64 1.2-0 0.95 7.64 8.59 NOTE
r-release-osx-x86_64-mavericks 1.2-0 NOTE
r-release-windows-ix86+x86_64 1.2-0 5.00 17.00 22.00 NOTE
r-oldrel-windows-ix86+x86_64 1.2-0 2.00 16.00 18.00 NOTE

Check Details

Version: 1.2-0
Check: installed package size
Result: NOTE
     installed size is 6.7Mb
     sub-directories of 1Mb or more:
     data 6.6Mb
Flavors: r-devel-linux-x86_64-debian-clang, r-devel-linux-x86_64-debian-gcc, r-devel-linux-x86_64-fedora-clang, r-devel-linux-x86_64-fedora-gcc, r-devel-osx-x86_64-clang, r-devel-windows-ix86+x86_64, r-patched-linux-x86_64, r-patched-solaris-sparc, r-patched-solaris-x86, r-release-linux-ix86, r-release-linux-x86_64, r-release-osx-x86_64-mavericks, r-release-windows-ix86+x86_64, r-oldrel-windows-ix86+x86_64