CRAN Package Check Results for Package wpp2010

Last updated on 2018-04-22 00:47:19 CEST.

Flavor Version Tinstall Tcheck Ttotal Status Flags
r-devel-linux-x86_64-debian-clang 1.2-0 1.36 12.96 14.32 NOTE
r-devel-linux-x86_64-debian-gcc 1.2-0 0.89 10.51 11.40 NOTE
r-devel-linux-x86_64-fedora-clang 1.2-0 16.73 NOTE
r-devel-linux-x86_64-fedora-gcc 1.2-0 15.99 NOTE
r-devel-windows-ix86+x86_64 1.2-0 5.00 31.00 36.00 NOTE
r-devel-osx-x86_64 1.2-0 NOTE
r-patched-linux-x86_64 1.2-0 1.15 12.71 13.86 NOTE
r-patched-solaris-x86 1.2-0 27.10 NOTE
r-release-linux-x86_64 1.2-0 1.46 11.84 13.30 NOTE
r-release-windows-ix86+x86_64 1.2-0 5.00 21.00 26.00 NOTE
r-release-osx-x86_64 1.2-0 NOTE
r-oldrel-windows-ix86+x86_64 1.2-0 5.00 21.00 26.00 NOTE

Check Details

Version: 1.2-0
Check: DESCRIPTION meta-information
Result: NOTE
    Malformed Description field: should contain one or more complete sentences.
Flavors: r-devel-linux-x86_64-debian-clang, r-devel-linux-x86_64-debian-gcc, r-devel-linux-x86_64-fedora-clang, r-devel-linux-x86_64-fedora-gcc, r-devel-windows-ix86+x86_64, r-devel-osx-x86_64, r-patched-linux-x86_64, r-patched-solaris-x86, r-release-linux-x86_64, r-release-windows-ix86+x86_64, r-release-osx-x86_64, r-oldrel-windows-ix86+x86_64

Version: 1.2-0
Check: installed package size
Result: NOTE
     installed size is 6.7Mb
     sub-directories of 1Mb or more:
     data 6.6Mb
Flavors: r-devel-linux-x86_64-fedora-clang, r-devel-linux-x86_64-fedora-gcc, r-devel-windows-ix86+x86_64, r-devel-osx-x86_64, r-patched-solaris-x86, r-release-windows-ix86+x86_64, r-release-osx-x86_64, r-oldrel-windows-ix86+x86_64