CRAN Package Check Results for Package wpp2010

Last updated on 2016-12-09 13:47:26.

Flavor Version Tinstall Tcheck Ttotal Status Flags
r-devel-linux-x86_64-debian-clang 1.2-0 0.96 8.35 9.31 NOTE
r-devel-linux-x86_64-debian-gcc 1.2-0 0.94 8.09 9.03 NOTE
r-devel-linux-x86_64-fedora-clang 1.2-0 15.44 NOTE --no-stop-on-test-error
r-devel-linux-x86_64-fedora-gcc 1.2-0 15.52 NOTE --no-stop-on-test-error
r-devel-macos-x86_64-clang 1.2-0 14.62 NOTE
r-devel-windows-ix86+x86_64 1.2-0 7.00 22.00 29.00 NOTE
r-patched-linux-x86_64 1.2-0 0.89 8.06 8.95 NOTE
r-patched-solaris-sparc 1.2-0 91.90 NOTE
r-patched-solaris-x86 1.2-0 21.40 NOTE
r-release-linux-x86_64 1.2-0 1.01 7.86 8.87 NOTE
r-release-osx-x86_64-mavericks 1.2-0 NOTE
r-release-windows-ix86+x86_64 1.2-0 5.00 21.00 26.00 NOTE
r-oldrel-windows-ix86+x86_64 1.2-0 5.00 28.00 33.00 NOTE

Check Details

Version: 1.2-0
Check: DESCRIPTION meta-information
Result: NOTE
    Malformed Description field: should contain one or more complete sentences.
Flavors: r-devel-linux-x86_64-debian-clang, r-devel-linux-x86_64-debian-gcc, r-devel-macos-x86_64-clang, r-devel-windows-ix86+x86_64, r-patched-linux-x86_64, r-patched-solaris-sparc, r-patched-solaris-x86, r-release-linux-x86_64, r-release-osx-x86_64-mavericks, r-release-windows-ix86+x86_64, r-oldrel-windows-ix86+x86_64

Version: 1.2-0
Flags: --no-stop-on-test-error
Check: installed package size
Result: NOTE
     installed size is 6.7Mb
     sub-directories of 1Mb or more:
     data 6.6Mb
Flavors: r-devel-linux-x86_64-fedora-clang, r-devel-linux-x86_64-fedora-gcc

Version: 1.2-0
Flags: --no-stop-on-test-error
Check: DESCRIPTION meta-information
Result: NOTE
    Malformed Description field: should contain one or more complete sentences.
Flavors: r-devel-linux-x86_64-fedora-clang, r-devel-linux-x86_64-fedora-gcc

Version: 1.2-0
Check: installed package size
Result: NOTE
     installed size is 6.7Mb
     sub-directories of 1Mb or more:
     data 6.6Mb
Flavors: r-devel-macos-x86_64-clang, r-devel-windows-ix86+x86_64, r-patched-solaris-sparc, r-patched-solaris-x86, r-release-osx-x86_64-mavericks, r-release-windows-ix86+x86_64, r-oldrel-windows-ix86+x86_64