CRAN Package Check Results for Package wpp2010

Last updated on 2014-08-23 18:47:46.

Flavor Version Tinstall Tcheck Ttotal Status Flags
r-devel-linux-x86_64-debian-clang 1.2-0 1.10 8.30 9.40 NOTE
r-devel-linux-x86_64-debian-gcc 1.2-0 0.88 7.61 8.48 NOTE
r-devel-linux-x86_64-fedora-clang 1.2-0 16.01 NOTE
r-devel-linux-x86_64-fedora-gcc 1.2-0 15.57 NOTE
r-devel-osx-x86_64-clang 1.2-0 23.68 NOTE
r-devel-windows-ix86+x86_64 1.2-0 5.00 14.00 19.00 NOTE
r-patched-linux-x86_64 1.2-0 0.91 7.13 8.04 NOTE
r-patched-solaris-sparc 1.2-0 102.90 NOTE
r-patched-solaris-x86 1.2-0 25.90 NOTE
r-release-linux-ix86 1.2-0 1.38 11.72 13.10 NOTE
r-release-linux-x86_64 1.2-0 1.05 7.86 8.91 NOTE
r-release-osx-x86_64-mavericks 1.2-0 NOTE
r-release-windows-ix86+x86_64 1.2-0 6.00 18.00 24.00 NOTE
r-oldrel-windows-ix86+x86_64 1.2-0 2.00 16.00 18.00 NOTE

Check Details

Version: 1.2-0
Check: installed package size
Result: NOTE
     installed size is 6.7Mb
     sub-directories of 1Mb or more:
     data 6.6Mb
Flavors: r-devel-linux-x86_64-debian-clang, r-devel-linux-x86_64-debian-gcc, r-devel-linux-x86_64-fedora-clang, r-devel-linux-x86_64-fedora-gcc, r-devel-osx-x86_64-clang, r-devel-windows-ix86+x86_64, r-patched-linux-x86_64, r-patched-solaris-sparc, r-patched-solaris-x86, r-release-linux-ix86, r-release-linux-x86_64, r-release-osx-x86_64-mavericks, r-release-windows-ix86+x86_64, r-oldrel-windows-ix86+x86_64