CRAN Package Check Results for Package wpp2010

Last updated on 2016-02-06 09:48:22.

Flavor Version Tinstall Tcheck Ttotal Status Flags
r-devel-linux-x86_64-debian-gcc 1.2-0 0.93 6.80 7.73 NOTE
r-devel-linux-x86_64-fedora-clang 1.2-0 12.80 NOTE
r-devel-linux-x86_64-fedora-gcc 1.2-0 12.52 NOTE
r-devel-osx-x86_64-clang 1.2-0 22.57 NOTE
r-devel-windows-ix86+x86_64 1.2-0 7.00 19.00 26.00 NOTE
r-patched-linux-x86_64 1.2-0 0.95 7.63 8.59 NOTE
r-patched-solaris-sparc 1.2-0 90.60 NOTE
r-patched-solaris-x86 1.2-0 20.30 NOTE
r-release-linux-x86_64 1.2-0 0.95 7.84 8.79 NOTE
r-release-osx-x86_64-mavericks 1.2-0 NOTE
r-release-windows-ix86+x86_64 1.2-0 5.00 19.00 24.00 NOTE
r-oldrel-windows-ix86+x86_64 1.2-0 7.00 14.00 21.00 NOTE

Check Details

Version: 1.2-0
Check: installed package size
Result: NOTE
     installed size is 6.7Mb
     sub-directories of 1Mb or more:
     data 6.6Mb
Flavors: r-devel-linux-x86_64-debian-gcc, r-devel-linux-x86_64-fedora-clang, r-devel-linux-x86_64-fedora-gcc, r-devel-osx-x86_64-clang, r-devel-windows-ix86+x86_64, r-patched-linux-x86_64, r-patched-solaris-sparc, r-patched-solaris-x86, r-release-linux-x86_64, r-release-osx-x86_64-mavericks, r-release-windows-ix86+x86_64, r-oldrel-windows-ix86+x86_64

Version: 1.2-0
Check: DESCRIPTION meta-information
Result: NOTE
    Malformed Description field: should contain one or more complete sentences.
Flavors: r-devel-linux-x86_64-debian-gcc, r-devel-linux-x86_64-fedora-clang, r-devel-linux-x86_64-fedora-gcc, r-devel-osx-x86_64-clang, r-devel-windows-ix86+x86_64, r-patched-linux-x86_64, r-patched-solaris-sparc, r-patched-solaris-x86, r-release-linux-x86_64, r-release-osx-x86_64-mavericks, r-release-windows-ix86+x86_64