CRAN Package Check Results for Package wpp2012

Last updated on 2015-07-30 15:48:37.

Flavor Version Tinstall Tcheck Ttotal Status Flags
r-devel-linux-x86_64-debian-clang 2.2-1 1.23 9.26 10.49 NOTE
r-devel-linux-x86_64-debian-gcc 2.2-1 1.28 9.30 10.59 NOTE
r-devel-linux-x86_64-fedora-clang 2.2-1 17.66 NOTE
r-devel-linux-x86_64-fedora-gcc 2.2-1 17.27 NOTE
r-devel-osx-x86_64-clang 2.2-1 19.75 NOTE
r-devel-windows-ix86+x86_64 2.2-1 6.00 15.00 21.00 NOTE
r-patched-linux-x86_64 2.2-1 1.21 9.90 11.11 NOTE
r-patched-solaris-sparc 2.2-1 121.10 NOTE
r-patched-solaris-x86 2.2-1 29.40 NOTE
r-release-linux-x86_64 2.2-1 1.21 10.22 11.44 NOTE
r-release-osx-x86_64-mavericks 2.2-1 NOTE
r-release-windows-ix86+x86_64 2.2-1 7.00 16.00 23.00 NOTE
r-oldrel-windows-ix86+x86_64 2.2-1 8.00 17.00 25.00 NOTE

Check Details

Version: 2.2-1
Check: installed package size
Result: NOTE
     installed size is 12.8Mb
     sub-directories of 1Mb or more:
     data 12.7Mb
Flavors: r-devel-linux-x86_64-debian-clang, r-devel-linux-x86_64-debian-gcc, r-devel-linux-x86_64-fedora-clang, r-devel-linux-x86_64-fedora-gcc, r-devel-osx-x86_64-clang, r-devel-windows-ix86+x86_64, r-patched-linux-x86_64, r-patched-solaris-sparc, r-patched-solaris-x86, r-release-linux-x86_64, r-release-osx-x86_64-mavericks, r-release-windows-ix86+x86_64, r-oldrel-windows-ix86+x86_64

Version: 2.2-1
Check: DESCRIPTION meta-information
Result: NOTE
    Malformed Description field: should contain one or more complete sentences.
Flavors: r-devel-linux-x86_64-debian-clang, r-devel-linux-x86_64-debian-gcc, r-devel-linux-x86_64-fedora-clang, r-devel-linux-x86_64-fedora-gcc, r-devel-osx-x86_64-clang, r-devel-windows-ix86+x86_64, r-patched-linux-x86_64, r-patched-solaris-sparc, r-patched-solaris-x86, r-release-linux-x86_64, r-release-osx-x86_64-mavericks, r-release-windows-ix86+x86_64