CRAN Package Check Results for Package wpp2012

Last updated on 2014-08-30 08:50:19.

Flavor Version Tinstall Tcheck Ttotal Status Flags
r-devel-linux-x86_64-debian-clang 2.2-1 1.26 8.26 9.52 NOTE
r-devel-linux-x86_64-debian-gcc 2.2-1 1.16 8.41 9.57 NOTE
r-devel-linux-x86_64-fedora-clang 2.2-1 17.99 NOTE
r-devel-linux-x86_64-fedora-gcc 2.2-1 18.20 NOTE
r-devel-osx-x86_64-clang 2.2-1 24.80 NOTE
r-devel-windows-ix86+x86_64 2.2-1 6.00 14.00 20.00 NOTE
r-patched-linux-x86_64 2.2-1 1.29 8.50 9.78 NOTE
r-patched-solaris-sparc 2.2-1 105.10 NOTE
r-patched-solaris-x86 2.2-1 24.50 NOTE
r-release-linux-ix86 2.2-1 1.78 12.47 14.25 NOTE
r-release-linux-x86_64 2.2-1 1.28 8.42 9.71 NOTE
r-release-osx-x86_64-mavericks 2.2-1 NOTE
r-release-osx-x86_64-snowleopard 2.2-0 NOTE
r-release-windows-ix86+x86_64 2.2-1 6.00 15.00 21.00 NOTE
r-oldrel-windows-ix86+x86_64 2.2-1 7.00 16.00 23.00 NOTE

Check Details

Version: 2.2-1
Check: installed package size
Result: NOTE
     installed size is 12.8Mb
     sub-directories of 1Mb or more:
     data 12.7Mb
Flavors: r-devel-linux-x86_64-debian-clang, r-devel-linux-x86_64-debian-gcc, r-devel-linux-x86_64-fedora-clang, r-devel-linux-x86_64-fedora-gcc, r-devel-osx-x86_64-clang, r-devel-windows-ix86+x86_64, r-patched-linux-x86_64, r-patched-solaris-sparc, r-patched-solaris-x86, r-release-linux-ix86, r-release-linux-x86_64, r-release-osx-x86_64-mavericks, r-release-windows-ix86+x86_64, r-oldrel-windows-ix86+x86_64

Version: 2.2-0
Check: installed package size
Result: NOTE
     installed size is 12.8Mb
     sub-directories of 1Mb or more:
     data 12.7Mb
Flavor: r-release-osx-x86_64-snowleopard