CRAN Package Check Results for Package wpp2012

Last updated on 2017-09-24 11:48:46.

Flavor Version Tinstall Tcheck Ttotal Status Flags
r-devel-linux-x86_64-debian-clang 2.2-1 1.28 11.59 12.87 NOTE
r-devel-linux-x86_64-debian-gcc 2.2-1 1.25 10.75 12.00 NOTE
r-devel-linux-x86_64-fedora-clang 2.2-1 21.72 NOTE
r-devel-linux-x86_64-fedora-gcc 2.2-1 17.79 NOTE
r-devel-windows-ix86+x86_64 2.2-1 8.00 25.00 33.00 NOTE
r-patched-linux-x86_64 2.2-1 1.32 10.38 11.69 NOTE
r-patched-solaris-x86 2.2-1 28.50 NOTE
r-release-linux-x86_64 2.2-1 1.26 10.55 11.81 NOTE
r-release-windows-ix86+x86_64 2.2-1 7.00 25.00 32.00 NOTE
r-release-osx-x86_64 2.2-1 NOTE
r-oldrel-windows-ix86+x86_64 2.2-1 7.00 25.00 32.00 NOTE
r-oldrel-osx-x86_64 2.2-1 NOTE

Check Details

Version: 2.2-1
Check: DESCRIPTION meta-information
Result: NOTE
    Malformed Description field: should contain one or more complete sentences.
Flavors: r-devel-linux-x86_64-debian-clang, r-devel-linux-x86_64-debian-gcc, r-devel-linux-x86_64-fedora-clang, r-devel-linux-x86_64-fedora-gcc, r-devel-windows-ix86+x86_64, r-patched-linux-x86_64, r-patched-solaris-x86, r-release-linux-x86_64, r-release-windows-ix86+x86_64, r-release-osx-x86_64, r-oldrel-windows-ix86+x86_64, r-oldrel-osx-x86_64

Version: 2.2-1
Check: installed package size
Result: NOTE
     installed size is 12.8Mb
     sub-directories of 1Mb or more:
     data 12.7Mb
Flavors: r-devel-linux-x86_64-fedora-clang, r-devel-linux-x86_64-fedora-gcc, r-devel-windows-ix86+x86_64, r-patched-solaris-x86, r-release-windows-ix86+x86_64, r-release-osx-x86_64, r-oldrel-windows-ix86+x86_64, r-oldrel-osx-x86_64