CRAN Package Check Results for Package wpp2012

Last updated on 2017-01-17 23:49:45.

Flavor Version Tinstall Tcheck Ttotal Status Flags
r-devel-linux-x86_64-debian-clang 2.2-1 1.33 12.27 13.60 NOTE
r-devel-linux-x86_64-debian-gcc 2.2-1 1.26 10.43 11.69 NOTE
r-devel-linux-x86_64-fedora-clang 2.2-1 17.69 NOTE --no-stop-on-test-error
r-devel-linux-x86_64-fedora-gcc 2.2-1 17.94 NOTE --no-stop-on-test-error
r-devel-macos-x86_64-clang 2.2-1 18.07 NOTE --no-stop-on-test-error
r-devel-windows-ix86+x86_64 2.2-1 9.00 32.00 41.00 NOTE
r-patched-linux-x86_64 2.2-1 1.28 9.63 10.91 NOTE
r-patched-solaris-sparc 2.2-1 116.60 NOTE
r-patched-solaris-x86 2.2-1 26.00 NOTE
r-release-linux-x86_64 2.2-1 1.36 10.09 11.45 NOTE
r-release-osx-x86_64-mavericks 2.2-1 NOTE
r-release-windows-ix86+x86_64 2.2-1 7.00 25.00 32.00 NOTE
r-oldrel-windows-ix86+x86_64 2.2-1 6.00 31.00 37.00 NOTE

Check Details

Version: 2.2-1
Check: DESCRIPTION meta-information
Result: NOTE
    Malformed Description field: should contain one or more complete sentences.
Flavors: r-devel-linux-x86_64-debian-clang, r-devel-linux-x86_64-debian-gcc, r-devel-windows-ix86+x86_64, r-patched-linux-x86_64, r-patched-solaris-sparc, r-patched-solaris-x86, r-release-linux-x86_64, r-release-osx-x86_64-mavericks, r-release-windows-ix86+x86_64, r-oldrel-windows-ix86+x86_64

Version: 2.2-1
Flags: --no-stop-on-test-error
Check: installed package size
Result: NOTE
     installed size is 12.8Mb
     sub-directories of 1Mb or more:
     data 12.7Mb
Flavors: r-devel-linux-x86_64-fedora-clang, r-devel-linux-x86_64-fedora-gcc, r-devel-macos-x86_64-clang

Version: 2.2-1
Flags: --no-stop-on-test-error
Check: DESCRIPTION meta-information
Result: NOTE
    Malformed Description field: should contain one or more complete sentences.
Flavors: r-devel-linux-x86_64-fedora-clang, r-devel-linux-x86_64-fedora-gcc, r-devel-macos-x86_64-clang

Version: 2.2-1
Check: installed package size
Result: NOTE
     installed size is 12.6Mb
     sub-directories of 1Mb or more:
     data 12.6Mb
Flavors: r-devel-windows-ix86+x86_64, r-patched-solaris-sparc, r-patched-solaris-x86, r-release-osx-x86_64-mavericks, r-release-windows-ix86+x86_64, r-oldrel-windows-ix86+x86_64