CRAN Package Check Results for Package wpp2012

Last updated on 2014-12-21 19:48:53.

Flavor Version Tinstall Tcheck Ttotal Status Flags
r-devel-linux-x86_64-debian-clang 2.2-1 1.34 9.58 10.92 NOTE
r-devel-linux-x86_64-debian-gcc 2.2-1 1.31 10.46 11.77 NOTE
r-devel-linux-x86_64-fedora-clang 2.2-1 22.83 NOTE
r-devel-linux-x86_64-fedora-gcc 2.2-1 19.87 NOTE
r-devel-osx-x86_64-clang 2.2-1 28.67 NOTE
r-devel-windows-ix86+x86_64 2.2-1 10.00 20.00 30.00 NOTE
r-patched-linux-x86_64 2.2-1 1.46 9.47 10.93 NOTE
r-patched-solaris-sparc 2.2-1 105.10 NOTE
r-patched-solaris-x86 2.2-1 32.50 NOTE
r-release-linux-ix86 2.2-1 1.71 12.38 14.09 NOTE
r-release-linux-x86_64 2.2-1 1.58 9.14 10.71 NOTE
r-release-osx-x86_64-mavericks 2.2-1 NOTE
r-release-osx-x86_64-snowleopard 2.2-1 NOTE
r-release-windows-ix86+x86_64 2.2-1 6.00 20.00 26.00 NOTE
r-oldrel-windows-ix86+x86_64 2.2-1 7.00 16.00 23.00 NOTE

Check Details

Version: 2.2-1
Check: installed package size
Result: NOTE
     installed size is 12.8Mb
     sub-directories of 1Mb or more:
     data 12.7Mb
Flavors: r-devel-linux-x86_64-debian-clang, r-devel-linux-x86_64-debian-gcc, r-devel-linux-x86_64-fedora-clang, r-devel-linux-x86_64-fedora-gcc, r-devel-osx-x86_64-clang, r-devel-windows-ix86+x86_64, r-patched-linux-x86_64, r-patched-solaris-sparc, r-patched-solaris-x86, r-release-linux-ix86, r-release-linux-x86_64, r-release-osx-x86_64-mavericks, r-release-osx-x86_64-snowleopard, r-release-windows-ix86+x86_64, r-oldrel-windows-ix86+x86_64