CRAN Package Check Results for Package wpp2012

Last updated on 2015-01-28 19:49:36.

Flavor Version Tinstall Tcheck Ttotal Status Flags
r-devel-linux-x86_64-debian-clang 2.2-1 1.39 9.18 10.57 NOTE
r-devel-linux-x86_64-debian-gcc 2.2-1 1.22 10.06 11.27 NOTE
r-devel-linux-x86_64-fedora-clang 2.2-1 22.37 NOTE
r-devel-linux-x86_64-fedora-gcc 2.2-1 20.81 NOTE
r-devel-osx-x86_64-clang 2.2-1 28.97 NOTE
r-devel-windows-ix86+x86_64 2.2-1 7.00 15.00 22.00 NOTE
r-patched-linux-x86_64 2.2-1 1.32 9.13 10.45 NOTE
r-patched-solaris-sparc 2.2-1 126.60 NOTE
r-patched-solaris-x86 2.2-1 31.10 NOTE
r-release-linux-ix86 2.2-1 1.77 12.56 14.32 NOTE
r-release-linux-x86_64 2.2-1 1.31 9.69 11.00 NOTE
r-release-osx-x86_64-mavericks 2.2-1 NOTE
r-release-osx-x86_64-snowleopard 2.2-1 NOTE
r-release-windows-ix86+x86_64 2.2-1 6.00 20.00 26.00 NOTE
r-oldrel-windows-ix86+x86_64 2.2-1 7.00 16.00 23.00 NOTE

Check Details

Version: 2.2-1
Check: installed package size
Result: NOTE
     installed size is 12.8Mb
     sub-directories of 1Mb or more:
     data 12.7Mb
Flavors: r-devel-linux-x86_64-debian-clang, r-devel-linux-x86_64-debian-gcc, r-devel-linux-x86_64-fedora-clang, r-devel-linux-x86_64-fedora-gcc, r-devel-osx-x86_64-clang, r-devel-windows-ix86+x86_64, r-patched-linux-x86_64, r-patched-solaris-sparc, r-patched-solaris-x86, r-release-linux-ix86, r-release-linux-x86_64, r-release-osx-x86_64-mavericks, r-release-osx-x86_64-snowleopard, r-release-windows-ix86+x86_64, r-oldrel-windows-ix86+x86_64