CRAN Package Check Results for Package wpp2012

Last updated on 2014-07-29 03:48:49.

Flavor Version Tinstall Tcheck Ttotal Status Flags
r-devel-linux-x86_64-debian-clang 2.0-0 1.15 8.33 9.48 NOTE
r-devel-linux-x86_64-debian-gcc 2.0-0 1.19 8.26 9.45 NOTE
r-devel-linux-x86_64-fedora-clang 2.0-0 17.36 NOTE
r-devel-linux-x86_64-fedora-gcc 2.0-0 17.06 NOTE
r-devel-osx-x86_64-clang 2.0-0 23.98 NOTE
r-devel-windows-ix86+x86_64 2.0-0 5.00 14.00 19.00 NOTE
r-patched-linux-x86_64 2.0-0 1.14 8.56 9.70 NOTE
r-patched-solaris-sparc 2.0-0 109.00 NOTE
r-patched-solaris-x86 2.0-0 80.20 NOTE
r-release-linux-ix86 2.0-0 1.65 11.68 13.33 NOTE
r-release-linux-x86_64 2.0-0 1.17 8.25 9.42 NOTE
r-release-osx-x86_64-mavericks 2.0-0 NOTE
r-release-windows-ix86+x86_64 2.0-0 7.00 18.00 25.00 NOTE
r-oldrel-windows-ix86+x86_64 2.0-0 3.00 16.00 19.00 NOTE

Check Details

Version: 2.0-0
Check: installed package size
Result: NOTE
     installed size is 10.7Mb
     sub-directories of 1Mb or more:
     data 10.6Mb
Flavors: r-devel-linux-x86_64-debian-clang, r-devel-linux-x86_64-debian-gcc, r-devel-linux-x86_64-fedora-clang, r-devel-linux-x86_64-fedora-gcc, r-devel-osx-x86_64-clang, r-devel-windows-ix86+x86_64, r-patched-linux-x86_64, r-patched-solaris-sparc, r-patched-solaris-x86, r-release-linux-ix86, r-release-linux-x86_64, r-release-osx-x86_64-mavericks, r-release-windows-ix86+x86_64, r-oldrel-windows-ix86+x86_64