CRAN Package Check Results for Package wpp2012

Last updated on 2017-07-23 04:49:00.

Flavor Version Tinstall Tcheck Ttotal Status Flags
r-devel-linux-x86_64-debian-clang 2.2-1 1.42 17.38 18.80 NOTE
r-devel-linux-x86_64-debian-gcc 2.2-1 1.22 16.67 17.89 NOTE
r-devel-linux-x86_64-fedora-clang 2.2-1 17.76 NOTE
r-devel-linux-x86_64-fedora-gcc 2.2-1 17.60 NOTE
r-devel-windows-ix86+x86_64 2.2-1 7.00 22.00 29.00 NOTE
r-patched-linux-x86_64 2.2-1 1.25 17.17 18.43 NOTE
r-patched-solaris-x86 2.2-1 27.90 NOTE
r-release-linux-x86_64 2.2-1 1.30 17.16 18.46 NOTE
r-release-windows-ix86+x86_64 2.2-1 6.00 25.00 31.00 NOTE
r-release-osx-x86_64 2.2-1 NOTE
r-oldrel-windows-ix86+x86_64 2.2-1 7.00 25.00 32.00 NOTE
r-oldrel-osx-x86_64 2.2-1 NOTE

Check Details

Version: 2.2-1
Check: DESCRIPTION meta-information
Result: NOTE
    Malformed Description field: should contain one or more complete sentences.
Flavors: r-devel-linux-x86_64-debian-clang, r-devel-linux-x86_64-debian-gcc, r-devel-linux-x86_64-fedora-clang, r-devel-linux-x86_64-fedora-gcc, r-devel-windows-ix86+x86_64, r-patched-linux-x86_64, r-patched-solaris-x86, r-release-linux-x86_64, r-release-windows-ix86+x86_64, r-release-osx-x86_64, r-oldrel-windows-ix86+x86_64, r-oldrel-osx-x86_64

Version: 2.2-1
Check: installed package size
Result: NOTE
     installed size is 12.8Mb
     sub-directories of 1Mb or more:
     data 12.7Mb
Flavors: r-devel-linux-x86_64-fedora-clang, r-devel-linux-x86_64-fedora-gcc, r-devel-windows-ix86+x86_64, r-patched-solaris-x86, r-release-windows-ix86+x86_64, r-release-osx-x86_64, r-oldrel-windows-ix86+x86_64, r-oldrel-osx-x86_64