CRAN Package Check Results for Package wpp2012

Last updated on 2014-10-02 15:49:16.

Flavor Version Tinstall Tcheck Ttotal Status Flags
r-devel-linux-x86_64-debian-clang 2.2-1 1.32 9.80 11.13 NOTE
r-devel-linux-x86_64-debian-gcc 2.2-1 1.31 8.76 10.07 NOTE
r-devel-linux-x86_64-fedora-clang 2.2-1 18.86 NOTE
r-devel-linux-x86_64-fedora-gcc 2.2-1 18.72 NOTE
r-devel-osx-x86_64-clang 2.2-1 25.33 NOTE
r-devel-windows-ix86+x86_64 2.2-1 7.00 17.00 24.00 NOTE
r-patched-linux-x86_64 2.2-1 1.45 9.36 10.81 NOTE
r-patched-solaris-sparc 2.2-1 105.10 NOTE
r-patched-solaris-x86 2.2-1 30.80 NOTE
r-release-linux-ix86 2.2-1 2.01 12.81 14.82 NOTE
r-release-linux-x86_64 2.2-1 1.47 8.70 10.17 NOTE
r-release-osx-x86_64-mavericks 2.2-1 NOTE
r-release-osx-x86_64-snowleopard 2.2-1 NOTE
r-release-windows-ix86+x86_64 2.2-1 6.00 15.00 21.00 NOTE
r-oldrel-windows-ix86+x86_64 2.2-1 7.00 16.00 23.00 NOTE

Check Details

Version: 2.2-1
Check: installed package size
Result: NOTE
     installed size is 12.8Mb
     sub-directories of 1Mb or more:
     data 12.7Mb
Flavors: r-devel-linux-x86_64-debian-clang, r-devel-linux-x86_64-debian-gcc, r-devel-linux-x86_64-fedora-clang, r-devel-linux-x86_64-fedora-gcc, r-devel-osx-x86_64-clang, r-devel-windows-ix86+x86_64, r-patched-linux-x86_64, r-patched-solaris-sparc, r-patched-solaris-x86, r-release-linux-ix86, r-release-linux-x86_64, r-release-osx-x86_64-mavericks, r-release-osx-x86_64-snowleopard, r-release-windows-ix86+x86_64, r-oldrel-windows-ix86+x86_64