CRAN Package Check Results for Package wpp2012

Last updated on 2016-08-30 06:49:15.

Flavor Version Tinstall Tcheck Ttotal Status Flags
r-devel-linux-x86_64-debian-clang 2.2-1 1.24 11.48 12.72 NOTE
r-devel-linux-x86_64-debian-gcc 2.2-1 1.25 9.63 10.89 NOTE
r-devel-linux-x86_64-fedora-clang 2.2-1 16.31 NOTE
r-devel-linux-x86_64-fedora-gcc 2.2-1 16.01 NOTE
r-devel-osx-x86_64-clang 2.2-1 16.96 NOTE
r-devel-windows-ix86+x86_64 2.2-1 9.00 52.00 61.00 NOTE
r-patched-linux-x86_64 2.2-1 1.22 9.84 11.06 NOTE
r-patched-solaris-sparc 2.2-1 114.30 NOTE
r-patched-solaris-x86 2.2-1 26.40 NOTE
r-release-linux-x86_64 2.2-1 1.31 9.54 10.85 NOTE
r-release-osx-x86_64-mavericks 2.2-1 NOTE
r-release-windows-ix86+x86_64 2.2-1 8.00 31.00 39.00 NOTE
r-oldrel-windows-ix86+x86_64 2.2-1 7.00 24.00 31.00 NOTE

Check Details

Version: 2.2-1
Check: installed package size
Result: NOTE
     installed size is 12.8Mb
     sub-directories of 1Mb or more:
     data 12.7Mb
Flavors: r-devel-linux-x86_64-debian-clang, r-devel-linux-x86_64-debian-gcc, r-devel-linux-x86_64-fedora-clang, r-devel-linux-x86_64-fedora-gcc, r-devel-osx-x86_64-clang, r-devel-windows-ix86+x86_64, r-patched-linux-x86_64, r-patched-solaris-sparc, r-patched-solaris-x86, r-release-linux-x86_64, r-release-osx-x86_64-mavericks, r-release-windows-ix86+x86_64, r-oldrel-windows-ix86+x86_64

Version: 2.2-1
Check: DESCRIPTION meta-information
Result: NOTE
    Malformed Description field: should contain one or more complete sentences.
Flavors: r-devel-linux-x86_64-debian-clang, r-devel-linux-x86_64-debian-gcc, r-devel-linux-x86_64-fedora-clang, r-devel-linux-x86_64-fedora-gcc, r-devel-osx-x86_64-clang, r-devel-windows-ix86+x86_64, r-patched-linux-x86_64, r-patched-solaris-sparc, r-patched-solaris-x86, r-release-linux-x86_64, r-release-osx-x86_64-mavericks, r-release-windows-ix86+x86_64, r-oldrel-windows-ix86+x86_64