CRAN Package Check Results for Package wpp2012

Last updated on 2018-05-21 14:52:16 CEST.

Flavor Version Tinstall Tcheck Ttotal Status Flags
r-devel-linux-x86_64-debian-clang 2.2-1 1.84 13.95 15.79 NOTE
r-devel-linux-x86_64-debian-gcc 2.2-1 1.40 12.94 14.34 NOTE
r-devel-linux-x86_64-fedora-clang 2.2-1 20.71 NOTE
r-devel-linux-x86_64-fedora-gcc 2.2-1 20.11 NOTE
r-devel-windows-ix86+x86_64 2.2-1 8.00 35.00 43.00 NOTE
r-patched-linux-x86_64 2.2-1 1.71 15.08 16.79 NOTE
r-patched-solaris-x86 2.2-1 32.70 NOTE
r-release-linux-x86_64 2.2-1 1.83 14.91 16.74 NOTE
r-release-windows-ix86+x86_64 2.2-1 8.00 25.00 33.00 NOTE
r-release-osx-x86_64 2.2-1 NOTE
r-oldrel-windows-ix86+x86_64 2.2-1 7.00 25.00 32.00 NOTE
r-oldrel-osx-x86_64 2.2-1 NOTE

Check Details

Version: 2.2-1
Check: DESCRIPTION meta-information
Result: NOTE
    Malformed Description field: should contain one or more complete sentences.
Flavors: r-devel-linux-x86_64-debian-clang, r-devel-linux-x86_64-debian-gcc, r-devel-linux-x86_64-fedora-clang, r-devel-linux-x86_64-fedora-gcc, r-devel-windows-ix86+x86_64, r-patched-linux-x86_64, r-patched-solaris-x86, r-release-linux-x86_64, r-release-windows-ix86+x86_64, r-release-osx-x86_64, r-oldrel-windows-ix86+x86_64, r-oldrel-osx-x86_64

Version: 2.2-1
Check: installed package size
Result: NOTE
     installed size is 12.8Mb
     sub-directories of 1Mb or more:
     data 12.7Mb
Flavors: r-devel-linux-x86_64-fedora-clang, r-devel-linux-x86_64-fedora-gcc, r-devel-windows-ix86+x86_64, r-patched-solaris-x86, r-release-windows-ix86+x86_64, r-release-osx-x86_64, r-oldrel-windows-ix86+x86_64, r-oldrel-osx-x86_64