CRAN Package Check Results for Package wpp2012

Last updated on 2016-12-06 20:48:56.

Flavor Version Tinstall Tcheck Ttotal Status Flags
r-devel-linux-x86_64-debian-clang 2.2-1 1.31 11.05 12.37 NOTE
r-devel-linux-x86_64-debian-gcc 2.2-1 1.29 9.91 11.20 NOTE
r-devel-linux-x86_64-fedora-clang 2.2-1 19.44 NOTE --no-stop-on-test-error
r-devel-linux-x86_64-fedora-gcc 2.2-1 18.00 NOTE --no-stop-on-test-error
r-devel-macos-x86_64-clang 2.2-1 18.29 NOTE
r-devel-windows-ix86+x86_64 2.2-1 11.00 24.00 35.00 NOTE
r-patched-linux-x86_64 2.2-1 1.18 9.97 11.15 NOTE
r-patched-solaris-sparc 2.2-1 114.30 NOTE
r-patched-solaris-x86 2.2-1 26.30 NOTE
r-release-linux-x86_64 2.2-1 1.20 10.62 11.82 NOTE
r-release-osx-x86_64-mavericks 2.2-1 NOTE
r-release-windows-ix86+x86_64 2.2-1 7.00 25.00 32.00 NOTE
r-oldrel-windows-ix86+x86_64 2.2-1 6.00 31.00 37.00 NOTE

Check Details

Version: 2.2-1
Check: DESCRIPTION meta-information
Result: NOTE
    Malformed Description field: should contain one or more complete sentences.
Flavors: r-devel-linux-x86_64-debian-clang, r-devel-linux-x86_64-debian-gcc, r-devel-macos-x86_64-clang, r-devel-windows-ix86+x86_64, r-patched-linux-x86_64, r-patched-solaris-sparc, r-patched-solaris-x86, r-release-linux-x86_64, r-release-osx-x86_64-mavericks, r-release-windows-ix86+x86_64, r-oldrel-windows-ix86+x86_64

Version: 2.2-1
Flags: --no-stop-on-test-error
Check: installed package size
Result: NOTE
     installed size is 12.8Mb
     sub-directories of 1Mb or more:
     data 12.7Mb
Flavors: r-devel-linux-x86_64-fedora-clang, r-devel-linux-x86_64-fedora-gcc

Version: 2.2-1
Flags: --no-stop-on-test-error
Check: DESCRIPTION meta-information
Result: NOTE
    Malformed Description field: should contain one or more complete sentences.
Flavors: r-devel-linux-x86_64-fedora-clang, r-devel-linux-x86_64-fedora-gcc

Version: 2.2-1
Check: installed package size
Result: NOTE
     installed size is 12.8Mb
     sub-directories of 1Mb or more:
     data 12.7Mb
Flavors: r-devel-macos-x86_64-clang, r-devel-windows-ix86+x86_64, r-patched-solaris-sparc, r-patched-solaris-x86, r-release-osx-x86_64-mavericks, r-release-windows-ix86+x86_64, r-oldrel-windows-ix86+x86_64