CRAN Package Check Results for Package wpp2012

Last updated on 2017-05-29 16:48:47.

Flavor Version Tinstall Tcheck Ttotal Status Flags
r-devel-linux-x86_64-debian-clang 2.2-1 1.48 11.00 12.49 NOTE
r-devel-linux-x86_64-debian-gcc 2.2-1 1.30 10.06 11.36 NOTE
r-devel-linux-x86_64-fedora-clang 2.2-1 18.96 NOTE
r-devel-linux-x86_64-fedora-gcc 2.2-1 17.30 NOTE
r-devel-windows-ix86+x86_64 2.2-1 7.00 31.00 38.00 NOTE
r-patched-linux-x86_64 2.2-1 3.34 10.71 14.05 NOTE
r-patched-solaris-sparc 2.2-1 121.00 NOTE
r-patched-solaris-x86 2.2-1 28.10 NOTE
r-release-linux-x86_64 2.2-1 1.24 10.47 11.71 NOTE
r-release-windows-ix86+x86_64 2.2-1 6.00 25.00 31.00 NOTE
r-release-osx-x86_64 2.2-1 NOTE
r-oldrel-windows-ix86+x86_64 2.2-1 7.00 25.00 32.00 NOTE
r-oldrel-osx-x86_64 2.2-1 NOTE

Check Details

Version: 2.2-1
Check: DESCRIPTION meta-information
Result: NOTE
    Malformed Description field: should contain one or more complete sentences.
Flavors: r-devel-linux-x86_64-debian-clang, r-devel-linux-x86_64-debian-gcc, r-devel-linux-x86_64-fedora-clang, r-devel-linux-x86_64-fedora-gcc, r-devel-windows-ix86+x86_64, r-patched-linux-x86_64, r-patched-solaris-sparc, r-patched-solaris-x86, r-release-linux-x86_64, r-release-windows-ix86+x86_64, r-release-osx-x86_64, r-oldrel-windows-ix86+x86_64, r-oldrel-osx-x86_64

Version: 2.2-1
Check: installed package size
Result: NOTE
     installed size is 12.8Mb
     sub-directories of 1Mb or more:
     data 12.7Mb
Flavors: r-devel-linux-x86_64-fedora-clang, r-devel-linux-x86_64-fedora-gcc, r-devel-windows-ix86+x86_64, r-patched-solaris-sparc, r-patched-solaris-x86, r-release-windows-ix86+x86_64, r-release-osx-x86_64, r-oldrel-windows-ix86+x86_64, r-oldrel-osx-x86_64