CRAN Package Check Results for Package wpp2012

Last updated on 2017-11-23 11:53:03 CET.

Flavor Version Tinstall Tcheck Ttotal Status Flags
r-devel-linux-x86_64-debian-clang 2.2-1 1.24 14.33 15.57 NOTE
r-devel-linux-x86_64-debian-gcc 2.2-1 1.30 25.88 27.18 NOTE
r-devel-linux-x86_64-fedora-clang 2.2-1 17.13 NOTE
r-devel-linux-x86_64-fedora-gcc 2.2-1 16.60 NOTE
r-devel-windows-ix86+x86_64 2.2-1 8.00 24.00 32.00 NOTE
r-patched-linux-x86_64 2.2-1 2.12 28.10 30.21 NOTE
r-patched-solaris-x86 2.2-1 28.20 NOTE
r-release-linux-x86_64 2.2-1 1.24 11.23 12.47 NOTE
r-release-windows-ix86+x86_64 2.2-1 7.00 25.00 32.00 NOTE
r-release-osx-x86_64 2.2-1 NOTE
r-oldrel-windows-ix86+x86_64 2.2-1 7.00 25.00 32.00 NOTE
r-oldrel-osx-x86_64 2.2-1 NOTE

Check Details

Version: 2.2-1
Check: DESCRIPTION meta-information
Result: NOTE
    Malformed Description field: should contain one or more complete sentences.
Flavors: r-devel-linux-x86_64-debian-clang, r-devel-linux-x86_64-debian-gcc, r-devel-linux-x86_64-fedora-clang, r-devel-linux-x86_64-fedora-gcc, r-devel-windows-ix86+x86_64, r-patched-linux-x86_64, r-patched-solaris-x86, r-release-linux-x86_64, r-release-windows-ix86+x86_64, r-release-osx-x86_64, r-oldrel-windows-ix86+x86_64, r-oldrel-osx-x86_64

Version: 2.2-1
Check: installed package size
Result: NOTE
     installed size is 12.8Mb
     sub-directories of 1Mb or more:
     data 12.7Mb
Flavors: r-devel-linux-x86_64-fedora-clang, r-devel-linux-x86_64-fedora-gcc, r-devel-windows-ix86+x86_64, r-patched-solaris-x86, r-release-windows-ix86+x86_64, r-release-osx-x86_64, r-oldrel-windows-ix86+x86_64, r-oldrel-osx-x86_64