CRAN Package Check Results for Package wpp2012

Last updated on 2016-07-26 07:47:26.

Flavor Version Tinstall Tcheck Ttotal Status Flags
r-devel-linux-x86_64-debian-clang 2.2-1 1.52 12.33 13.85 NOTE
r-devel-linux-x86_64-debian-gcc 2.2-1 1.34 11.84 13.18 NOTE
r-devel-linux-x86_64-fedora-clang 2.2-1 15.82 NOTE
r-devel-linux-x86_64-fedora-gcc 2.2-1 15.38 NOTE
r-devel-osx-x86_64-clang 2.2-1 17.06 NOTE
r-devel-windows-ix86+x86_64 2.2-1 7.00 24.00 31.00 NOTE
r-patched-linux-x86_64 2.2-1 1.54 11.59 13.13 NOTE
r-patched-solaris-sparc 2.2-1 114.30 NOTE
r-patched-solaris-x86 2.2-1 26.60 NOTE
r-release-linux-x86_64 2.2-1 1.69 11.42 13.11 NOTE
r-release-osx-x86_64-mavericks 2.2-1 NOTE
r-release-windows-ix86+x86_64 2.2-1 8.00 31.00 39.00 NOTE
r-oldrel-windows-ix86+x86_64 2.2-1 7.00 24.00 31.00 NOTE

Check Details

Version: 2.2-1
Check: installed package size
Result: NOTE
     installed size is 12.8Mb
     sub-directories of 1Mb or more:
     data 12.7Mb
Flavors: r-devel-linux-x86_64-debian-clang, r-devel-linux-x86_64-debian-gcc, r-devel-linux-x86_64-fedora-clang, r-devel-linux-x86_64-fedora-gcc, r-devel-osx-x86_64-clang, r-devel-windows-ix86+x86_64, r-patched-linux-x86_64, r-patched-solaris-sparc, r-patched-solaris-x86, r-release-linux-x86_64, r-release-osx-x86_64-mavericks, r-release-windows-ix86+x86_64, r-oldrel-windows-ix86+x86_64

Version: 2.2-1
Check: DESCRIPTION meta-information
Result: NOTE
    Malformed Description field: should contain one or more complete sentences.
Flavors: r-devel-linux-x86_64-debian-clang, r-devel-linux-x86_64-debian-gcc, r-devel-linux-x86_64-fedora-clang, r-devel-linux-x86_64-fedora-gcc, r-devel-osx-x86_64-clang, r-devel-windows-ix86+x86_64, r-patched-linux-x86_64, r-patched-solaris-sparc, r-patched-solaris-x86, r-release-linux-x86_64, r-release-osx-x86_64-mavericks, r-release-windows-ix86+x86_64, r-oldrel-windows-ix86+x86_64