CRAN Package Check Results for Package wpp2012

Last updated on 2014-04-23 12:48:31.

Flavor Version Tinstall Tcheck Ttotal Status Flags
r-devel-linux-x86_64-debian-clang 2.0-0 1.24 9.16 10.40 NOTE
r-devel-linux-x86_64-debian-gcc 2.0-0 1.29 8.99 10.28 NOTE
r-devel-linux-x86_64-fedora-clang 2.0-0 20.06 NOTE
r-devel-linux-x86_64-fedora-gcc 2.0-0 19.79 NOTE
r-devel-osx-x86_64-clang 2.0-0 23.46 NOTE
r-devel-osx-x86_64-gcc 2.0-0 NOTE
r-devel-windows-ix86+x86_64 2.0-0 6.00 15.00 21.00 NOTE
r-patched-linux-x86_64 2.0-0 1.19 8.80 9.99 NOTE
r-patched-solaris-sparc 2.0-0 109.00 NOTE
r-patched-solaris-x86 2.0-0 27.40 NOTE
r-release-linux-ix86 2.0-0 2.00 18.00 20.00 NOTE
r-release-linux-x86_64 2.0-0 1.34 9.26 10.60 NOTE
r-release-osx-x86_64-mavericks 2.0-0 WARN
r-release-windows-ix86+x86_64 2.0-0 7.00 15.00 22.00 NOTE
r-oldrel-windows-ix86+x86_64 2.0-0 3.00 16.00 19.00 NOTE

Check Details

Version: 2.0-0
Check: installed package size
Result: NOTE
     installed size is 10.7Mb
     sub-directories of 1Mb or more:
     data 10.6Mb
Flavors: r-devel-linux-x86_64-debian-clang, r-devel-linux-x86_64-debian-gcc, r-devel-linux-x86_64-fedora-clang, r-devel-linux-x86_64-fedora-gcc, r-devel-osx-x86_64-clang, r-devel-osx-x86_64-gcc, r-devel-windows-ix86+x86_64, r-patched-linux-x86_64, r-patched-solaris-sparc, r-patched-solaris-x86, r-release-linux-ix86, r-release-linux-x86_64, r-release-osx-x86_64-mavericks, r-release-windows-ix86+x86_64, r-oldrel-windows-ix86+x86_64

Version: 2.0-0
Check: PDF version of manual
Result: WARNING
    LaTeX errors when creating PDF version.
    This typically indicates Rd problems.
    LaTeX errors found:
    ! LaTeX Error: File `upquote.sty' not found.
    
    Type X to quit or <RETURN> to proceed,
    or enter new name. (Default extension: sty)
    
    213a2bd/Rd2.tex:8: ==> Fatal error occurred, no output PDF file produced!
Flavor: r-release-osx-x86_64-mavericks