CRAN Package Check Results for Package wpp2012

Last updated on 2017-03-28 11:51:54.

Flavor Version Tinstall Tcheck Ttotal Status Flags
r-devel-linux-x86_64-debian-clang 2.2-1 1.26 10.31 11.57 NOTE
r-devel-linux-x86_64-debian-gcc 2.2-1 1.22 10.09 11.31 NOTE
r-devel-linux-x86_64-fedora-clang 2.2-1 18.01 NOTE --no-stop-on-test-error
r-devel-linux-x86_64-fedora-gcc 2.2-1 17.65 NOTE --no-stop-on-test-error
r-devel-macos-x86_64-clang 2.2-1 18.37 NOTE --no-stop-on-test-error
r-devel-windows-ix86+x86_64 2.2-1 6.00 31.00 37.00 NOTE
r-patched-linux-x86_64 2.2-1 1.33 10.70 12.03 NOTE
r-patched-solaris-sparc 2.2-1 121.00 NOTE
r-patched-solaris-x86 2.2-1 28.40 NOTE
r-release-linux-x86_64 2.2-1 1.19 10.00 11.19 NOTE
r-release-osx-x86_64-mavericks 2.2-1 NOTE
r-release-windows-ix86+x86_64 2.2-1 7.00 25.00 32.00 NOTE
r-oldrel-windows-ix86+x86_64 2.2-1 6.00 31.00 37.00 NOTE

Check Details

Version: 2.2-1
Check: DESCRIPTION meta-information
Result: NOTE
    Malformed Description field: should contain one or more complete sentences.
Flavors: r-devel-linux-x86_64-debian-clang, r-devel-linux-x86_64-debian-gcc, r-devel-windows-ix86+x86_64, r-patched-linux-x86_64, r-patched-solaris-sparc, r-patched-solaris-x86, r-release-linux-x86_64, r-release-osx-x86_64-mavericks, r-release-windows-ix86+x86_64, r-oldrel-windows-ix86+x86_64

Version: 2.2-1
Flags: --no-stop-on-test-error
Check: installed package size
Result: NOTE
     installed size is 12.8Mb
     sub-directories of 1Mb or more:
     data 12.7Mb
Flavors: r-devel-linux-x86_64-fedora-clang, r-devel-linux-x86_64-fedora-gcc, r-devel-macos-x86_64-clang

Version: 2.2-1
Flags: --no-stop-on-test-error
Check: DESCRIPTION meta-information
Result: NOTE
    Malformed Description field: should contain one or more complete sentences.
Flavors: r-devel-linux-x86_64-fedora-clang, r-devel-linux-x86_64-fedora-gcc, r-devel-macos-x86_64-clang

Version: 2.2-1
Check: installed package size
Result: NOTE
     installed size is 12.7Mb
     sub-directories of 1Mb or more:
     data 12.6Mb
Flavors: r-devel-windows-ix86+x86_64, r-patched-solaris-sparc, r-patched-solaris-x86, r-release-osx-x86_64-mavericks, r-release-windows-ix86+x86_64, r-oldrel-windows-ix86+x86_64