CRAN Package Check Results for Package wpp2019

Last updated on 2023-06-07 15:01:04 CEST.

Flavor Version Tinstall Tcheck Ttotal Status Flags
r-devel-linux-x86_64-debian-clang 1.1-1 2.31 48.35 50.66 OK
r-devel-linux-x86_64-debian-gcc 1.1-1 2.48 38.09 40.57 OK
r-devel-linux-x86_64-fedora-clang 1.1-1 62.05 NOTE
r-devel-linux-x86_64-fedora-gcc 1.1-1 58.70 OK
r-devel-windows-x86_64 1.1-1 5.00 62.00 67.00 NOTE
r-patched-linux-x86_64 1.1-1 2.74 45.32 48.06 OK
r-release-linux-x86_64 1.1-1 3.11 46.39 49.50 OK
r-release-macos-arm64 1.1-1 26.00 NOTE
r-release-macos-x86_64 1.1-1 38.00 NOTE
r-release-windows-x86_64 1.1-1 6.00 72.00 78.00 NOTE
r-oldrel-macos-arm64 1.1-1 24.00 NOTE
r-oldrel-macos-x86_64 1.1-1 42.00 NOTE
r-oldrel-windows-x86_64 1.1-1 7.00 73.00 80.00 NOTE

Check Details

Version: 1.1-1
Check: installed package size
Result: NOTE
     installed size is 11.4Mb
     sub-directories of 1Mb or more:
     data 11.3Mb
Flavors: r-devel-linux-x86_64-fedora-clang, r-devel-windows-x86_64, r-release-macos-arm64, r-release-macos-x86_64, r-release-windows-x86_64, r-oldrel-macos-arm64, r-oldrel-macos-x86_64, r-oldrel-windows-x86_64