CRAN Package Check Results for Package wppExplorer

Last updated on 2016-12-07 16:47:33.

Flavor Version Tinstall Tcheck Ttotal Status Flags
r-devel-linux-x86_64-debian-clang 2.0-1 4.12 49.43 53.56 OK
r-devel-linux-x86_64-debian-gcc 2.0-1 4.43 48.25 52.68 OK
r-devel-linux-x86_64-fedora-clang 2.0-1 133.86 OK --no-stop-on-test-error
r-devel-linux-x86_64-fedora-gcc 2.0-1 119.13 OK --no-stop-on-test-error
r-devel-macos-x86_64-clang 2.0-1 95.13 OK --no-stop-on-test-error
r-devel-windows-ix86+x86_64 2.0-1 16.00 87.00 103.00 OK
r-patched-linux-x86_64 2.0-1 3.86 46.23 50.09 OK
r-patched-solaris-sparc 2.0-1 565.20 OK
r-patched-solaris-x86 2.0-1 139.00 OK
r-release-linux-x86_64 2.0-1 3.58 46.01 49.58 OK
r-release-osx-x86_64-mavericks 2.0-1 NOTE
r-release-windows-ix86+x86_64 2.0-1 11.00 74.00 85.00 OK
r-oldrel-windows-ix86+x86_64 2.0-1 18.00 127.00 145.00 OK

Check Details

Version: 2.0-1
Check: R code for possible problems
Result: NOTE
    
    This data.table install has not detected OpenMP support. It will work but slower in single threaded mode.
Flavor: r-release-osx-x86_64-mavericks