CRAN Package Check Results for Package wppExplorer

Last updated on 2014-04-16 18:47:58.

Flavor Version Tinstall Tcheck Ttotal Status Flags
r-devel-linux-x86_64-debian-clang 1.2-0 3.33 37.71 41.04 OK
r-devel-linux-x86_64-debian-gcc 1.2-0 3.06 37.57 40.63 OK
r-devel-linux-x86_64-fedora-clang 1.2-0 76.82 OK
r-devel-linux-x86_64-fedora-gcc 1.2-0 74.78 OK
r-devel-macosx-x86_64-clang 1.2-0 90.74 OK
r-devel-macosx-x86_64-gcc 1.2-0 ERROR
r-devel-windows-ix86+x86_64 1.2-0 10.00 57.00 67.00 OK
r-patched-linux-x86_64 1.2-0 3.05 38.37 41.42 OK
r-patched-solaris-sparc 1.2-0 466.70 OK
r-patched-solaris-x86 1.2-0 102.20 OK
r-release-linux-ix86 1.2-0 7.00 68.00 75.00 OK
r-release-linux-x86_64 1.2-0 3.01 37.59 40.60 OK
r-release-macosx-x86_64 1.2-0 OK
r-release-windows-ix86+x86_64 1.2-0 10.00 66.00 76.00 OK
r-oldrel-windows-ix86+x86_64 1.2-0 12.00 68.00 80.00 OK

Check Details

Version: 1.2-0
Check: package dependencies
Result: ERROR
    Packages required but not available: ‘Hmisc’ ‘ggplot2’
    
    See the information on DESCRIPTION files in the chapter ‘Creating R
    packages’ of the ‘Writing R Extensions’ manual.
Flavor: r-devel-macosx-x86_64-gcc