CRAN Package Check Results for Package wppExplorer

Last updated on 2015-04-19 17:48:55.

Flavor Version Tinstall Tcheck Ttotal Status Flags
r-devel-linux-x86_64-debian-clang 1.6-1 1.68 23.49 25.17 OK
r-devel-linux-x86_64-debian-gcc 1.6-1 2.20 23.77 25.97 OK
r-devel-linux-x86_64-fedora-clang 1.6-1 51.30 OK
r-devel-linux-x86_64-fedora-gcc 1.6-1 47.75 OK
r-devel-osx-x86_64-clang 1.6-1 52.74 OK
r-devel-windows-ix86+x86_64 1.5-0 12.00 42.00 54.00 OK
r-patched-linux-x86_64 1.6-1 1.64 23.35 25.00 OK
r-patched-solaris-sparc 1.6-1 257.40 OK
r-patched-solaris-x86 1.6-1 66.80 OK
r-release-linux-x86_64 1.6-1 1.62 20.75 22.37 OK
r-release-osx-x86_64-mavericks 1.6-1 OK
r-release-osx-x86_64-snowleopard 1.6-1 ERROR
r-release-windows-ix86+x86_64 1.6-1 4.00 33.00 37.00 OK
r-oldrel-windows-ix86+x86_64 1.6-1 18.00 103.00 121.00 OK

Check Details

Version: 1.6-1
Check: package dependencies
Result: ERROR
    Packages required but not available: ‘Hmisc’ ‘ggplot2’
    
    See section ‘The DESCRIPTION file’ in the ‘Writing R Extensions’
    manual.
Flavor: r-release-osx-x86_64-snowleopard