CRAN Package Check Results for Package wppExplorer

Last updated on 2015-07-30 03:48:42.

Flavor Version Tinstall Tcheck Ttotal Status Flags
r-devel-linux-x86_64-debian-clang 1.6-2 1.79 24.25 26.04 NOTE
r-devel-linux-x86_64-debian-gcc 1.6-2 1.83 24.84 26.67 NOTE
r-devel-linux-x86_64-fedora-clang 1.6-2 50.37 NOTE
r-devel-linux-x86_64-fedora-gcc 1.6-2 47.85 NOTE
r-devel-osx-x86_64-clang 1.6-2 43.01 OK
r-devel-windows-ix86+x86_64 1.6-2 8.00 47.00 55.00 NOTE
r-patched-linux-x86_64 1.6-2 1.93 24.23 26.16 OK
r-patched-solaris-sparc 1.6-2 323.50 OK
r-patched-solaris-x86 1.6-2 73.70 OK
r-release-linux-x86_64 1.6-2 1.69 24.57 26.26 OK
r-release-osx-x86_64-mavericks 1.6-2 OK
r-release-windows-ix86+x86_64 1.6-2 11.00 44.00 55.00 OK
r-oldrel-windows-ix86+x86_64 1.6-2 19.00 89.00 108.00 OK

Check Details

Version: 1.6-2
Check: R code for possible problems
Result: NOTE
    lookupByIndicator.mchart: no visible global function definition for
     ‘data’
    lookupByIndicatorInclArea: no visible global function definition for
     ‘data’
    set.wpp.year: no visible global function definition for ‘data’
    Undefined global functions or variables:
     data
    Consider adding
     importFrom("utils", "data")
    to your NAMESPACE.
Flavors: r-devel-linux-x86_64-debian-clang, r-devel-linux-x86_64-debian-gcc, r-devel-linux-x86_64-fedora-clang, r-devel-linux-x86_64-fedora-gcc, r-devel-windows-ix86+x86_64