CRAN Package Check Results for Package wq

Last updated on 2015-07-05 22:47:54.

Flavor Version Tinstall Tcheck Ttotal Status Flags
r-devel-linux-x86_64-debian-clang 0.4.3 1.84 57.28 59.12 NOTE
r-devel-linux-x86_64-debian-gcc 0.4.3 1.76 58.01 59.77 NOTE
r-devel-linux-x86_64-fedora-clang 0.4.3 115.43 NOTE
r-devel-linux-x86_64-fedora-gcc 0.4.3 110.12 NOTE
r-devel-osx-x86_64-clang 0.4.3 91.78 NOTE
r-devel-windows-ix86+x86_64 0.4.3 6.00 97.00 103.00 NOTE
r-patched-linux-x86_64 0.4.3 1.78 53.52 55.30 OK
r-patched-solaris-sparc 0.4.3 744.50 OK
r-patched-solaris-x86 0.4.3 164.00 OK
r-release-linux-x86_64 0.4.3 1.84 53.66 55.50 OK
r-release-osx-x86_64-mavericks 0.4.3 OK
r-release-windows-ix86+x86_64 0.4.3 8.00 98.00 106.00 OK
r-oldrel-windows-ix86+x86_64 0.4.3 15.00 156.00 171.00 OK

Check Details

Version: 0.4.3
Check: R code for possible problems
Result: NOTE
    decompTs: no visible global function definition for ‘is’
    decompTs: no visible global function definition for ‘frequency’
    decompTs: no visible global function definition for ‘start’
    decompTs: no visible global function definition for ‘end’
    decompTs: no visible global function definition for ‘window’
    decompTs: no visible global function definition for ‘aggregate’
    decompTs: no visible global function definition for ‘ts’
    decompTs: no visible global function definition for ‘ts.union’
    eof: no visible global function definition for ‘is’
    eof: no visible global function definition for ‘time’
    eof: no visible global function definition for ‘cor’
    eof: no visible global function definition for ‘prcomp’
    eof: no visible global function definition for ‘promax’
    eof: no visible global function definition for ‘loadings’
    eofNum: no visible global function definition for ‘cor’
    eofPlot: no visible global function definition for ‘reorder’
    interpTs: no visible global function definition for ‘is’
    interpTs: no visible global function definition for ‘tsp’
    interpTs : replaceNA: no visible global function definition for ‘ts’
    interpTs : replaceNA: no visible global function definition for
     ‘window’
    interpTs : replaceNA: no visible global function definition for ‘start’
    interpTs : replaceNA: no visible global function definition for ‘end’
    interpTs : replaceNA: no visible global function definition for ‘cycle’
    interpTs : f1: no visible global function definition for ‘median’
    interpTs : f1: no visible binding for global variable ‘median’
    interpTs: no visible global function definition for ‘is.ts’
    interpTs: no visible global function definition for ‘ts’
    interpTs: no visible global function definition for ‘start’
    interpTs: no visible global function definition for ‘frequency’
    layerMean : trapMean: no visible global function definition for
     ‘na.omit’
    layerMean: no visible global function definition for ‘aggregate’
    mannKen: no visible global function definition for ‘is’
    mannKen : mk: no visible global function definition for ‘time’
    mannKen : mk: no visible global function definition for ‘median’
    mannKen : mk: no visible global function definition for ‘pnorm’
    mannKen: no visible global function definition for ‘na.omit’
    mannKen: no visible global function definition for ‘reorder’
    monthCor: no visible global function definition for ‘is’
    monthCor: no visible global function definition for ‘frequency’
    monthCor: no visible global function definition for ‘window’
    monthCor: no visible global function definition for ‘start’
    monthCor: no visible global function definition for ‘end’
    monthCor: no visible global function definition for ‘cor’
    mts2ts: no visible global function definition for ‘frequency’
    mts2ts: no visible global function definition for ‘is’
    mts2ts: no visible global function definition for ‘start’
    mts2ts: no visible global function definition for ‘window’
    mts2ts: no visible global function definition for ‘end’
    mts2ts: no visible global function definition for ‘aggregate’
    mts2ts: no visible global function definition for ‘ts’
    plotSeason: no visible global function definition for ‘is’
    plotSeason: no visible global function definition for ‘start’
    plotSeason: no visible global function definition for ‘end’
    plotSeason: no visible global function definition for ‘window’
    plotSeason: no visible global function definition for ‘cycle’
    plotSeason: no visible global function definition for ‘time’
    plotSeason: no visible global function definition for ‘na.omit’
    plotSeason: no visible global function definition for ‘ts’
    plotTs: no visible global function definition for ‘is’
    plotTs: no visible binding for global variable ‘time’
    plotTsAnom: no visible global function definition for ‘is’
    plotTsAnom: no visible global function definition for ‘time’
    plotTsAnom: no visible binding for global variable ‘time’
    plotTsTile: no visible global function definition for ‘is’
    plotTsTile: no visible global function definition for ‘frequency’
    plotTsTile : center: no visible global function definition for ‘median’
    plotTsTile: no visible global function definition for ‘as.ts’
    plotTsTile: no visible global function definition for ‘start’
    plotTsTile: no visible global function definition for ‘end’
    plotTsTile: no visible global function definition for ‘window’
    plotTsTile: no visible global function definition for ‘ts’
    plotTsTile: no visible global function definition for ‘quantile’
    plotTsTile: no visible global function definition for ‘time’
    plotTsTile: no visible global function definition for ‘cycle’
    plotTsTile: no visible global function definition for
     ‘colorRampPalette’
    ruleN : distr: no visible global function definition for ‘rnorm’
    ruleN : distr: no visible global function definition for ‘rlnorm’
    ruleN : get.eigs: no visible global function definition for ‘cor’
    ruleN: no visible binding for global variable ‘quantile’
    seaKen: no visible global function definition for ‘is’
    seaKen: no visible global function definition for ‘frequency’
    seaKen: no visible global function definition for ‘cycle’
    seaKen: no visible global function definition for ‘time’
    seaKen: no visible global function definition for ‘ts’
    seaKen: no visible global function definition for ‘start’
    seaKen: no visible global function definition for ‘median’
    seaKen: no visible global function definition for ‘pnorm’
    seaRoll: no visible global function definition for ‘is’
    seaRoll: no visible global function definition for ‘frequency’
    seaRoll: no visible global function definition for ‘start’
    seaRoll: no visible global function definition for ‘end’
    seaRoll: no visible global function definition for ‘window’
    seaRoll: no visible global function definition for ‘na.omit’
    seasonTrend: no visible global function definition for ‘is’
    seasonTrend: no visible global function definition for ‘start’
    seasonTrend: no visible global function definition for ‘end’
    seasonTrend: no visible global function definition for ‘ts.union’
    seasonTrend : trend: no visible global function definition for ‘lm’
    seasonTrend: no visible global function definition for ‘frequency’
    seasonTrend: no visible global function definition for ‘window’
    seasonTrend: no visible global function definition for ‘ts’
    seasonTrend: no visible global function definition for ‘cycle’
    seasonTrend: no visible global function definition for ‘na.omit’
    trendHomog : kens: no visible global function definition for ‘as.ts’
    trendHomog : kenvars: no visible global function definition for ‘as.ts’
    trendHomog: no visible global function definition for ‘frequency’
    trendHomog: no visible global function definition for ‘window’
    trendHomog: no visible global function definition for ‘start’
    trendHomog: no visible global function definition for ‘end’
    trendHomog: no visible global function definition for ‘pchisq’
    ts2df: no visible global function definition for ‘is’
    ts2df: no visible global function definition for ‘frequency’
    ts2df: no visible global function definition for ‘window’
    ts2df: no visible global function definition for ‘start’
    ts2df: no visible global function definition for ‘end’
    ts2df: no visible global function definition for ‘na.omit’
    tsSub: no visible global function definition for ‘frequency’
    tsSub: no visible global function definition for ‘is’
    tsSub: no visible global function definition for ‘start’
    tsSub: no visible global function definition for ‘window’
    tsSub: no visible global function definition for ‘end’
    tsSub: no visible global function definition for ‘cycle’
    tsSub: no visible global function definition for ‘ts’
    wqData: no visible global function definition for ‘is’
    wqData: no visible global function definition for ‘new’
    [,WqData: no visible global function definition for ‘is’
    [,WqData: no visible global function definition for ‘getSlots’
    [,WqData: no visible global function definition for ‘slot<-’
    [,WqData: no visible global function definition for ‘slot’
    phenoAmp,ts: no visible global function definition for ‘time’
    phenoAmp,ts: no visible global function definition for ‘cycle’
    phenoAmp,ts: no visible global function definition for ‘aggregate’
    phenoAmp,ts: no visible binding for global variable ‘sd’
    phenoAmp,zoo: no visible global function definition for ‘is’
    phenoAmp,zoo: no visible global function definition for ‘aggregate’
    phenoAmp,zoo: no visible binding for global variable ‘sd’
    phenoPhase,ts: no visible global function definition for ‘time’
    phenoPhase,ts: no visible global function definition for ‘cycle’
    phenoPhase,ts: no visible global function definition for ‘aggregate’
    phenoPhase,ts : fulc: no visible global function definition for
     ‘approxfun’
    phenoPhase,ts : fulc : fopt: no visible global function definition for
     ‘integrate’
    phenoPhase,ts : fulc: no visible global function definition for
     ‘optimize’
    phenoPhase,ts : weighted.mean.df: no visible global function definition
     for ‘na.omit’
    phenoPhase,ts : weighted.mean.df: no visible global function definition
     for ‘weighted.mean’
    phenoPhase,zoo: no visible global function definition for ‘is’
    phenoPhase,zoo : fulc: no visible global function definition for
     ‘approxfun’
    phenoPhase,zoo : fulc : fopt: no visible global function definition for
     ‘integrate’
    phenoPhase,zoo : fulc: no visible global function definition for
     ‘optimize’
    phenoPhase,zoo : weighted.mean.df: no visible global function
     definition for ‘na.omit’
    phenoPhase,zoo : weighted.mean.df: no visible global function
     definition for ‘weighted.mean’
    plot,WqData: no visible binding for global variable ‘site’
    plot,WqData: no visible binding for global variable ‘value’
    plot,WqData: no visible binding for global variable ‘variable’
    tsMake,WqData: no visible global function definition for ‘aggregate’
    tsMake,WqData: no visible global function definition for ‘is’
    tsMake,WqData : f: no visible global function definition for ‘quantile’
    tsMake,WqData: no visible global function definition for ‘as.ts’
    Undefined global functions or variables:
     aggregate approxfun as.ts colorRampPalette cor cycle end frequency
     getSlots integrate is is.ts lm loadings median na.omit new optimize
     pchisq pnorm prcomp promax quantile reorder rlnorm rnorm sd site slot
     slot<- start time ts ts.union tsp value variable weighted.mean window
Flavors: r-devel-linux-x86_64-debian-clang, r-devel-linux-x86_64-debian-gcc, r-devel-linux-x86_64-fedora-clang, r-devel-linux-x86_64-fedora-gcc, r-devel-windows-ix86+x86_64

Version: 0.4.3
Check: R code for possible problems
Result: NOTE
    plot,WqData: no visible binding for global variable ‘site’
    plot,WqData: no visible binding for global variable ‘value’
    plot,WqData: no visible binding for global variable ‘variable’
    Undefined global functions or variables:
     site value variable
Flavor: r-devel-osx-x86_64-clang