CRAN Package Check Results for Package wq

Last updated on 2015-04-01 23:49:30.

Flavor Version Tinstall Tcheck Ttotal Status Flags
r-devel-linux-x86_64-debian-clang 0.4-1 1.44 55.70 57.14 NOTE
r-devel-linux-x86_64-debian-gcc 0.4-1 1.45 54.38 55.83 NOTE
r-devel-linux-x86_64-fedora-clang 0.4-1 116.50 NOTE
r-devel-linux-x86_64-fedora-gcc 0.4-1 109.45 NOTE
r-devel-osx-x86_64-clang 0.4-1 113.08 NOTE
r-prerel-windows-ix86+x86_64 0.4-1 7.00 97.00 104.00 NOTE
r-prerel-linux-x86_64 0.4-1 1.38 54.62 56.00 NOTE
r-prerel-solaris-sparc 0.4-1 731.90 NOTE
r-prerel-solaris-x86 0.4-1 156.50 NOTE
r-release-linux-x86_64 0.4-1 1.51 63.69 65.20 NOTE
r-release-osx-x86_64-mavericks 0.4-1 NOTE
r-release-osx-x86_64-snowleopard 0.4-1 OK
r-release-windows-ix86+x86_64 0.4-1 5.00 113.00 118.00 NOTE
r-oldrel-windows-ix86+x86_64 0.4-1 6.00 100.00 106.00 OK

Check Details

Version: 0.4-1
Check: package namespace information
Result: NOTE
     Namespace with empty importFrom: ‘methods’
Flavors: r-devel-linux-x86_64-debian-clang, r-devel-linux-x86_64-debian-gcc, r-devel-linux-x86_64-fedora-clang, r-devel-linux-x86_64-fedora-gcc, r-devel-osx-x86_64-clang, r-prerel-windows-ix86+x86_64, r-prerel-linux-x86_64, r-prerel-solaris-sparc, r-prerel-solaris-x86, r-release-linux-x86_64, r-release-osx-x86_64-mavericks, r-release-windows-ix86+x86_64

Version: 0.4-1
Check: dependencies in R code
Result: NOTE
    'library' or 'require' calls in package code:
     ‘ggplot2’ ‘grid’ ‘reshape2’
     Please use :: or requireNamespace() instead.
     See section 'Suggested packages' in the 'Writing R Extensions' manual.
Flavors: r-devel-linux-x86_64-debian-clang, r-devel-linux-x86_64-debian-gcc, r-devel-linux-x86_64-fedora-clang, r-devel-linux-x86_64-fedora-gcc, r-devel-osx-x86_64-clang, r-prerel-windows-ix86+x86_64, r-prerel-linux-x86_64, r-prerel-solaris-sparc, r-prerel-solaris-x86, r-release-linux-x86_64, r-release-windows-ix86+x86_64

Version: 0.4-1
Check: R code for possible problems
Result: NOTE
    eofNum: no visible global function definition for ‘ggplot’
    eofNum: no visible global function definition for ‘aes’
    eofNum: no visible global function definition for ‘geom_errorbar’
    eofNum: no visible global function definition for ‘geom_point’
    eofNum: no visible global function definition for ‘geom_text’
    eofNum: no visible global function definition for
     ‘scale_colour_discrete’
    eofNum: no visible global function definition for ‘labs’
    eofNum: no visible global function definition for ‘theme’
    eofNum: no visible global function definition for ‘element_blank’
    eofNum: no visible global function definition for ‘theme_bw’
    eofPlot: no visible global function definition for ‘melt’
    eofPlot: no visible global function definition for ‘ggplot’
    eofPlot: no visible global function definition for ‘aes_string’
    eofPlot: no visible global function definition for ‘geom_vline’
    eofPlot: no visible global function definition for ‘geom_point’
    eofPlot: no visible global function definition for ‘facet_wrap’
    eofPlot: no visible global function definition for ‘labs’
    eofPlot: no visible global function definition for ‘geom_hline’
    eofPlot: no visible global function definition for ‘aes’
    eofPlot: no visible global function definition for ‘geom_line’
    layOut: no visible global function definition for ‘pushViewport’
    layOut: no visible global function definition for ‘viewport’
    layOut: no visible global function definition for ‘grid.layout’
    mannKen: no visible global function definition for ‘ggplot’
    mannKen: no visible global function definition for ‘aes’
    mannKen: no visible global function definition for ‘geom_point’
    mannKen: no visible global function definition for
     ‘scale_colour_manual’
    mannKen: no visible global function definition for ‘scale_shape_manual’
    mannKen: no visible global function definition for ‘labs’
    plotSeason: no visible global function definition for ‘melt’
    plotSeason: no visible global function definition for ‘ggplot’
    plotSeason: no visible global function definition for ‘aes’
    plotSeason: no visible global function definition for ‘geom_boxplot’
    plotSeason: no visible global function definition for ‘labs’
    plotSeason: no visible global function definition for
     ‘scale_x_discrete’
    plotSeason: no visible global function definition for
     ‘scale_y_continuous’
    plotSeason: no visible global function definition for
     ‘scale_colour_manual’
    plotSeason: no visible global function definition for ‘theme’
    plotSeason: no visible global function definition for ‘element_blank’
    plotSeason: no visible global function definition for ‘element_text’
    plotSeason: no visible global function definition for ‘facet_wrap’
    plotTs: no visible global function definition for ‘melt’
    plotTs: no visible global function definition for ‘ggplot’
    plotTs: no visible global function definition for ‘geom_line’
    plotTs: no visible global function definition for ‘aes_string’
    plotTs: no visible global function definition for ‘facet_wrap’
    plotTs: no visible global function definition for ‘labs’
    plotTs: no visible global function definition for ‘theme’
    plotTs: no visible global function definition for ‘element_text’
    plotTs: no visible global function definition for ‘geom_point’
    plotTs: no visible global function definition for ‘aes’
    plotTsAnom: no visible global function definition for ‘melt’
    plotTsAnom: no visible global function definition for ‘ggplot’
    plotTsAnom: no visible global function definition for ‘aes’
    plotTsAnom: no visible global function definition for ‘geom_linerange’
    plotTsAnom: no visible global function definition for ‘geom_hline’
    plotTsAnom: no visible global function definition for ‘labs’
    plotTsAnom: no visible global function definition for ‘facet_wrap’
    plotTsAnom: no visible global function definition for ‘theme’
    plotTsAnom: no visible global function definition for ‘element_blank’
    plotTsAnom: no visible global function definition for ‘element_text’
    plotTsTile: no visible global function definition for ‘ggplot’
    plotTsTile: no visible global function definition for ‘aes’
    plotTsTile: no visible global function definition for ‘geom_tile’
    plotTsTile: no visible global function definition for
     ‘scale_x_continuous’
    plotTsTile: no visible global function definition for
     ‘scale_y_discrete’
    plotTsTile: no visible global function definition for
     ‘scale_fill_manual’
    plotTsTile: no visible global function definition for ‘theme_bw’
    plotTsTile: no visible global function definition for ‘theme’
    plotTsTile: no visible global function definition for ‘element_blank’
    plotTsTile: no visible global function definition for ‘labs’
    plotTsTile: no visible global function definition for ‘coord_equal’
    seaRoll: no visible global function definition for ‘ggplot’
    seaRoll: no visible global function definition for ‘aes’
    seaRoll: no visible global function definition for ‘geom_point’
    seaRoll: no visible global function definition for ‘scale_shape_manual’
    seaRoll: no visible global function definition for ‘labs’
    seaRoll: no visible global function definition for ‘theme’
    seasonTrend: no visible global function definition for ‘ggplot’
    seasonTrend: no visible global function definition for ‘aes’
    seasonTrend: no visible global function definition for ‘geom_bar’
    seasonTrend: no visible global function definition for
     ‘scale_fill_manual’
    seasonTrend: no visible global function definition for ‘labs’
    seasonTrend: no visible global function definition for ‘theme’
    seasonTrend: no visible global function definition for ‘element_blank’
    seasonTrend: no visible global function definition for ‘facet_wrap’
    wqData: no visible global function definition for ‘melt’
Flavors: r-devel-linux-x86_64-debian-clang, r-devel-linux-x86_64-debian-gcc, r-devel-linux-x86_64-fedora-clang, r-devel-linux-x86_64-fedora-gcc, r-devel-osx-x86_64-clang, r-prerel-windows-ix86+x86_64, r-prerel-linux-x86_64, r-prerel-solaris-sparc, r-prerel-solaris-x86, r-release-linux-x86_64, r-release-osx-x86_64-mavericks, r-release-windows-ix86+x86_64