CRAN Package Check Results for Package wq

Last updated on 2016-05-03 23:47:09.

Flavor Version Tinstall Tcheck Ttotal Status Flags
r-devel-linux-x86_64-debian-gcc 0.4.7 2.04 48.63 50.67 OK
r-devel-linux-x86_64-fedora-clang 0.4.7 95.70 OK
r-devel-linux-x86_64-fedora-gcc 0.4.7 90.14 OK
r-devel-osx-x86_64-clang 0.4.7 106.74 OK
r-devel-windows-ix86+x86_64 0.4.7 7.00 98.00 105.00 OK
r-patched-linux-x86_64 0.4.7 1.88 47.26 49.14 OK
r-patched-solaris-sparc 0.4.7 576.10 OK
r-patched-solaris-x86 0.4.7 136.80 OK
r-release-linux-x86_64 0.4.7 2.36 50.16 52.52 OK
r-release-osx-x86_64-mavericks 0.4.7 OK
r-release-windows-ix86+x86_64 0.4.7 7.00 146.00 153.00 OK
r-oldrel-windows-ix86+x86_64 0.4.7 17.00 137.00 154.00 WARN

Check Details

Version: 0.4.7
Check: Rd files
Result: WARN
    prepare_Rd: wq-package.Rd:6: unknown macro '\packageTitle'
    prepare_Rd: wq-package.Rd:9: unknown macro '\packageDescription'
    prepare_Rd: wq-package.Rd:50: unknown macro '\packageAuthor'
    prepare_Rd: wq-package.Rd:52: unknown macro '\packageMaintainer'
Flavor: r-oldrel-windows-ix86+x86_64