CRAN Package Check Results for Package wq

Last updated on 2015-05-27 19:47:26.

Flavor Version Tinstall Tcheck Ttotal Status Flags
r-devel-linux-x86_64-debian-clang 0.4.3 1.83 57.80 59.62 OK
r-devel-linux-x86_64-debian-gcc 0.4.3 1.81 55.34 57.15 OK
r-devel-linux-x86_64-fedora-clang 0.4.3 116.20 OK
r-devel-linux-x86_64-fedora-gcc 0.4.3 111.71 OK
r-devel-osx-x86_64-clang 0.4.3 109.15 OK
r-devel-windows-ix86+x86_64 0.4.3 7.00 100.00 107.00 OK
r-patched-linux-x86_64 0.4.3 1.81 53.61 55.42 OK
r-patched-solaris-sparc 0.4.3 744.50 OK
r-patched-solaris-x86 0.4.3 165.20 OK
r-release-linux-x86_64 0.4.3 2.19 55.61 57.80 OK
r-release-osx-x86_64-mavericks 0.4.3 OK
r-release-osx-x86_64-snowleopard 0.4.3 ERROR
r-release-windows-ix86+x86_64 0.4.3 6.00 97.00 103.00 OK
r-oldrel-windows-ix86+x86_64 0.4.3 11.00 123.00 134.00 OK

Check Details

Version: 0.4.3
Check: package dependencies
Result: ERROR
    Packages required but not available: ‘zoo’ ‘ggplot2’
    
    See section ‘The DESCRIPTION file’ in the ‘Writing R Extensions’
    manual.
Flavor: r-release-osx-x86_64-snowleopard