CRAN Package Check Results for Package wq

Last updated on 2014-04-23 17:47:57.

Flavor Version Tinstall Tcheck Ttotal Status Flags
r-devel-linux-x86_64-debian-clang 0.3-11 1.66 63.06 64.72 NOTE
r-devel-linux-x86_64-debian-gcc 0.3-11 1.66 62.09 63.75 NOTE
r-devel-linux-x86_64-fedora-clang 0.3-11 133.56 NOTE
r-devel-linux-x86_64-fedora-gcc 0.3-11 130.92 NOTE
r-devel-osx-x86_64-clang 0.3-11 117.94 NOTE
r-devel-osx-x86_64-gcc 0.3-11 ERROR
r-devel-windows-ix86+x86_64 0.3-11 5.00 105.00 110.00 NOTE
r-patched-linux-x86_64 0.3-11 1.67 62.04 63.71 NOTE
r-patched-solaris-sparc 0.3-11 706.50 NOTE
r-patched-solaris-x86 0.3-11 162.90 NOTE
r-release-linux-ix86 0.3-11 3.00 99.00 102.00 NOTE
r-release-linux-x86_64 0.3-11 1.68 61.86 63.54 NOTE
r-release-osx-x86_64-mavericks 0.3-11 WARN
r-release-osx-x86_64-snowleopard 0.3-11 NOTE
r-release-windows-ix86+x86_64 0.3-11 4.00 101.00 105.00 NOTE
r-oldrel-windows-ix86+x86_64 0.3-11 6.00 41.00 47.00 ERROR

Check Details

Version: 0.3-11
Check: dependencies in R code
Result: NOTE
    'library' or 'require' call to ‘zoo’ which was already attached by Depends.
     Please remove these calls from your code.
    Package in Depends field not imported from: ‘methods’
     These packages need to be imported from (in the NAMESPACE file)
     for when this namespace is loaded but not attached.
    See the information on DESCRIPTION files in the chapter ‘Creating R
    packages’ of the ‘Writing R Extensions’ manual.
Flavors: r-devel-linux-x86_64-debian-clang, r-devel-linux-x86_64-debian-gcc, r-devel-linux-x86_64-fedora-clang, r-devel-linux-x86_64-fedora-gcc, r-devel-osx-x86_64-clang, r-devel-windows-ix86+x86_64, r-patched-linux-x86_64, r-patched-solaris-sparc, r-patched-solaris-x86, r-release-linux-ix86, r-release-linux-x86_64, r-release-osx-x86_64-mavericks, r-release-windows-ix86+x86_64, r-oldrel-windows-ix86+x86_64

Version: 0.3-11
Check: package dependencies
Result: ERROR
    Package required but not available: ‘zoo’
    
    Package suggested but not available for checking: ‘ggplot2’
    
    See the information on DESCRIPTION files in the chapter ‘Creating R
    packages’ of the ‘Writing R Extensions’ manual.
Flavor: r-devel-osx-x86_64-gcc

Version: 0.3-11
Check: re-building of vignette outputs
Result: NOTE
    Error in re-building vignettes:
     ...
    Warning: Removed 230 rows containing missing values (geom_point).
    Warning in window.default(x, ...) : 'end' value not changed
    Warning: Removed 7 rows containing missing values (geom_segment).
    Warning: Removed 3 rows containing missing values (geom_segment).
    Warning: Removed 2 rows containing missing values (geom_segment).
    Warning: Removed 3 rows containing missing values (geom_segment).
    Warning: Removed 6 rows containing missing values (geom_segment).
    Warning: Removed 7 rows containing missing values (geom_segment).
    Warning: Removed 5 rows containing missing values (geom_segment).
    Warning: Removed 6 rows containing missing values (geom_segment).
    Warning: Removed 6 rows containing missing values (geom_segment).
    Warning: Removed 10 rows containing missing values (geom_segment).
    Loading required package: grid
    Error in texi2dvi(file = file, pdf = TRUE, clean = clean, quiet = quiet, :
     Running 'texi2dvi' on 'wq-package.tex' failed.
    LaTeX errors:
    ! LaTeX Error: File `pdfsync.sty' not found.
    
    Type X to quit or <RETURN> to proceed,
    or enter new name. (Default extension: sty)
    
    /wq/vignettes/wq-package.tex:3: ==> Fatal error occurred, no output PDF file p
    roduced!
    Calls: buildVignettes -> texi2pdf -> texi2dvi
    Execution halted
Flavor: r-release-osx-x86_64-mavericks

Version: 0.3-11
Check: PDF version of manual
Result: WARNING
    LaTeX errors when creating PDF version.
    This typically indicates Rd problems.
    LaTeX errors found:
    ! LaTeX Error: File `upquote.sty' not found.
    
    Type X to quit or <RETURN> to proceed,
    or enter new name. (Default extension: sty)
    
    a942278/Rd2.tex:8: ==> Fatal error occurred, no output PDF file produced!
Flavor: r-release-osx-x86_64-mavericks

Version: 0.3-11
Check: dependencies in R code
Result: NOTE
    'library' or 'require' call to 'zoo' which was already attached by Depends.
     Please remove these calls from your code.
    Package in Depends field not imported from: 'methods'
     These packages need to be imported from for the case when
     this namespace is loaded but not attached.
    See the information on DESCRIPTION files in the chapter 'Creating R
    packages' of the 'Writing R Extensions' manual.
Flavor: r-release-osx-x86_64-snowleopard

Version: 0.3-11
Check: re-building of vignette outputs
Result: NOTE
    Error in re-building vignettes:
     ...
    Warning: Removed 230 rows containing missing values (geom_point).
    Warning in window.default(x, ...) : 'end' value not changed
    Warning: Removed 7 rows containing missing values (geom_segment).
    Warning: Removed 3 rows containing missing values (geom_segment).
    Warning: Removed 2 rows containing missing values (geom_segment).
    Warning: Removed 3 rows containing missing values (geom_segment).
    Warning: Removed 6 rows containing missing values (geom_segment).
    Warning: Removed 7 rows containing missing values (geom_segment).
    Warning: Removed 5 rows containing missing values (geom_segment).
    Warning: Removed 6 rows containing missing values (geom_segment).
    Warning: Removed 6 rows containing missing values (geom_segment).
    Warning: Removed 10 rows containing missing values (geom_segment).
    Loading required package: grid
    Error in texi2dvi(file = file, pdf = TRUE, clean = clean, quiet = quiet, :
     Running 'texi2dvi' on 'wq-package.tex' failed.
    LaTeX errors:
    ! LaTeX Error: File `pdfsync.sty' not found.
    
    Type X to quit or <RETURN> to proceed,
    or enter new name. (Default extension: sty)
    
    wq.Rcheck/vign_test/wq/vignettes/wq-package.tex:3: ==> Fatal error occurred, n
    o output PDF file produced!
    Calls: buildVignettes -> texi2pdf -> texi2dvi
    Execution halted
Flavor: r-release-osx-x86_64-snowleopard

Version: 0.3-11
Check: examples
Result: ERROR
    Running examples in 'wq-Ex.R' failed
    The error most likely occurred in:
    
    > ### Name: plotSeason
    > ### Title: Plots seasonal patterns for a time series
    > ### Aliases: plotSeason
    > ### Keywords: Graphics ts
    >
    > ### ** Examples
    >
    > chl27 <- sfbayChla[, 's27']
    > plotSeason(chl27, num.era = 3, ylab = 'Stn 27 Chl-a')
    Loading required package: reshape2
    Loading required package: ggplot2
    > plotSeason(chl27, num.era = 3, same.plot = FALSE, ylab = 'Stn 27 Chl-a')
    Error in grid.Call(L_textBounds, as.graphicsAnnot(x$label), x$x, x$y, :
     polygon edge not found (zero-width or zero-height?)
    Calls: print ... <Anonymous> -> heightDetails -> heightDetails.text -> grid.Call
    Execution halted
Flavor: r-oldrel-windows-ix86+x86_64