CRAN Package Check Results for Package wrProteo

Last updated on 2022-01-22 18:51:12 CET.

Flavor Version Tinstall Tcheck Ttotal Status Flags
r-devel-linux-x86_64-debian-clang 1.5.0 9.69 301.09 310.78 OK
r-devel-linux-x86_64-debian-gcc 1.5.0 8.63 209.04 217.67 OK
r-devel-linux-x86_64-fedora-clang 1.5.0 380.56 NOTE
r-devel-linux-x86_64-fedora-gcc 1.5.0 352.74 OK
r-devel-windows-x86_64-new-UL 1.5.0 71.00 348.00 419.00 NOTE
r-devel-windows-x86_64-new-TK 1.5.0 OK
r-patched-linux-x86_64 1.5.0 14.19 289.80 303.99 OK
r-release-linux-x86_64 1.5.0 9.29 283.39 292.68 OK
r-release-macos-arm64 1.5.0 NOTE
r-release-macos-x86_64 1.5.0 NOTE
r-release-windows-ix86+x86_64 1.5.0 19.00 343.00 362.00 NOTE
r-oldrel-macos-x86_64 1.4.3 NOTE
r-oldrel-windows-ix86+x86_64 1.5.0 18.00 332.00 350.00 NOTE

Check Details

Version: 1.5.0
Check: installed package size
Result: NOTE
     installed size is 6.4Mb
     sub-directories of 1Mb or more:
     doc 3.4Mb
     extdata 2.4Mb
Flavors: r-devel-linux-x86_64-fedora-clang, r-devel-windows-x86_64-new-UL, r-release-macos-arm64, r-release-macos-x86_64, r-release-windows-ix86+x86_64, r-oldrel-windows-ix86+x86_64

Version: 1.5.0
Check: package dependencies
Result: NOTE
    Package suggested but not available for checking: ‘ROTS’
Flavors: r-release-macos-arm64, r-release-macos-x86_64

Version: 1.4.3
Check: package dependencies
Result: NOTE
    Package suggested but not available for checking: ‘ROTS’
Flavor: r-oldrel-macos-x86_64

Version: 1.4.3
Check: installed package size
Result: NOTE
     installed size is 6.3Mb
     sub-directories of 1Mb or more:
     doc 3.3Mb
     extdata 2.4Mb
Flavor: r-oldrel-macos-x86_64