CRAN Package Check Results for Package wrswoR.benchmark

Last updated on 2020-02-16 18:49:21 CET.

Flavor Version Tinstall Tcheck Ttotal Status Flags
r-devel-linux-x86_64-debian-clang 0.2 9.89 85.36 95.25 OK
r-devel-linux-x86_64-debian-gcc 0.2 9.14 70.27 79.41 OK
r-devel-linux-x86_64-fedora-clang 0.2 117.92 OK
r-devel-linux-x86_64-fedora-gcc 0.2 116.79 OK
r-devel-windows-ix86+x86_64 0.2 5.00 6.00 11.00 ERROR
r-devel-windows-ix86+x86_64-gcc8 0.2 36.00 88.00 124.00 OK
r-patched-linux-x86_64 0.2 8.51 80.90 89.41 OK
r-patched-solaris-x86 0.2 208.90 OK
r-release-linux-x86_64 0.2 9.21 81.32 90.53 OK
r-release-windows-ix86+x86_64 0.2 28.00 87.00 115.00 OK
r-release-osx-x86_64 0.2 OK
r-oldrel-windows-ix86+x86_64 0.2 2.00 83.00 85.00 OK
r-oldrel-osx-x86_64 0.2 OK

Check Details

Version: 0.2
Check: whether package can be installed
Result: ERROR
    Installation failed.
Flavor: r-devel-windows-ix86+x86_64