CRAN Package Check Results for Package wru

Last updated on 2020-08-09 18:49:56 CEST.

Flavor Version Tinstall Tcheck Ttotal Status Flags
r-devel-linux-x86_64-debian-clang 0.1-9 11.90 64.22 76.12 OK
r-devel-linux-x86_64-debian-gcc 0.1-9 9.66 47.86 57.52 OK
r-devel-linux-x86_64-fedora-clang 0.1-9 97.03 NOTE
r-devel-linux-x86_64-fedora-gcc 0.1-9 89.96 OK
r-devel-windows-ix86+x86_64 0.1-9 21.00 106.00 127.00 NOTE
r-patched-linux-x86_64 0.1-9 11.68 63.10 74.78 OK
r-patched-solaris-x86 0.1-9 122.50 NOTE
r-release-linux-x86_64 0.1-9 11.37 62.95 74.32 OK
r-release-macos-x86_64 0.1-9 NOTE
r-release-windows-ix86+x86_64 0.1-9 33.00 101.00 134.00 NOTE
r-oldrel-macos-x86_64 0.1-9 NOTE
r-oldrel-windows-ix86+x86_64 0.1-9 20.00 95.00 115.00 NOTE

Check Details

Version: 0.1-9
Check: installed package size
Result: NOTE
     installed size is 5.8Mb
     sub-directories of 1Mb or more:
     data 5.6Mb
Flavors: r-devel-linux-x86_64-fedora-clang, r-devel-windows-ix86+x86_64, r-patched-solaris-x86, r-release-macos-x86_64, r-release-windows-ix86+x86_64, r-oldrel-macos-x86_64, r-oldrel-windows-ix86+x86_64