CRAN Package Check Results for Package wsjplot

Last updated on 2021-04-19 04:51:46 CEST.

Flavor Version Tinstall Tcheck Ttotal Status Flags
r-devel-linux-x86_64-debian-clang 0.1.0 3.44 47.33 50.77 NOTE
r-devel-linux-x86_64-debian-gcc 0.1.0 3.84 35.93 39.77 NOTE
r-devel-linux-x86_64-fedora-clang 0.1.0 72.20 NOTE
r-devel-linux-x86_64-fedora-gcc 0.1.0 58.62 NOTE
r-devel-windows-ix86+x86_64 0.1.0 10.00 54.00 64.00 NOTE
r-devel-windows-x86_64-gcc10-UCRT 0.1.0 NOTE
r-patched-linux-x86_64 0.1.0 4.43 44.31 48.74 OK
r-patched-solaris-x86 0.1.0 94.90 NOTE
r-release-linux-x86_64 0.1.0 4.75 44.74 49.49 OK
r-release-macos-x86_64 0.1.0 NOTE
r-release-windows-ix86+x86_64 0.1.0 13.00 52.00 65.00 OK
r-oldrel-macos-x86_64 0.1.0 NOTE
r-oldrel-windows-ix86+x86_64 0.1.0 8.00 62.00 70.00 OK

Check Details

Version: 0.1.0
Check: LazyData
Result: NOTE
     'LazyData' is specified without a 'data' directory
Flavors: r-devel-linux-x86_64-debian-clang, r-devel-linux-x86_64-debian-gcc, r-devel-linux-x86_64-fedora-clang, r-devel-linux-x86_64-fedora-gcc, r-devel-windows-ix86+x86_64, r-devel-windows-x86_64-gcc10-UCRT

Version: 0.1.0
Check: dependencies in R code
Result: NOTE
    Namespaces in Imports field not imported from:
     ‘dplyr’ ‘magrittr’
     All declared Imports should be used.
Flavors: r-devel-linux-x86_64-fedora-clang, r-devel-linux-x86_64-fedora-gcc, r-devel-windows-x86_64-gcc10-UCRT, r-patched-solaris-x86, r-release-macos-x86_64, r-oldrel-macos-x86_64