CRAN Package Check Results for Package wsrf

Last updated on 2017-03-28 06:48:25.

Flavor Version Tinstall Tcheck Ttotal Status Flags
r-devel-linux-x86_64-debian-clang 1.7.0 43.59 25.90 69.50 NOTE
r-devel-linux-x86_64-debian-gcc 1.7.0 46.29 25.55 71.85 NOTE
r-devel-linux-x86_64-fedora-clang 1.7.0 137.01 NOTE --no-stop-on-test-error
r-devel-linux-x86_64-fedora-gcc 1.7.0 114.43 NOTE --no-stop-on-test-error
r-devel-macos-x86_64-clang 1.7.0 91.46 NOTE --no-stop-on-test-error
r-devel-windows-ix86+x86_64 1.7.0 141.00 102.00 243.00 OK
r-patched-linux-x86_64 1.7.0 41.15 25.80 66.95 NOTE
r-patched-solaris-sparc 1.7.0 678.80 OK
r-patched-solaris-x86 1.7.0 152.80 OK
r-release-linux-x86_64 1.7.0 40.70 22.74 63.44 OK
r-release-osx-x86_64-mavericks 1.7.0 OK
r-release-windows-ix86+x86_64 1.7.0 189.00 73.00 262.00 OK
r-oldrel-windows-ix86+x86_64 1.5.47 98.00 75.00 173.00 OK

Check Details

Version: 1.7.0
Check: compiled code
Result: NOTE
    File ‘wsrf/libs/wsrf.so’:
     Found no calls to: ‘R_registerRoutines’, ‘R_useDynamicSymbols’
    
    It is good practice to register native routines and to disable symbol
    search.
    
    See ‘Writing portable packages’ in the ‘Writing R Extensions’ manual.
Flavors: r-devel-linux-x86_64-debian-clang, r-devel-linux-x86_64-debian-gcc, r-patched-linux-x86_64

Version: 1.7.0
Flags: --no-stop-on-test-error
Check: compiled code
Result: NOTE
    File ‘wsrf/libs/wsrf.so’:
     Found no calls to: ‘R_registerRoutines’, ‘R_useDynamicSymbols’
    
    It is good practice to register native routines and to disable symbol
    search.
    
    See ‘Writing portable packages’ in the ‘Writing R Extensions’ manual.
Flavors: r-devel-linux-x86_64-fedora-clang, r-devel-linux-x86_64-fedora-gcc, r-devel-macos-x86_64-clang

Version: 1.7.0
Flags: --no-stop-on-test-error
Check: installed package size
Result: NOTE
     installed size is 5.3Mb
     sub-directories of 1Mb or more:
     libs 5.1Mb
Flavor: r-devel-linux-x86_64-fedora-gcc