CRAN Package Check Results for Package wsrf

Last updated on 2015-04-27 05:47:52.

Flavor Version Tinstall Tcheck Ttotal Status Flags
r-devel-linux-x86_64-debian-clang 1.4.0 32.76 77.83 110.59 NOTE
r-devel-linux-x86_64-debian-gcc 1.4.0 37.14 76.58 113.71 NOTE
r-devel-linux-x86_64-fedora-clang 1.4.0 211.11 NOTE
r-devel-linux-x86_64-fedora-gcc 1.4.0 196.05 NOTE
r-devel-osx-x86_64-clang 1.4.0 293.90 NOTE
r-devel-windows-ix86+x86_64 1.4.0 118.00 98.00 216.00 NOTE
r-patched-linux-x86_64 1.4.0 37.34 88.35 125.68 NOTE
r-patched-solaris-sparc 1.4.0 1931.10 NOTE
r-patched-solaris-x86 1.4.0 285.90 NOTE
r-release-linux-x86_64 1.4.0 37.25 79.93 117.18 NOTE
r-release-osx-x86_64-mavericks 1.4.0 NOTE
r-release-osx-x86_64-snowleopard 1.4.0 ERROR
r-release-windows-ix86+x86_64 1.4.0 113.00 97.00 210.00 NOTE
r-oldrel-windows-ix86+x86_64 1.4.0 105.00 128.00 233.00 NOTE

Check Details

Version: 1.4.0
Check: dependencies in R code
Result: NOTE
    Package in Depends field not imported from: ‘parallel’
     These packages need to be imported from (in the NAMESPACE file)
     for when this namespace is loaded but not attached.
Flavors: r-devel-linux-x86_64-debian-clang, r-devel-linux-x86_64-debian-gcc, r-devel-linux-x86_64-fedora-clang, r-devel-linux-x86_64-fedora-gcc, r-devel-osx-x86_64-clang, r-devel-windows-ix86+x86_64, r-patched-solaris-sparc, r-patched-solaris-x86, r-release-osx-x86_64-mavericks, r-release-windows-ix86+x86_64, r-oldrel-windows-ix86+x86_64

Version: 1.4.0
Check: S3 generic/method consistency
Result: NOTE
    Found the following apparent S3 methods exported but not registered:
     correlation.wsrf predict.wsrf print.wsrf strength.wsrf summary.wsrf
    See section ‘Registering S3 methods’ in the ‘Writing R Extensions’
    manual.
Flavors: r-devel-linux-x86_64-debian-clang, r-devel-linux-x86_64-debian-gcc, r-devel-linux-x86_64-fedora-clang, r-devel-linux-x86_64-fedora-gcc, r-devel-osx-x86_64-clang, r-patched-solaris-x86

Version: 1.4.0
Check: R code for possible problems
Result: NOTE
    .clwsrf: no visible global function definition for ‘makeCluster’
    .clwsrf: no visible global function definition for ‘clusterEvalQ’
    .clwsrf: no visible global function definition for ‘clusterCall’
    .clwsrf : <anonymous>: no visible global function definition for
     ‘detectCores’
    .clwsrf: no visible global function definition for
     ‘clusterSetRNGStream’
    .clwsrf: no visible global function definition for ‘parRapply’
    .clwsrf: no visible global function definition for ‘stopCluster’
    wsrf: no visible global function definition for ‘detectCores’
Flavors: r-devel-linux-x86_64-debian-clang, r-devel-linux-x86_64-debian-gcc, r-devel-linux-x86_64-fedora-clang, r-devel-linux-x86_64-fedora-gcc, r-devel-osx-x86_64-clang, r-devel-windows-ix86+x86_64, r-patched-solaris-sparc, r-patched-solaris-x86, r-release-osx-x86_64-mavericks, r-release-windows-ix86+x86_64, r-oldrel-windows-ix86+x86_64

Version: 1.4.0
Check: compiled code
Result: NOTE
    File ‘wsrf/libs/wsrf.so’:
     Found ‘rand’, possibly from ‘rand’ (C)
     Objects: ‘IGR.o’, ‘c4_5_attribute_selection_method.o’,
     ‘random_forests.o’
     Found ‘srand’, possibly from ‘srand’ (C)
     Objects: ‘IGR.o’, ‘c4_5_attribute_selection_method.o’,
     ‘random_forests.o’
    
    Compiled code should not call entry points which might terminate R nor
    write to stdout/stderr instead of to the console, nor the system RNG.
    
    See ‘Writing portable packages’ in the ‘Writing R Extensions’ manual.
Flavors: r-devel-linux-x86_64-debian-clang, r-devel-linux-x86_64-debian-gcc, r-devel-linux-x86_64-fedora-clang, r-devel-linux-x86_64-fedora-gcc, r-patched-solaris-sparc, r-patched-solaris-x86

Version: 1.4.0
Check: installed package size
Result: NOTE
     installed size is 5.0Mb
     sub-directories of 1Mb or more:
     libs 4.7Mb
Flavors: r-devel-linux-x86_64-fedora-clang, r-patched-solaris-sparc

Version: 1.4.0
Check: compiled code
Result: NOTE
    File ‘wsrf/libs/wsrf.so’:
     Found ‘_rand’, possibly from ‘rand’ (C)
     Objects: ‘IGR.o’, ‘c4_5_attribute_selection_method.o’,
     ‘random_forests.o’
     Found ‘_srand’, possibly from ‘srand’ (C)
     Objects: ‘IGR.o’, ‘c4_5_attribute_selection_method.o’,
     ‘random_forests.o’
    
    Compiled code should not call entry points which might terminate R nor
    write to stdout/stderr instead of to the console, nor the system RNG.
    
    See ‘Writing portable packages’ in the ‘Writing R Extensions’ manual.
Flavors: r-devel-osx-x86_64-clang, r-release-osx-x86_64-mavericks

Version: 1.4.0
Check: compiled code
Result: NOTE
    File 'wsrf/libs/i386/wsrf.dll':
     Found 'rand', possibly from 'rand' (C)
     Objects: 'IGR.o', 'c4_5_attribute_selection_method.o',
     'random_forests.o'
     Found 'srand', possibly from 'srand' (C)
     Objects: 'IGR.o', 'c4_5_attribute_selection_method.o',
     'random_forests.o'
    File 'wsrf/libs/x64/wsrf.dll':
     Found 'rand', possibly from 'rand' (C)
     Objects: 'IGR.o', 'c4_5_attribute_selection_method.o',
     'random_forests.o'
     Found 'srand', possibly from 'srand' (C)
     Objects: 'IGR.o', 'c4_5_attribute_selection_method.o',
     'random_forests.o'
    
    Compiled code should not call entry points which might terminate R nor
    write to stdout/stderr instead of to the console, nor the system RNG.
    
    See 'Writing portable packages' in the 'Writing R Extensions' manual.
Flavors: r-devel-windows-ix86+x86_64, r-release-windows-ix86+x86_64, r-oldrel-windows-ix86+x86_64

Version: 1.4.0
Check: package dependencies
Result: ERROR
    Packages suggested but not available for checking: ‘rattle’ ‘party’ ‘knitr’
    
    VignetteBuilder package required for checking but not installed: ‘knitr’
    
    Files named as vignettes but with no recognized vignette engine:
     ‘inst/doc/wsrfGuide.Rnw’
    (Is a VignetteBuilder field missing?)
    
    See section ‘The DESCRIPTION file’ in the ‘Writing R Extensions’
    manual.
Flavor: r-release-osx-x86_64-snowleopard