CRAN Package Check Results for Package wsrf

Last updated on 2016-06-29 10:50:39.

Flavor Version Tinstall Tcheck Ttotal Status Flags
r-devel-linux-x86_64-debian-gcc 1.5.29 39.39 23.94 63.33 OK
r-devel-linux-x86_64-fedora-clang 1.5.29 107.98 OK
r-devel-linux-x86_64-fedora-gcc 1.5.29 101.73 OK
r-devel-osx-x86_64-clang 1.5.29 75.97 OK
r-devel-windows-ix86+x86_64 1.5.29 102.00 55.00 157.00 OK
r-patched-linux-x86_64 1.5.29 30.65 23.42 54.07 OK
r-patched-solaris-sparc 1.5.29 580.50 NOTE
r-patched-solaris-x86 1.5.29 120.40 NOTE
r-release-linux-x86_64 1.5.29 30.08 22.03 52.11 OK
r-release-osx-x86_64-mavericks 1.5.29 OK
r-release-windows-ix86+x86_64 1.5.29 144.00 65.00 209.00 OK
r-oldrel-windows-ix86+x86_64 1.5.29 125.00 68.00 193.00 OK

Check Details

Version: 1.5.29
Check: installed package size
Result: NOTE
     installed size is 5.7Mb
     sub-directories of 1Mb or more:
     libs 5.5Mb
Flavors: r-patched-solaris-sparc, r-patched-solaris-x86