CRAN Package Check Results for Package wsrf

Last updated on 2015-03-02 05:47:58.

Flavor Version Tinstall Tcheck Ttotal Status Flags
r-devel-linux-x86_64-debian-clang 1.4.0 30.23 81.56 111.80 NOTE
r-devel-linux-x86_64-debian-gcc 1.4.0 37.28 81.70 118.99 NOTE
r-devel-linux-x86_64-fedora-clang 1.4.0 211.02 NOTE
r-devel-linux-x86_64-fedora-gcc 1.4.0 205.19 NOTE
r-devel-osx-x86_64-clang 1.4.0 310.11 NOTE
r-devel-windows-ix86+x86_64 1.4.0 173.00 136.00 309.00 NOTE
r-patched-linux-x86_64 1.4.0 36.87 85.02 121.89 NOTE
r-patched-solaris-sparc 1.4.0 1951.10 NOTE
r-patched-solaris-x86 1.4.0 313.60 NOTE
r-release-linux-ix86 1.4.0 43.75 114.84 158.59 NOTE
r-release-linux-x86_64 1.4.0 36.89 86.98 123.87 NOTE
r-release-osx-x86_64-mavericks 1.4.0 NOTE
r-release-osx-x86_64-snowleopard 1.4.0 OK
r-release-windows-ix86+x86_64 1.4.0 171.00 148.00 319.00 NOTE
r-oldrel-windows-ix86+x86_64 1.4.0 120.00 136.00 256.00 OK

Check Details

Version: 1.4.0
Check: dependencies in R code
Result: NOTE
    Package in Depends field not imported from: ‘parallel’
     These packages need to be imported from (in the NAMESPACE file)
     for when this namespace is loaded but not attached.
Flavors: r-devel-linux-x86_64-debian-clang, r-devel-linux-x86_64-debian-gcc, r-devel-linux-x86_64-fedora-clang, r-devel-linux-x86_64-fedora-gcc, r-devel-osx-x86_64-clang, r-devel-windows-ix86+x86_64, r-patched-linux-x86_64, r-patched-solaris-x86

Version: 1.4.0
Check: S3 generic/method consistency
Result: NOTE
    Found the following apparent S3 methods exported but not registered:
     correlation.wsrf predict.wsrf print.wsrf strength.wsrf summary.wsrf
    See section ‘Registering S3 methods’ in the ‘Writing R Extensions’
    manual.
Flavors: r-devel-linux-x86_64-debian-clang, r-devel-linux-x86_64-debian-gcc, r-devel-linux-x86_64-fedora-clang, r-devel-linux-x86_64-fedora-gcc, r-devel-osx-x86_64-clang

Version: 1.4.0
Check: R code for possible problems
Result: NOTE
    .clwsrf: no visible global function definition for ‘makeCluster’
    .clwsrf: no visible global function definition for ‘clusterEvalQ’
    .clwsrf: no visible global function definition for ‘clusterCall’
    .clwsrf : <anonymous>: no visible global function definition for
     ‘detectCores’
    .clwsrf: no visible global function definition for
     ‘clusterSetRNGStream’
    .clwsrf: no visible global function definition for ‘parRapply’
    .clwsrf: no visible global function definition for ‘stopCluster’
    wsrf: no visible global function definition for ‘detectCores’
Flavors: r-devel-linux-x86_64-debian-clang, r-devel-linux-x86_64-debian-gcc, r-devel-linux-x86_64-fedora-clang, r-devel-linux-x86_64-fedora-gcc, r-devel-osx-x86_64-clang, r-devel-windows-ix86+x86_64, r-patched-linux-x86_64, r-patched-solaris-sparc, r-patched-solaris-x86, r-release-linux-ix86, r-release-linux-x86_64, r-release-osx-x86_64-mavericks, r-release-windows-ix86+x86_64

Version: 1.4.0
Check: compiled code
Result: NOTE
    File ‘wsrf/libs/wsrf.so’:
     Found ‘rand’, possibly from ‘rand’ (C)
     Objects: ‘IGR.o’, ‘c4_5_attribute_selection_method.o’,
     ‘random_forests.o’
     Found ‘srand’, possibly from ‘srand’ (C)
     Objects: ‘IGR.o’, ‘c4_5_attribute_selection_method.o’,
     ‘random_forests.o’
    
    Compiled code should not call entry points which might terminate R nor
    write to stdout/stderr instead of to the console, nor the system RNG.
    
    See ‘Writing portable packages’ in the ‘Writing R Extensions’ manual.
Flavors: r-devel-linux-x86_64-debian-clang, r-devel-linux-x86_64-debian-gcc, r-devel-linux-x86_64-fedora-clang, r-devel-linux-x86_64-fedora-gcc, r-patched-linux-x86_64, r-patched-solaris-sparc, r-patched-solaris-x86

Version: 1.4.0
Check: compiled code
Result: NOTE
    File ‘wsrf/libs/wsrf.so’:
     Found ‘_rand’, possibly from ‘rand’ (C)
     Objects: ‘IGR.o’, ‘c4_5_attribute_selection_method.o’,
     ‘random_forests.o’
     Found ‘_srand’, possibly from ‘srand’ (C)
     Objects: ‘IGR.o’, ‘c4_5_attribute_selection_method.o’,
     ‘random_forests.o’
    
    Compiled code should not call entry points which might terminate R nor
    write to stdout/stderr instead of to the console, nor the system RNG.
    
    See ‘Writing portable packages’ in the ‘Writing R Extensions’ manual.
Flavors: r-devel-osx-x86_64-clang, r-release-osx-x86_64-mavericks

Version: 1.4.0
Check: compiled code
Result: NOTE
    File 'wsrf/libs/i386/wsrf.dll':
     Found 'rand', possibly from 'rand' (C)
     Objects: 'IGR.o', 'c4_5_attribute_selection_method.o',
     'random_forests.o'
     Found 'srand', possibly from 'srand' (C)
     Objects: 'IGR.o', 'c4_5_attribute_selection_method.o',
     'random_forests.o'
    File 'wsrf/libs/x64/wsrf.dll':
     Found 'rand', possibly from 'rand' (C)
     Objects: 'IGR.o', 'c4_5_attribute_selection_method.o',
     'random_forests.o'
     Found 'srand', possibly from 'srand' (C)
     Objects: 'IGR.o', 'c4_5_attribute_selection_method.o',
     'random_forests.o'
    
    Compiled code should not call entry points which might terminate R nor
    write to stdout/stderr instead of to the console, nor the system RNG.
    
    See 'Writing portable packages' in the 'Writing R Extensions' manual.
Flavor: r-devel-windows-ix86+x86_64

Version: 1.4.0
Check: installed package size
Result: NOTE
     installed size is 5.5Mb
     sub-directories of 1Mb or more:
     libs 5.1Mb
Flavor: r-patched-solaris-sparc

Version: 1.4.0
Check: dependencies in R code
Result: NOTE
    Package in Depends field not imported from: ‘parallel’
     These packages need to be imported from (in the NAMESPACE file)
     for when this namespace is loaded but not attached.
    See the information on DESCRIPTION files in the chapter ‘Creating R
    packages’ of the ‘Writing R Extensions’ manual.
Flavors: r-patched-solaris-sparc, r-release-linux-ix86, r-release-linux-x86_64, r-release-osx-x86_64-mavericks, r-release-windows-ix86+x86_64

Version: 1.4.0
Check: compiled code
Result: NOTE
    File ‘wsrf/libs/wsrf.so’:
     Found ‘rand’, possibly from ‘rand’ (C)
     Objects: ‘IGR.o’, ‘c4_5_attribute_selection_method.o’,
     ‘random_forests.o’
     Found ‘srand’, possibly from ‘srand’ (C)
     Objects: ‘IGR.o’, ‘c4_5_attribute_selection_method.o’,
     ‘random_forests.o’
    
    Compiled code should not call entry points which might terminate R nor
    write to stdout/stderr instead of to the console, nor the C RNG.
    
    See ‘Writing portable packages’ in the ‘Writing R Extensions’ manual.
Flavors: r-release-linux-ix86, r-release-linux-x86_64

Version: 1.4.0
Check: compiled code
Result: NOTE
    File 'wsrf/libs/i386/wsrf.dll':
     Found 'rand', possibly from 'rand' (C)
     Objects: 'IGR.o', 'c4_5_attribute_selection_method.o',
     'random_forests.o'
     Found 'srand', possibly from 'srand' (C)
     Objects: 'IGR.o', 'c4_5_attribute_selection_method.o',
     'random_forests.o'
    File 'wsrf/libs/x64/wsrf.dll':
     Found 'rand', possibly from 'rand' (C)
     Objects: 'IGR.o', 'c4_5_attribute_selection_method.o',
     'random_forests.o'
     Found 'srand', possibly from 'srand' (C)
     Objects: 'IGR.o', 'c4_5_attribute_selection_method.o',
     'random_forests.o'
    
    Compiled code should not call entry points which might terminate R nor
    write to stdout/stderr instead of to the console, nor the C RNG.
    
    See 'Writing portable packages' in the 'Writing R Extensions' manual.
Flavor: r-release-windows-ix86+x86_64