CRAN Package Check Results for Package wsrf

Last updated on 2017-02-27 09:48:13.

Flavor Version Tinstall Tcheck Ttotal Status Flags
r-devel-linux-x86_64-debian-clang 1.7.0 41.76 31.02 72.79 NOTE
r-devel-linux-x86_64-debian-gcc 1.7.0 45.67 25.92 71.59 NOTE
r-devel-linux-x86_64-fedora-clang 1.7.0 131.30 NOTE --no-stop-on-test-error
r-devel-linux-x86_64-fedora-gcc 1.7.0 139.60 NOTE --no-stop-on-test-error
r-devel-macos-x86_64-clang 1.7.0 92.58 NOTE --no-stop-on-test-error
r-devel-windows-ix86+x86_64 1.7.0 148.00 100.00 248.00 OK
r-patched-linux-x86_64 1.7.0 40.37 22.20 62.57 OK
r-patched-solaris-sparc 1.7.0 641.60 OK
r-patched-solaris-x86 1.7.0 130.50 OK
r-release-linux-x86_64 1.7.0 40.42 22.59 63.01 OK
r-release-osx-x86_64-mavericks 1.7.0 OK
r-release-windows-ix86+x86_64 1.7.0 251.00 166.00 417.00 OK
r-oldrel-windows-ix86+x86_64 1.5.47 98.00 75.00 173.00 OK

Check Details

Version: 1.7.0
Check: compiled code
Result: NOTE
    File ‘wsrf/libs/wsrf.so’:
     Found no calls to: ‘R_registerRoutines’, ‘R_useDynamicSymbols’
    
    It is good practice to register native routines and to disable symbol
    search.
    
    See ‘Writing portable packages’ in the ‘Writing R Extensions’ manual.
Flavors: r-devel-linux-x86_64-debian-clang, r-devel-linux-x86_64-debian-gcc

Version: 1.7.0
Flags: --no-stop-on-test-error
Check: compiled code
Result: NOTE
    File ‘wsrf/libs/wsrf.so’:
     Found no calls to: ‘R_registerRoutines’, ‘R_useDynamicSymbols’
    
    It is good practice to register native routines and to disable symbol
    search.
    
    See ‘Writing portable packages’ in the ‘Writing R Extensions’ manual.
Flavors: r-devel-linux-x86_64-fedora-clang, r-devel-linux-x86_64-fedora-gcc, r-devel-macos-x86_64-clang

Version: 1.7.0
Flags: --no-stop-on-test-error
Check: installed package size
Result: NOTE
     installed size is 5.3Mb
     sub-directories of 1Mb or more:
     libs 5.1Mb
Flavor: r-devel-linux-x86_64-fedora-gcc