CRAN Package Check Results for Package wsrf

Last updated on 2017-05-29 16:48:47.

Flavor Version Tinstall Tcheck Ttotal Status Flags
r-devel-linux-x86_64-debian-clang 1.7.13 49.71 27.26 76.97 OK
r-devel-linux-x86_64-debian-gcc 1.7.13 50.70 28.02 78.72 OK
r-devel-linux-x86_64-fedora-clang 1.7.13 144.27 OK
r-devel-linux-x86_64-fedora-gcc 1.7.13 144.78 NOTE
r-devel-windows-ix86+x86_64 1.7.13 161.00 103.00 264.00 OK
r-patched-linux-x86_64 1.7.13 46.27 26.90 73.17 OK
r-patched-solaris-sparc 1.7.13 669.70 OK
r-patched-solaris-x86 1.7.13 151.90 OK
r-release-linux-x86_64 1.7.13 47.43 27.70 75.13 OK
r-release-windows-ix86+x86_64 1.7.13 214.00 106.00 320.00 OK
r-release-osx-x86_64 1.7.13 ERROR
r-oldrel-windows-ix86+x86_64 1.7.13 157.00 69.00 226.00 OK
r-oldrel-osx-x86_64 1.7.13 OK

Check Details

Version: 1.7.13
Check: installed package size
Result: NOTE
     installed size is 6.1Mb
     sub-directories of 1Mb or more:
     libs 5.9Mb
Flavor: r-devel-linux-x86_64-fedora-gcc

Version: 1.7.13
Check: package dependencies
Result: NOTE
    Package suggested but not available for checking: ‘rattle’
Flavor: r-release-osx-x86_64

Version: 1.7.13
Check: examples
Result: ERROR
    Running examples in ‘wsrf-Ex.R’ failed
    The error most likely occurred in:
    
    > ### Name: combine.wsrf
    > ### Title: Combine Ensembles of Trees
    > ### Aliases: combine combine.wsrf
    >
    > ### ** Examples
    >
    > library("wsrf")
    >
    > # Prepare parameters.
    > ds <- rattle::weather
    Error in loadNamespace(name) : there is no package called ‘rattle’
    Calls: :: ... tryCatch -> tryCatchList -> tryCatchOne -> <Anonymous>
    Execution halted
Flavor: r-release-osx-x86_64

Version: 1.7.13
Check: tests
Result: ERROR
     Running ‘wsrftest.R’ [0s/0s]
    Running the tests in ‘tests/wsrftest.R’ failed.
    Complete output:
     > suppressMessages(library(wsrf))
     > suppressMessages(library(rattle))
     Error in library(rattle) : there is no package called 'rattle'
     Calls: suppressMessages -> withCallingHandlers -> library
     Execution halted
Flavor: r-release-osx-x86_64

Version: 1.7.13
Check: re-building of vignette outputs
Result: WARN
    Error in re-building vignettes:
     ...
    Warning in engine$weave(file, quiet = quiet, encoding = enc) :
     Pandoc (>= 1.12.3) and/or pandoc-citeproc not available. Falling back to R Markdown v1.
    Quitting from lines 63-67 (wsrf-guide.Rmd)
    Error: processing vignette 'wsrf-guide.Rmd' failed with diagnostics:
    there is no package called 'rattle'
    Execution halted
Flavor: r-release-osx-x86_64