CRAN Package Check Results for Package wsrf

Last updated on 2014-10-23 03:49:01.

Flavor Version Tinstall Tcheck Ttotal Status Flags
r-devel-linux-x86_64-debian-clang 1.4.0 30.26 83.91 114.16 NOTE
r-devel-linux-x86_64-debian-gcc 1.4.0 35.36 82.98 118.34 NOTE
r-devel-linux-x86_64-fedora-clang 1.4.0 215.34 NOTE
r-devel-linux-x86_64-fedora-gcc 1.4.0 199.31 NOTE
r-devel-osx-x86_64-clang 1.4.0 306.29 NOTE
r-devel-windows-ix86+x86_64 1.4.0 108.00 100.00 208.00 NOTE
r-patched-linux-x86_64 1.4.0 35.54 84.76 120.30 NOTE
r-patched-solaris-sparc 1.4.0 2034.20 NOTE
r-patched-solaris-x86 1.4.0 307.90 NOTE
r-release-linux-ix86 1.4.0 45.68 153.39 199.07 OK
r-release-linux-x86_64 1.4.0 36.75 85.82 122.57 OK
r-release-osx-x86_64-mavericks 1.4.0 NOTE
r-release-osx-x86_64-snowleopard 1.4.0 OK
r-release-windows-ix86+x86_64 1.4.0 108.00 112.00 220.00 OK
r-oldrel-windows-ix86+x86_64 1.4.0 116.00 135.00 251.00 OK

Check Details

Version: 1.4.0
Check: dependencies in R code
Result: NOTE
    Package in Depends field not imported from: ‘parallel’
     These packages need to be imported from (in the NAMESPACE file)
     for when this namespace is loaded but not attached.
    See the information on DESCRIPTION files in the chapter ‘Creating R
    packages’ of the ‘Writing R Extensions’ manual.
Flavors: r-devel-linux-x86_64-debian-clang, r-devel-linux-x86_64-debian-gcc, r-devel-linux-x86_64-fedora-clang, r-devel-linux-x86_64-fedora-gcc, r-devel-osx-x86_64-clang, r-devel-windows-ix86+x86_64, r-patched-linux-x86_64, r-patched-solaris-sparc, r-patched-solaris-x86

Version: 1.4.0
Check: R code for possible problems
Result: NOTE
    .clwsrf: no visible global function definition for ‘makeCluster’
    .clwsrf: no visible global function definition for ‘clusterEvalQ’
    .clwsrf: no visible global function definition for ‘clusterCall’
    .clwsrf : <anonymous>: no visible global function definition for
     ‘detectCores’
    .clwsrf: no visible global function definition for
     ‘clusterSetRNGStream’
    .clwsrf: no visible global function definition for ‘parRapply’
    .clwsrf: no visible global function definition for ‘stopCluster’
    wsrf: no visible global function definition for ‘detectCores’
Flavors: r-devel-linux-x86_64-debian-clang, r-devel-linux-x86_64-debian-gcc, r-devel-linux-x86_64-fedora-clang, r-devel-linux-x86_64-fedora-gcc, r-devel-osx-x86_64-clang, r-devel-windows-ix86+x86_64, r-patched-linux-x86_64, r-patched-solaris-sparc, r-patched-solaris-x86

Version: 1.4.0
Check: compiled code
Result: NOTE
    File ‘wsrf/libs/wsrf.so’:
     Found ‘rand’, possibly from ‘rand’ (C)
     Objects: ‘IGR.o’, ‘c4_5_attribute_selection_method.o’,
     ‘random_forests.o’
     Found ‘srand’, possibly from ‘srand’ (C)
     Objects: ‘IGR.o’, ‘c4_5_attribute_selection_method.o’,
     ‘random_forests.o’
    
    Compiled code should not call entry points which might terminate R nor
    write to stdout/stderr instead of to the console, nor the C RNG.
    
    See ‘Writing portable packages’ in the ‘Writing R Extensions’ manual.
Flavors: r-devel-linux-x86_64-debian-clang, r-devel-linux-x86_64-debian-gcc, r-devel-linux-x86_64-fedora-clang, r-devel-linux-x86_64-fedora-gcc, r-patched-linux-x86_64, r-patched-solaris-sparc, r-patched-solaris-x86

Version: 1.4.0
Check: installed package size
Result: NOTE
     installed size is 6.0Mb
     sub-directories of 1Mb or more:
     libs 5.7Mb
Flavors: r-devel-linux-x86_64-fedora-clang, r-patched-solaris-sparc

Version: 1.4.0
Check: compiled code
Result: NOTE
    File ‘wsrf/libs/wsrf.so’:
     Found ‘_rand’, possibly from ‘rand’ (C)
     Objects: ‘IGR.o’, ‘c4_5_attribute_selection_method.o’,
     ‘random_forests.o’
     Found ‘_srand’, possibly from ‘srand’ (C)
     Objects: ‘IGR.o’, ‘c4_5_attribute_selection_method.o’,
     ‘random_forests.o’
    
    Compiled code should not call entry points which might terminate R nor
    write to stdout/stderr instead of to the console, nor the C RNG.
    
    See ‘Writing portable packages’ in the ‘Writing R Extensions’ manual.
Flavor: r-devel-osx-x86_64-clang

Version: 1.4.0
Check: compiled code
Result: NOTE
    File 'wsrf/libs/i386/wsrf.dll':
     Found 'rand', possibly from 'rand' (C)
     Objects: 'IGR.o', 'c4_5_attribute_selection_method.o',
     'random_forests.o'
     Found 'srand', possibly from 'srand' (C)
     Objects: 'IGR.o', 'c4_5_attribute_selection_method.o',
     'random_forests.o'
    File 'wsrf/libs/x64/wsrf.dll':
     Found 'rand', possibly from 'rand' (C)
     Objects: 'IGR.o', 'c4_5_attribute_selection_method.o',
     'random_forests.o'
     Found 'srand', possibly from 'srand' (C)
     Objects: 'IGR.o', 'c4_5_attribute_selection_method.o',
     'random_forests.o'
    
    Compiled code should not call entry points which might terminate R nor
    write to stdout/stderr instead of to the console, nor the C RNG.
    
    See 'Writing portable packages' in the 'Writing R Extensions' manual.
Flavor: r-devel-windows-ix86+x86_64

Version: 1.4.0
Check: re-building of vignette outputs
Result: NOTE
    Error in re-building vignettes:
     ...
    Loading required package: grid
    Loading required package: zoo
    
    Attaching package: 'zoo'
    
    The following objects are masked from 'package:base':
    
     as.Date, as.Date.numeric
    
    Loading required package: sandwich
    Loading required package: strucchange
    Loading required package: modeltools
    Loading required package: stats4
    Error in texi2dvi(file = file, pdf = TRUE, clean = clean, quiet = quiet, :
     Running 'texi2dvi' on 'wsrfGuide.tex' failed.
    LaTeX errors:
    ! LaTeX Error: File `todonotes.sty' not found.
    
    Type X to quit or <RETURN> to proceed,
    or enter new name. (Default extension: sty)
    
    st/wsrf/vignettes/wsrfGuide.tex:58: ==> Fatal error occurred, no output PDF fi
    le produced!
    Calls: buildVignettes -> texi2pdf -> texi2dvi
    Execution halted
Flavor: r-release-osx-x86_64-mavericks