CRAN Package Check Results for Package wsrf

Last updated on 2018-04-21 05:49:32 CEST.

Flavor Version Tinstall Tcheck Ttotal Status Flags
r-devel-linux-x86_64-debian-clang 1.7.17 66.11 36.11 102.22 OK
r-devel-linux-x86_64-debian-gcc 1.7.17 55.82 29.08 84.90 OK
r-devel-linux-x86_64-fedora-clang 1.7.17 153.37 NOTE
r-devel-linux-x86_64-fedora-gcc 1.7.17 143.05 NOTE
r-devel-windows-ix86+x86_64 1.7.17 212.00 95.00 307.00 OK
r-devel-osx-x86_64 1.7.17 OK
r-patched-linux-x86_64 1.7.17 74.17 35.66 109.83 OK
r-patched-solaris-x86 1.7.17 156.60 OK
r-release-linux-x86_64 1.7.17 74.57 38.03 112.60 OK
r-release-windows-ix86+x86_64 1.7.17 205.00 110.00 315.00 OK
r-release-osx-x86_64 1.7.17 OK
r-oldrel-windows-ix86+x86_64 1.7.17 207.00 76.00 283.00 OK

Check Details

Version: 1.7.17
Check: installed package size
Result: NOTE
     installed size is 5.1Mb
     sub-directories of 1Mb or more:
     libs 4.9Mb
Flavors: r-devel-linux-x86_64-fedora-clang, r-devel-linux-x86_64-fedora-gcc