CRAN Package Check Results for Package wsrf

Last updated on 2017-11-23 11:53:03 CET.

Flavor Version Tinstall Tcheck Ttotal Status Flags
r-devel-linux-x86_64-debian-clang 1.7.17 49.52 39.47 88.98 OK
r-devel-linux-x86_64-debian-gcc 1.7.17 58.40 56.94 115.33 OK
r-devel-linux-x86_64-fedora-clang 1.7.17 146.86 OK
r-devel-linux-x86_64-fedora-gcc 1.7.17 140.91 NOTE
r-devel-windows-ix86+x86_64 1.7.17 155.00 105.00 260.00 OK
r-patched-linux-x86_64 1.7.17 67.83 61.94 129.77 OK
r-patched-solaris-x86 1.7.17 156.90 OK
r-release-linux-x86_64 1.7.17 52.98 26.62 79.60 OK
r-release-windows-ix86+x86_64 1.7.17 170.00 76.00 246.00 OK
r-release-osx-x86_64 1.7.17 OK
r-oldrel-windows-ix86+x86_64 1.7.17 170.00 78.00 248.00 OK
r-oldrel-osx-x86_64 1.7.17 OK

Check Details

Version: 1.7.17
Check: installed package size
Result: NOTE
     installed size is 6.0Mb
     sub-directories of 1Mb or more:
     libs 5.8Mb
Flavor: r-devel-linux-x86_64-fedora-gcc