CRAN Package Check Results for Package wsrf

Last updated on 2015-07-05 22:47:54.

Flavor Version Tinstall Tcheck Ttotal Status Flags
r-devel-linux-x86_64-debian-clang 1.5.14 26.30 22.25 48.55 NOTE
r-devel-linux-x86_64-debian-gcc 1.5.14 31.74 21.37 53.11 NOTE
r-devel-linux-x86_64-fedora-clang 1.5.14 105.47 NOTE
r-devel-linux-x86_64-fedora-gcc 1.5.14 100.36 NOTE
r-devel-osx-x86_64-clang 1.5.14 74.17 OK
r-devel-windows-ix86+x86_64 1.5.14 123.00 56.00 179.00 NOTE
r-patched-linux-x86_64 1.5.14 31.88 21.48 53.36 OK
r-patched-solaris-sparc 1.5.14 591.00 NOTE
r-patched-solaris-x86 1.5.14 139.00 OK
r-release-linux-x86_64 1.5.14 31.52 21.98 53.50 OK
r-release-osx-x86_64-mavericks 1.5.14 OK
r-release-windows-ix86+x86_64 1.5.14 131.00 61.00 192.00 OK
r-oldrel-windows-ix86+x86_64 1.5.14 137.00 62.00 199.00 OK

Check Details

Version: 1.5.14
Check: R code for possible problems
Result: NOTE
    predict.wsrf: no visible global function definition for
     ‘complete.cases’
    wsrf: no visible binding for global variable ‘na.fail’
    wsrf: no visible global function definition for ‘terms.formula’
    wsrf: no visible global function definition for ‘runif’
    Undefined global functions or variables:
     complete.cases na.fail runif terms.formula
Flavors: r-devel-linux-x86_64-debian-clang, r-devel-linux-x86_64-debian-gcc, r-devel-linux-x86_64-fedora-clang, r-devel-linux-x86_64-fedora-gcc, r-devel-windows-ix86+x86_64

Version: 1.5.14
Check: installed package size
Result: NOTE
     installed size is 5.4Mb
     sub-directories of 1Mb or more:
     libs 5.0Mb
Flavor: r-patched-solaris-sparc