CRAN Package Check Results for Package wsrf

Last updated on 2014-07-31 11:51:19.

Flavor Version Tinstall Tcheck Ttotal Status Flags
r-devel-linux-x86_64-debian-clang 1.4.0 29.32 83.07 112.39 OK
r-devel-linux-x86_64-debian-gcc 1.4.0 35.70 83.85 119.55 OK
r-devel-linux-x86_64-fedora-clang 1.4.0 203.39 NOTE
r-devel-linux-x86_64-fedora-gcc 1.4.0 200.26 OK
r-devel-osx-x86_64-clang 1.4.0 320.13 OK
r-devel-windows-ix86+x86_64 1.4.0 102.00 115.00 217.00 OK
r-patched-linux-x86_64 1.4.0 36.50 84.23 120.72 OK
r-patched-solaris-sparc 1.4.0 1956.40 NOTE
r-patched-solaris-x86 1.4.0 308.80 OK
r-release-linux-ix86 1.4.0 44.68 120.77 165.46 OK
r-release-linux-x86_64 1.4.0 35.87 84.14 120.01 OK
r-release-osx-x86_64-mavericks 1.4.0 NOTE
r-release-osx-x86_64-snowleopard 1.4.0 OK
r-release-windows-ix86+x86_64 1.4.0 112.00 150.00 262.00 OK
r-oldrel-windows-ix86+x86_64 1.4.0 162.00 181.00 343.00 OK

Check Details

Version: 1.4.0
Check: installed package size
Result: NOTE
     installed size is 5.2Mb
     sub-directories of 1Mb or more:
     libs 4.8Mb
Flavors: r-devel-linux-x86_64-fedora-clang, r-patched-solaris-sparc

Version: 1.4.0
Check: re-building of vignette outputs
Result: NOTE
    Error in re-building vignettes:
     ...
    Loading required package: grid
    Loading required package: zoo
    
    Attaching package: 'zoo'
    
    The following objects are masked from 'package:base':
    
     as.Date, as.Date.numeric
    
    Loading required package: sandwich
    Loading required package: strucchange
    Loading required package: modeltools
    Loading required package: stats4
    Error in texi2dvi(file = file, pdf = TRUE, clean = clean, quiet = quiet, :
     Running 'texi2dvi' on 'wsrfGuide.tex' failed.
    LaTeX errors:
    ! LaTeX Error: File `todonotes.sty' not found.
    
    Type X to quit or <RETURN> to proceed,
    or enter new name. (Default extension: sty)
    
    st/wsrf/vignettes/wsrfGuide.tex:58: ==> Fatal error occurred, no output PDF fi
    le produced!
    Calls: buildVignettes -> texi2pdf -> texi2dvi
    Execution halted
Flavor: r-release-osx-x86_64-mavericks