CRAN Package Check Results for Package wsrf

Last updated on 2017-01-22 12:48:18.

Flavor Version Tinstall Tcheck Ttotal Status Flags
r-devel-linux-x86_64-debian-clang 1.7.0 41.51 26.36 67.87 OK
r-devel-linux-x86_64-debian-gcc 1.7.0 46.52 25.13 71.65 OK
r-devel-linux-x86_64-fedora-clang 1.7.0 131.65 OK --no-stop-on-test-error
r-devel-linux-x86_64-fedora-gcc 1.7.0 134.56 NOTE --no-stop-on-test-error
r-devel-macos-x86_64-clang 1.7.0 91.19 OK --no-stop-on-test-error
r-devel-windows-ix86+x86_64 1.7.0 192.00 84.00 276.00 OK
r-patched-linux-x86_64 1.7.0 40.85 22.23 63.08 OK
r-patched-solaris-sparc 1.7.0 641.60 OK
r-patched-solaris-x86 1.7.0 151.40 OK
r-release-linux-x86_64 1.7.0 40.52 22.57 63.09 OK
r-release-osx-x86_64-mavericks 1.7.0 OK
r-release-windows-ix86+x86_64 1.7.0 246.00 64.00 310.00 OK
r-oldrel-windows-ix86+x86_64 1.5.47 98.00 75.00 173.00 OK

Check Details

Version: 1.7.0
Flags: --no-stop-on-test-error
Check: installed package size
Result: NOTE
     installed size is 5.3Mb
     sub-directories of 1Mb or more:
     libs 5.1Mb
Flavor: r-devel-linux-x86_64-fedora-gcc