CRAN Package Check Results for Package wsrf

Last updated on 2018-06-21 21:50:20 CEST.

Flavor Version Tinstall Tcheck Ttotal Status Flags
r-devel-linux-x86_64-debian-clang 1.7.17 70.94 36.47 107.41 OK
r-devel-linux-x86_64-debian-gcc 1.7.17 57.55 31.72 89.27 OK
r-devel-linux-x86_64-fedora-clang 1.7.17 156.75 NOTE
r-devel-linux-x86_64-fedora-gcc 1.7.17 145.54 OK
r-devel-windows-ix86+x86_64 1.7.17 198.00 117.00 315.00 OK
r-patched-linux-x86_64 1.7.17 72.49 37.72 110.21 OK
r-patched-solaris-x86 1.7.17 153.10 OK
r-release-linux-x86_64 1.7.17 75.36 37.15 112.51 OK
r-release-windows-ix86+x86_64 1.7.17 155.00 83.00 238.00 OK
r-release-osx-x86_64 1.7.17 OK
r-oldrel-windows-ix86+x86_64 1.7.17 216.00 89.00 305.00 OK
r-oldrel-osx-x86_64 1.7.17 OK

Check Details

Version: 1.7.17
Check: installed package size
Result: NOTE
     installed size is 5.1Mb
     sub-directories of 1Mb or more:
     libs 4.9Mb
Flavor: r-devel-linux-x86_64-fedora-clang