CRAN Package Check Results for Package wsrf

Last updated on 2016-12-09 23:50:05.

Flavor Version Tinstall Tcheck Ttotal Status Flags
r-devel-linux-x86_64-debian-clang 1.7.0 41.56 25.46 67.02 OK
r-devel-linux-x86_64-debian-gcc 1.7.0 45.44 25.02 70.46 OK
r-devel-linux-x86_64-fedora-clang 1.7.0 131.12 OK --no-stop-on-test-error
r-devel-linux-x86_64-fedora-gcc 1.7.0 136.11 NOTE --no-stop-on-test-error
r-devel-macos-x86_64-clang 1.7.0 91.78 OK --no-stop-on-test-error
r-devel-windows-ix86+x86_64 1.7.0 140.00 92.00 232.00 OK
r-patched-linux-x86_64 1.7.0 40.58 22.67 63.25 OK
r-patched-solaris-sparc 1.7.0 598.10 OK
r-patched-solaris-x86 1.7.0 130.20 OK
r-release-linux-x86_64 1.7.0 40.65 23.05 63.71 OK
r-release-osx-x86_64-mavericks 1.7.0 OK
r-release-windows-ix86+x86_64 1.7.0 138.00 65.00 203.00 OK
r-oldrel-windows-ix86+x86_64 1.5.47 98.00 75.00 173.00 OK

Check Details

Version: 1.7.0
Flags: --no-stop-on-test-error
Check: installed package size
Result: NOTE
     installed size is 5.3Mb
     sub-directories of 1Mb or more:
     libs 5.2Mb
Flavor: r-devel-linux-x86_64-fedora-gcc