CRAN Package Check Results for Package wsrf

Last updated on 2015-01-28 01:48:20.

Flavor Version Tinstall Tcheck Ttotal Status Flags
r-devel-linux-x86_64-debian-clang 1.4.0 31.25 82.92 114.18 NOTE
r-devel-linux-x86_64-debian-gcc 1.4.0 36.38 81.71 118.09 NOTE
r-devel-linux-x86_64-fedora-clang 1.4.0 200.03 NOTE
r-devel-linux-x86_64-fedora-gcc 1.4.0 191.37 NOTE
r-devel-osx-x86_64-clang 1.4.0 309.72 NOTE
r-devel-windows-ix86+x86_64 1.4.0 156.00 105.00 261.00 NOTE
r-patched-linux-x86_64 1.4.0 37.80 84.62 122.42 NOTE
r-patched-solaris-sparc 1.4.0 1951.10 NOTE
r-patched-solaris-x86 1.4.0 314.50 NOTE
r-release-linux-ix86 1.4.0 43.00 113.89 156.88 NOTE
r-release-linux-x86_64 1.4.0 36.50 85.00 121.50 NOTE
r-release-osx-x86_64-mavericks 1.4.0 NOTE
r-release-osx-x86_64-snowleopard 1.4.0 OK
r-release-windows-ix86+x86_64 1.4.0 109.00 109.00 218.00 NOTE
r-oldrel-windows-ix86+x86_64 1.4.0 117.00 144.00 261.00 OK

Check Details

Version: 1.4.0
Check: dependencies in R code
Result: NOTE
    Package in Depends field not imported from: ‘parallel’
     These packages need to be imported from (in the NAMESPACE file)
     for when this namespace is loaded but not attached.
Flavors: r-devel-linux-x86_64-debian-clang, r-devel-linux-x86_64-debian-gcc, r-devel-linux-x86_64-fedora-clang, r-devel-linux-x86_64-fedora-gcc, r-devel-osx-x86_64-clang, r-devel-windows-ix86+x86_64

Version: 1.4.0
Check: S3 generic/method consistency
Result: NOTE
    Found the following apparent S3 methods exported but not registered:
     correlation.wsrf strength.wsrf print.wsrf summary.wsrf predict.wsrf
    See section ‘Registering S3 methods’ in the ‘Writing R Extensions’
    manual.
Flavors: r-devel-linux-x86_64-debian-clang, r-devel-linux-x86_64-debian-gcc, r-devel-linux-x86_64-fedora-clang, r-devel-linux-x86_64-fedora-gcc, r-devel-osx-x86_64-clang

Version: 1.4.0
Check: R code for possible problems
Result: NOTE
    .clwsrf: no visible global function definition for ‘makeCluster’
    .clwsrf: no visible global function definition for ‘clusterEvalQ’
    .clwsrf: no visible global function definition for ‘clusterCall’
    .clwsrf : <anonymous>: no visible global function definition for
     ‘detectCores’
    .clwsrf: no visible global function definition for
     ‘clusterSetRNGStream’
    .clwsrf: no visible global function definition for ‘parRapply’
    .clwsrf: no visible global function definition for ‘stopCluster’
    wsrf: no visible global function definition for ‘detectCores’
Flavors: r-devel-linux-x86_64-debian-clang, r-devel-linux-x86_64-debian-gcc, r-devel-linux-x86_64-fedora-clang, r-devel-linux-x86_64-fedora-gcc, r-devel-osx-x86_64-clang, r-devel-windows-ix86+x86_64, r-patched-linux-x86_64, r-patched-solaris-sparc, r-patched-solaris-x86, r-release-linux-ix86, r-release-linux-x86_64, r-release-osx-x86_64-mavericks, r-release-windows-ix86+x86_64

Version: 1.4.0
Check: compiled code
Result: NOTE
    File ‘wsrf/libs/wsrf.so’:
     Found ‘rand’, possibly from ‘rand’ (C)
     Objects: ‘IGR.o’, ‘c4_5_attribute_selection_method.o’,
     ‘random_forests.o’
     Found ‘srand’, possibly from ‘srand’ (C)
     Objects: ‘IGR.o’, ‘c4_5_attribute_selection_method.o’,
     ‘random_forests.o’
    
    Compiled code should not call entry points which might terminate R nor
    write to stdout/stderr instead of to the console, nor the system RNG.
    
    See ‘Writing portable packages’ in the ‘Writing R Extensions’ manual.
Flavors: r-devel-linux-x86_64-debian-clang, r-devel-linux-x86_64-debian-gcc, r-devel-linux-x86_64-fedora-clang, r-devel-linux-x86_64-fedora-gcc, r-patched-linux-x86_64, r-patched-solaris-sparc, r-patched-solaris-x86

Version: 1.4.0
Check: installed package size
Result: NOTE
     installed size is 6.0Mb
     sub-directories of 1Mb or more:
     libs 5.7Mb
Flavors: r-devel-linux-x86_64-fedora-clang, r-patched-solaris-sparc

Version: 1.4.0
Check: compiled code
Result: NOTE
    File ‘wsrf/libs/wsrf.so’:
     Found ‘_rand’, possibly from ‘rand’ (C)
     Objects: ‘IGR.o’, ‘c4_5_attribute_selection_method.o’,
     ‘random_forests.o’
     Found ‘_srand’, possibly from ‘srand’ (C)
     Objects: ‘IGR.o’, ‘c4_5_attribute_selection_method.o’,
     ‘random_forests.o’
    
    Compiled code should not call entry points which might terminate R nor
    write to stdout/stderr instead of to the console, nor the system RNG.
    
    See ‘Writing portable packages’ in the ‘Writing R Extensions’ manual.
Flavors: r-devel-osx-x86_64-clang, r-release-osx-x86_64-mavericks

Version: 1.4.0
Check: compiled code
Result: NOTE
    File 'wsrf/libs/i386/wsrf.dll':
     Found 'rand', possibly from 'rand' (C)
     Objects: 'IGR.o', 'c4_5_attribute_selection_method.o',
     'random_forests.o'
     Found 'srand', possibly from 'srand' (C)
     Objects: 'IGR.o', 'c4_5_attribute_selection_method.o',
     'random_forests.o'
    File 'wsrf/libs/x64/wsrf.dll':
     Found 'rand', possibly from 'rand' (C)
     Objects: 'IGR.o', 'c4_5_attribute_selection_method.o',
     'random_forests.o'
     Found 'srand', possibly from 'srand' (C)
     Objects: 'IGR.o', 'c4_5_attribute_selection_method.o',
     'random_forests.o'
    
    Compiled code should not call entry points which might terminate R nor
    write to stdout/stderr instead of to the console, nor the system RNG.
    
    See 'Writing portable packages' in the 'Writing R Extensions' manual.
Flavor: r-devel-windows-ix86+x86_64

Version: 1.4.0
Check: dependencies in R code
Result: NOTE
    Package in Depends field not imported from: ‘parallel’
     These packages need to be imported from (in the NAMESPACE file)
     for when this namespace is loaded but not attached.
    See the information on DESCRIPTION files in the chapter ‘Creating R
    packages’ of the ‘Writing R Extensions’ manual.
Flavors: r-patched-linux-x86_64, r-patched-solaris-sparc, r-patched-solaris-x86, r-release-linux-ix86, r-release-linux-x86_64, r-release-osx-x86_64-mavericks, r-release-windows-ix86+x86_64

Version: 1.4.0
Check: compiled code
Result: NOTE
    File ‘wsrf/libs/wsrf.so’:
     Found ‘rand’, possibly from ‘rand’ (C)
     Objects: ‘IGR.o’, ‘c4_5_attribute_selection_method.o’,
     ‘random_forests.o’
     Found ‘srand’, possibly from ‘srand’ (C)
     Objects: ‘IGR.o’, ‘c4_5_attribute_selection_method.o’,
     ‘random_forests.o’
    
    Compiled code should not call entry points which might terminate R nor
    write to stdout/stderr instead of to the console, nor the C RNG.
    
    See ‘Writing portable packages’ in the ‘Writing R Extensions’ manual.
Flavors: r-release-linux-ix86, r-release-linux-x86_64

Version: 1.4.0
Check: compiled code
Result: NOTE
    File 'wsrf/libs/i386/wsrf.dll':
     Found 'rand', possibly from 'rand' (C)
     Objects: 'IGR.o', 'c4_5_attribute_selection_method.o',
     'random_forests.o'
     Found 'srand', possibly from 'srand' (C)
     Objects: 'IGR.o', 'c4_5_attribute_selection_method.o',
     'random_forests.o'
    File 'wsrf/libs/x64/wsrf.dll':
     Found 'rand', possibly from 'rand' (C)
     Objects: 'IGR.o', 'c4_5_attribute_selection_method.o',
     'random_forests.o'
     Found 'srand', possibly from 'srand' (C)
     Objects: 'IGR.o', 'c4_5_attribute_selection_method.o',
     'random_forests.o'
    
    Compiled code should not call entry points which might terminate R nor
    write to stdout/stderr instead of to the console, nor the C RNG.
    
    See 'Writing portable packages' in the 'Writing R Extensions' manual.
Flavor: r-release-windows-ix86+x86_64