CRAN Package Check Results for Package wsrf

Last updated on 2017-09-24 11:48:46.

Flavor Version Tinstall Tcheck Ttotal Status Flags
r-devel-linux-x86_64-debian-clang 1.7.13 64.71 20.51 85.22 ERROR
r-devel-linux-x86_64-debian-gcc 1.7.13 53.29 19.05 72.35 ERROR
r-devel-linux-x86_64-fedora-clang 1.7.13 150.16 ERROR
r-devel-linux-x86_64-fedora-gcc 1.7.13 136.39 ERROR
r-devel-windows-ix86+x86_64 1.7.13 214.00 64.00 278.00 ERROR
r-patched-linux-x86_64 1.7.13 52.08 19.34 71.42 ERROR
r-patched-solaris-x86 1.7.13 138.70 ERROR
r-release-linux-x86_64 1.7.13 51.39 19.39 70.79 ERROR
r-release-windows-ix86+x86_64 1.7.13 160.00 64.00 224.00 ERROR
r-release-osx-x86_64 1.7.13 ERROR
r-oldrel-windows-ix86+x86_64 1.7.13 161.00 53.00 214.00 ERROR
r-oldrel-osx-x86_64 1.7.13 OK

Check Details

Version: 1.7.13
Check: examples
Result: ERROR
    Running examples in ‘wsrf-Ex.R’ failed
    The error most likely occurred in:
    
    > base::assign(".ptime", proc.time(), pos = "CheckExEnv")
    > ### Name: combine.wsrf
    > ### Title: Combine Ensembles of Trees
    > ### Aliases: combine combine.wsrf
    >
    > ### ** Examples
    >
    > library("wsrf")
    >
    > # Prepare parameters.
    > ds <- rattle::weather
    Error: 'weather' is not an exported object from 'namespace:rattle'
    Execution halted
Flavors: r-devel-linux-x86_64-debian-clang, r-devel-linux-x86_64-debian-gcc, r-patched-linux-x86_64, r-release-linux-x86_64

Version: 1.7.13
Check: tests
Result: ERROR
     Running ‘wsrftest.R’ [1s/1s]
    Running the tests in ‘tests/wsrftest.R’ failed.
    Complete output:
     > suppressMessages(library(wsrf))
     > suppressMessages(library(rattle))
     > suppressMessages(library(randomForest))
     >
     > # prepare parameters
     > library("wsrf")
     > library("rattle")
     > library("randomForest")
     > ds <- weather
     Error: object 'weather' not found
     Execution halted
Flavors: r-devel-linux-x86_64-debian-clang, r-devel-linux-x86_64-debian-gcc, r-patched-linux-x86_64, r-release-linux-x86_64

Version: 1.7.13
Check: re-building of vignette outputs
Result: WARN
    Error in re-building vignettes:
     ...
    Rattle: A free graphical interface for data science with R.
    Version 5.1.0 Copyright (c) 2006-2017 Togaware Pty Ltd.
    Type 'rattle()' to shake, rattle, and roll your data.
    Quitting from lines 63-67 (wsrf-guide.Rmd)
    Error: processing vignette ‘wsrf-guide.Rmd’ failed with diagnostics:
    object ‘weather’ not found
    Execution halted
Flavors: r-devel-linux-x86_64-debian-clang, r-devel-linux-x86_64-debian-gcc, r-devel-linux-x86_64-fedora-clang, r-devel-linux-x86_64-fedora-gcc, r-devel-windows-ix86+x86_64, r-patched-linux-x86_64, r-release-linux-x86_64, r-release-windows-ix86+x86_64, r-oldrel-windows-ix86+x86_64

Version: 1.7.13
Check: examples
Result: ERROR
    Running examples in ‘wsrf-Ex.R’ failed
    The error most likely occurred in:
    
    > ### Name: combine.wsrf
    > ### Title: Combine Ensembles of Trees
    > ### Aliases: combine combine.wsrf
    >
    > ### ** Examples
    >
    > library("wsrf")
    >
    > # Prepare parameters.
    > ds <- rattle::weather
    Error: 'weather' is not an exported object from 'namespace:rattle'
    Execution halted
Flavors: r-devel-linux-x86_64-fedora-clang, r-devel-linux-x86_64-fedora-gcc, r-patched-solaris-x86

Version: 1.7.13
Check: tests
Result: ERROR
     Running ‘wsrftest.R’
    Running the tests in ‘tests/wsrftest.R’ failed.
    Complete output:
     > suppressMessages(library(wsrf))
     > suppressMessages(library(rattle))
     > suppressMessages(library(randomForest))
     >
     > # prepare parameters
     > library("wsrf")
     > library("rattle")
     > library("randomForest")
     > ds <- weather
     Error: object 'weather' not found
     Execution halted
Flavors: r-devel-linux-x86_64-fedora-clang, r-devel-linux-x86_64-fedora-gcc, r-patched-solaris-x86

Version: 1.7.13
Check: installed package size
Result: NOTE
     installed size is 6.0Mb
     sub-directories of 1Mb or more:
     libs 5.8Mb
Flavor: r-devel-linux-x86_64-fedora-gcc

Version: 1.7.13
Check: running examples for arch ‘i386’
Result: ERROR
    Running examples in 'wsrf-Ex.R' failed
    The error most likely occurred in:
    
    > ### Name: combine.wsrf
    > ### Title: Combine Ensembles of Trees
    > ### Aliases: combine combine.wsrf
    >
    > ### ** Examples
    >
    > library("wsrf")
    >
    > # Prepare parameters.
    > ds <- rattle::weather
    Error: 'weather' is not an exported object from 'namespace:rattle'
    Execution halted
Flavors: r-devel-windows-ix86+x86_64, r-release-windows-ix86+x86_64, r-oldrel-windows-ix86+x86_64

Version: 1.7.13
Check: running examples for arch ‘x64’
Result: ERROR
    Running examples in 'wsrf-Ex.R' failed
    The error most likely occurred in:
    
    > ### Name: combine.wsrf
    > ### Title: Combine Ensembles of Trees
    > ### Aliases: combine combine.wsrf
    >
    > ### ** Examples
    >
    > library("wsrf")
    >
    > # Prepare parameters.
    > ds <- rattle::weather
    Error: 'weather' is not an exported object from 'namespace:rattle'
    Execution halted
Flavors: r-devel-windows-ix86+x86_64, r-release-windows-ix86+x86_64, r-oldrel-windows-ix86+x86_64

Version: 1.7.13
Check: running tests for arch ‘i386’
Result: ERROR
     Running 'wsrftest.R' [1s]
    Running the tests in 'tests/wsrftest.R' failed.
    Complete output:
     > suppressMessages(library(wsrf))
     > suppressMessages(library(rattle))
     > suppressMessages(library(randomForest))
     >
     > # prepare parameters
     > library("wsrf")
     > library("rattle")
     > library("randomForest")
     > ds <- weather
     Error: object 'weather' not found
     Execution halted
Flavors: r-devel-windows-ix86+x86_64, r-release-windows-ix86+x86_64, r-oldrel-windows-ix86+x86_64

Version: 1.7.13
Check: running tests for arch ‘x64’
Result: ERROR
     Running 'wsrftest.R' [1s]
    Running the tests in 'tests/wsrftest.R' failed.
    Complete output:
     > suppressMessages(library(wsrf))
     > suppressMessages(library(rattle))
     > suppressMessages(library(randomForest))
     >
     > # prepare parameters
     > library("wsrf")
     > library("rattle")
     > library("randomForest")
     > ds <- weather
     Error: object 'weather' not found
     Execution halted
Flavors: r-devel-windows-ix86+x86_64, r-release-windows-ix86+x86_64, r-oldrel-windows-ix86+x86_64

Version: 1.7.13
Check: re-building of vignette outputs
Result: WARN
    Error in re-building vignettes:
     ...
    Warning in engine$weave(file, quiet = quiet, encoding = enc) :
     Pandoc (>= 1.12.3) and/or pandoc-citeproc not available. Falling back to R Markdown v1.
    Rattle: A free graphical interface for data science with R.
    Version 5.1.0 Copyright (c) 2006-2017 Togaware Pty Ltd.
    Type 'rattle()' to shake, rattle, and roll your data.
    Quitting from lines 63-67 (wsrf-guide.Rmd)
    Error: processing vignette 'wsrf-guide.Rmd' failed with diagnostics:
    object 'weather' not found
    Execution halted
Flavor: r-patched-solaris-x86

Version: 1.7.13
Check: package dependencies
Result: NOTE
    Package suggested but not available for checking: ‘rattle’
Flavor: r-release-osx-x86_64

Version: 1.7.13
Check: examples
Result: ERROR
    Running examples in ‘wsrf-Ex.R’ failed
    The error most likely occurred in:
    
    > ### Name: combine.wsrf
    > ### Title: Combine Ensembles of Trees
    > ### Aliases: combine combine.wsrf
    >
    > ### ** Examples
    >
    > library("wsrf")
    >
    > # Prepare parameters.
    > ds <- rattle::weather
    Error in loadNamespace(name) : there is no package called ‘rattle’
    Calls: :: ... tryCatch -> tryCatchList -> tryCatchOne -> <Anonymous>
    Execution halted
Flavor: r-release-osx-x86_64

Version: 1.7.13
Check: tests
Result: ERROR
     Running ‘wsrftest.R’ [0s/0s]
    Running the tests in ‘tests/wsrftest.R’ failed.
    Complete output:
     > suppressMessages(library(wsrf))
     > suppressMessages(library(rattle))
     Error in library(rattle) : there is no package called 'rattle'
     Calls: suppressMessages -> withCallingHandlers -> library
     Execution halted
Flavor: r-release-osx-x86_64

Version: 1.7.13
Check: re-building of vignette outputs
Result: WARN
    Error in re-building vignettes:
     ...
    Warning in engine$weave(file, quiet = quiet, encoding = enc) :
     Pandoc (>= 1.12.3) and/or pandoc-citeproc not available. Falling back to R Markdown v1.
    Quitting from lines 63-67 (wsrf-guide.Rmd)
    Error: processing vignette 'wsrf-guide.Rmd' failed with diagnostics:
    there is no package called 'rattle'
    Execution halted
Flavor: r-release-osx-x86_64