CRAN Package Check Results for Package wsyn

Last updated on 2021-12-05 05:53:04 CET.

Flavor Version Tinstall Tcheck Ttotal Status Flags
r-devel-linux-x86_64-debian-clang 1.0.4 14.12 319.01 333.13 OK
r-devel-linux-x86_64-debian-gcc 1.0.4 9.51 232.38 241.89 OK
r-devel-linux-x86_64-fedora-clang 1.0.4 414.04 OK
r-devel-linux-x86_64-fedora-gcc 1.0.4 380.90 OK
r-devel-windows-x86_64-new-UL 1.0.4 39.00 495.00 534.00 OK
r-devel-windows-x86_64-new-TK 1.0.4 OK
r-devel-windows-x86_64-old 1.0.4 21.00 343.00 364.00 OK
r-patched-linux-x86_64 1.0.4 9.76 296.93 306.69 OK
r-release-linux-x86_64 1.0.4 12.04 306.51 318.55 OK
r-release-macos-arm64 1.0.4 NOTE
r-release-macos-x86_64 1.0.4 OK
r-release-windows-ix86+x86_64 1.0.4 26.00 405.00 431.00 OK
r-oldrel-macos-x86_64 1.0.4 OK
r-oldrel-windows-ix86+x86_64 1.0.4 26.00 417.00 443.00 OK

Check Details

Version: 1.0.4
Check: package dependencies
Result: NOTE
    Package suggested but not available for checking: ‘vdiffr’
Flavor: r-release-macos-arm64