CRAN Package Check Results for Package wv

Last updated on 2022-11-29 00:59:37 CET.

Flavor Version Tinstall Tcheck Ttotal Status Flags
r-devel-linux-x86_64-debian-clang 0.1.1 178.95 50.98 229.93 OK
r-devel-linux-x86_64-debian-gcc 0.1.1 141.35 38.71 180.06 OK
r-devel-linux-x86_64-fedora-clang 0.1.1 361.26 NOTE
r-devel-linux-x86_64-fedora-gcc 0.1.1 338.27 NOTE
r-devel-windows-x86_64 0.1.1 127.00 111.00 238.00 OK
r-patched-linux-x86_64 0.1.1 141.48 44.12 185.60 OK
r-release-linux-x86_64 0.1.1 114.15 43.63 157.78 OK
r-release-macos-arm64 0.1.1 68.00 NOTE
r-release-macos-x86_64 0.1.1 112.00 NOTE
r-release-windows-x86_64 0.1.1 164.00 99.00 263.00 OK
r-oldrel-macos-arm64 0.1.1 75.00 NOTE
r-oldrel-macos-x86_64 0.1.1 99.00 NOTE
r-oldrel-windows-ix86+x86_64 0.1.1 423.00 102.00 525.00 OK

Check Details

Version: 0.1.1
Check: dependencies in R code
Result: NOTE
    Namespace in Imports field not imported from: ‘simts’
     All declared Imports should be used.
Flavors: r-devel-linux-x86_64-fedora-clang, r-devel-linux-x86_64-fedora-gcc, r-release-macos-arm64, r-release-macos-x86_64, r-oldrel-macos-arm64, r-oldrel-macos-x86_64

Version: 0.1.1
Check: installed package size
Result: NOTE
     installed size is 8.7Mb
     sub-directories of 1Mb or more:
     help 1.6Mb
     libs 6.9Mb
Flavors: r-release-macos-arm64, r-release-macos-x86_64, r-oldrel-macos-arm64, r-oldrel-macos-x86_64