CRAN Package Check Results for Package x12

Last updated on 2017-06-26 20:48:50.

Flavor Version Tinstall Tcheck Ttotal Status Flags
r-devel-linux-x86_64-debian-clang 1.8.0 1.63 39.19 40.82 OK
r-devel-linux-x86_64-debian-gcc 1.8.0 1.69 40.36 42.05 OK
r-devel-linux-x86_64-fedora-clang 1.8.0 74.97 OK
r-devel-linux-x86_64-fedora-gcc 1.8.0 71.53 OK
r-devel-windows-ix86+x86_64 1.8.0 6.00 101.00 107.00 OK
r-patched-linux-x86_64 1.8.0 1.68 39.32 41.01 OK
r-patched-solaris-sparc 1.8.0 32.30 ERROR
r-patched-solaris-x86 1.8.0 6.80 ERROR
r-release-linux-x86_64 1.8.0 1.86 42.45 44.31 OK
r-release-windows-ix86+x86_64 1.8.0 6.00 97.00 103.00 OK
r-release-osx-x86_64 1.8.0 OK
r-oldrel-windows-ix86+x86_64 1.8.0 8.00 87.00 95.00 OK
r-oldrel-osx-x86_64 1.8.0 OK

Check Details

Version: 1.8.0
Check: whether package can be installed
Result: ERROR
    Installation failed.
Flavors: r-patched-solaris-sparc, r-patched-solaris-x86