CRAN Package Check Results for Package x12

Last updated on 2019-11-13 13:47:17 CET.

Flavor Version Tinstall Tcheck Ttotal Status Flags
r-devel-linux-x86_64-debian-clang 1.9.0 10.73 70.14 80.87 NOTE
r-devel-linux-x86_64-debian-gcc 1.9.0 9.46 53.40 62.86 NOTE
r-devel-linux-x86_64-fedora-clang 1.9.0 101.13 NOTE
r-devel-linux-x86_64-fedora-gcc 1.9.0 97.18 NOTE
r-devel-windows-ix86+x86_64 1.9.0 26.00 84.00 110.00 OK
r-patched-linux-x86_64 1.9.0 10.45 68.24 78.69 OK
r-patched-solaris-x86 1.9.0 17.90 ERROR
r-release-linux-x86_64 1.9.0 11.04 68.44 79.48 OK
r-release-windows-ix86+x86_64 1.9.0 21.00 115.00 136.00 OK
r-release-osx-x86_64 1.9.0 OK
r-oldrel-windows-ix86+x86_64 1.9.0 12.00 107.00 119.00 OK
r-oldrel-osx-x86_64 1.9.0 OK

Check Details

Version: 1.9.0
Check: for non-standard things in the check directory
Result: NOTE
    Found the following files/directories:
     'Rout.a1' 'Rout.b1' 'Rout.d10' 'Rout.d11' 'Rout.d12' 'Rout.dat'
     'Rout.ftr' 'Rout.html' 'Rout.spc' 'Rout_Profiler.txt' 'Rout_err.html'
     'Rout_log.html' 'gra_Rout'
Flavors: r-devel-linux-x86_64-debian-clang, r-devel-linux-x86_64-debian-gcc, r-devel-linux-x86_64-fedora-clang, r-devel-linux-x86_64-fedora-gcc

Version: 1.9.0
Check: whether package can be installed
Result: ERROR
    Installation failed.
Flavor: r-patched-solaris-x86