CRAN Package Check Results for Package x12

Last updated on 2019-05-27 13:49:21 CEST.

Flavor Version Tinstall Tcheck Ttotal Status Flags
r-devel-linux-x86_64-debian-clang 1.9.0 8.55 68.14 76.69 OK
r-devel-linux-x86_64-debian-gcc 1.9.0 9.46 53.22 62.68 OK
r-devel-linux-x86_64-fedora-clang 1.9.0 93.30 OK
r-devel-linux-x86_64-fedora-gcc 1.9.0 92.43 OK
r-devel-windows-ix86+x86_64 1.9.0 14.00 118.00 132.00 OK
r-patched-linux-x86_64 1.9.0 OK
r-patched-solaris-x86 1.9.0 17.90 ERROR
r-release-linux-x86_64 1.9.0 10.12 69.95 80.07 OK
r-release-windows-ix86+x86_64 1.9.0 22.00 84.00 106.00 OK
r-release-osx-x86_64 1.9.0 OK
r-oldrel-windows-ix86+x86_64 1.9.0 15.00 114.00 129.00 OK
r-oldrel-osx-x86_64 1.9.0 OK

Check Details

Version: 1.9.0
Check: whether package can be installed
Result: ERROR
    Installation failed.
Flavor: r-patched-solaris-x86