CRAN Package Check Results for Package x12

Last updated on 2015-03-06 23:48:35.

Flavor Version Tinstall Tcheck Ttotal Status Flags
r-devel-linux-x86_64-debian-clang 1.6.0 2.25 27.79 30.04 NOTE
r-devel-linux-x86_64-debian-gcc 1.6.0 1.43 27.07 28.50 NOTE
r-devel-linux-x86_64-fedora-clang 1.6.0 55.40 NOTE
r-devel-linux-x86_64-fedora-gcc 1.6.0 51.77 NOTE
r-devel-osx-x86_64-clang 1.6.0 54.75 NOTE
r-devel-windows-ix86+x86_64 1.6.0 7.00 38.00 45.00 NOTE
r-patched-linux-x86_64 1.6.0 1.81 30.74 32.55 OK
r-patched-solaris-sparc 1.6.0 386.10 OK
r-patched-solaris-x86 1.6.0 79.80 OK
r-release-linux-ix86 1.6.0 2.14 37.34 39.48 OK
r-release-linux-x86_64 1.6.0 1.72 30.48 32.20 OK
r-release-osx-x86_64-mavericks 1.6.0 OK
r-release-osx-x86_64-snowleopard 1.6.0 OK
r-release-windows-ix86+x86_64 1.6.0 6.00 51.00 57.00 OK
r-oldrel-windows-ix86+x86_64 1.6.0 6.00 69.00 75.00 OK

Check Details

Version: 1.6.0
Check: DESCRIPTION meta-information
Result: NOTE
    Malformed Description field: should contain one or more complete sentences.
Flavors: r-devel-linux-x86_64-debian-clang, r-devel-linux-x86_64-debian-gcc, r-devel-linux-x86_64-fedora-clang, r-devel-linux-x86_64-fedora-gcc, r-devel-osx-x86_64-clang, r-devel-windows-ix86+x86_64