CRAN Package Check Results for Package x12

Last updated on 2017-12-18 05:48:25 CET.

Flavor Version Tinstall Tcheck Ttotal Status Flags
r-devel-linux-x86_64-debian-clang 1.9.0 8.51 60.84 69.35 OK
r-devel-linux-x86_64-debian-gcc OK
r-devel-linux-x86_64-fedora-clang 1.9.0 88.57 OK
r-devel-linux-x86_64-fedora-gcc 1.9.0 89.97 OK
r-devel-windows-ix86+x86_64 1.9.0 12.00 76.00 88.00 OK
r-patched-linux-x86_64 1.9.0 9.20 69.65 78.85 OK
r-patched-solaris-x86 1.9.0 16.60 ERROR
r-release-linux-x86_64 1.9.0 8.09 69.43 77.52 OK
r-release-windows-ix86+x86_64 1.9.0 14.00 82.00 96.00 OK
r-release-osx-x86_64 1.9.0 OK
r-oldrel-windows-ix86+x86_64 1.9.0 16.00 95.00 111.00 OK
r-oldrel-osx-x86_64 1.9.0 OK

Check Details

Version: 1.9.0
Check: whether package can be installed
Result: ERROR
    Installation failed.
Flavor: r-patched-solaris-x86