CRAN Package Check Results for Package x12

Last updated on 2019-07-23 07:48:59 CEST.

Flavor Version Tinstall Tcheck Ttotal Status Flags
r-devel-linux-x86_64-debian-clang 1.9.0 10.73 68.98 79.71 NOTE
r-devel-linux-x86_64-debian-gcc 1.9.0 8.36 53.65 62.01 NOTE
r-devel-linux-x86_64-fedora-clang 1.9.0 98.95 NOTE
r-devel-linux-x86_64-fedora-gcc 1.9.0 101.04 NOTE
r-devel-windows-ix86+x86_64 1.9.0 15.00 106.00 121.00 OK
r-patched-linux-x86_64 1.9.0 11.26 69.12 80.38 OK
r-patched-solaris-x86 1.9.0 18.40 ERROR
r-release-linux-x86_64 1.9.0 9.60 70.10 79.70 OK
r-release-windows-ix86+x86_64 1.9.0 15.00 82.00 97.00 OK
r-release-osx-x86_64 1.9.0 OK
r-oldrel-windows-ix86+x86_64 1.9.0 17.00 82.00 99.00 OK
r-oldrel-osx-x86_64 1.9.0 OK

Check Details

Version: 1.9.0
Check: for non-standard things in the check directory
Result: NOTE
    Found the following files/directories:
     'Rout.a1' 'Rout.b1' 'Rout.d10' 'Rout.d11' 'Rout.d12' 'Rout.dat'
     'Rout.ftr' 'Rout.html' 'Rout.spc' 'Rout_Profiler.txt' 'Rout_err.html'
     'Rout_log.html' 'gra_Rout'
Flavors: r-devel-linux-x86_64-debian-clang, r-devel-linux-x86_64-debian-gcc, r-devel-linux-x86_64-fedora-clang, r-devel-linux-x86_64-fedora-gcc

Version: 1.9.0
Check: whether package can be installed
Result: ERROR
    Installation failed.
Flavor: r-patched-solaris-x86