CRAN Package Check Results for Package x12

Last updated on 2017-08-20 05:47:37.

Flavor Version Tinstall Tcheck Ttotal Status Flags
r-devel-linux-x86_64-debian-clang 1.8.0 1.74 40.85 42.60 OK
r-devel-linux-x86_64-debian-gcc 1.8.0 1.63 39.56 41.19 OK
r-devel-linux-x86_64-fedora-clang 1.8.0 75.19 OK
r-devel-linux-x86_64-fedora-gcc 1.8.0 72.13 OK
r-devel-windows-ix86+x86_64 1.8.0 6.00 73.00 79.00 OK
r-patched-linux-x86_64 1.8.0 1.78 39.82 41.60 OK
r-patched-solaris-x86 1.8.0 7.40 ERROR
r-release-linux-x86_64 1.8.0 1.76 41.21 42.97 OK
r-release-windows-ix86+x86_64 1.8.0 8.00 100.00 108.00 OK
r-release-osx-x86_64 1.8.0 OK
r-oldrel-windows-ix86+x86_64 1.8.0 5.00 81.00 86.00 OK
r-oldrel-osx-x86_64 1.8.0 OK

Check Details

Version: 1.8.0
Check: whether package can be installed
Result: ERROR
    Installation failed.
Flavor: r-patched-solaris-x86