CRAN Package Check Results for Package x12

Last updated on 2014-04-24 15:50:50.

Flavor Version Tinstall Tcheck Ttotal Status Flags
r-devel-linux-x86_64-debian-clang 1.5.0 1.94 30.78 32.71 OK
r-devel-linux-x86_64-debian-gcc 1.5.0 1.82 30.76 32.58 OK
r-devel-linux-x86_64-fedora-clang 1.5.0 65.16 OK
r-devel-linux-x86_64-fedora-gcc 1.5.0 62.16 OK
r-devel-osx-x86_64-clang 1.5.0 59.55 OK
r-devel-osx-x86_64-gcc 1.5.0 OK
r-devel-windows-ix86+x86_64 1.5.0 4.00 42.00 46.00 OK
r-patched-linux-x86_64 1.5.0 1.79 30.21 32.00 OK
r-patched-solaris-sparc 1.5.0 360.00 OK
r-patched-solaris-x86 1.5.0 77.60 OK
r-release-linux-ix86 1.5.0 3.00 50.00 53.00 OK
r-release-linux-x86_64 1.5.0 1.94 30.62 32.56 OK
r-release-osx-x86_64-mavericks 1.5.0 WARN
r-release-osx-x86_64-snowleopard 1.5.0 OK
r-release-windows-ix86+x86_64 1.5.0 7.00 43.00 50.00 OK
r-oldrel-windows-ix86+x86_64 1.5.0 5.00 47.00 52.00 OK

Check Details

Version: 1.5.0
Check: PDF version of manual
Result: WARNING
    LaTeX errors when creating PDF version.
    This typically indicates Rd problems.
    LaTeX errors found:
    ! LaTeX Error: File `upquote.sty' not found.
    
    Type X to quit or <RETURN> to proceed,
    or enter new name. (Default extension: sty)
    
    b2208e7/Rd2.tex:8: ==> Fatal error occurred, no output PDF file produced!
Flavor: r-release-osx-x86_64-mavericks