CRAN Package Check Results for Package x12

Last updated on 2017-10-21 00:52:09.

Flavor Version Tinstall Tcheck Ttotal Status Flags
r-devel-linux-x86_64-debian-clang 1.8.0 1.76 40.11 41.87 OK
r-devel-linux-x86_64-debian-gcc 1.8.0 1.62 40.74 42.36 OK
r-devel-linux-x86_64-fedora-clang 1.8.0 79.24 OK
r-devel-linux-x86_64-fedora-gcc 1.8.0 74.93 OK
r-devel-windows-ix86+x86_64 1.8.0 5.00 67.00 72.00 OK
r-patched-linux-x86_64 1.8.0 1.74 40.00 41.73 OK
r-patched-solaris-x86 1.8.0 7.30 ERROR
r-release-linux-x86_64 1.8.0 1.88 39.40 41.28 OK
r-release-windows-ix86+x86_64 1.8.0 8.00 66.00 74.00 OK
r-release-osx-x86_64 1.8.0 OK
r-oldrel-windows-ix86+x86_64 1.8.0 4.00 80.00 84.00 OK
r-oldrel-osx-x86_64 1.8.0 OK

Check Details

Version: 1.8.0
Check: whether package can be installed
Result: ERROR
    Installation failed.
Flavor: r-patched-solaris-x86