CRAN Package Check Results for Package x12

Last updated on 2015-05-29 23:48:22.

Flavor Version Tinstall Tcheck Ttotal Status Flags
r-devel-linux-x86_64-debian-clang 1.6.0 1.49 27.77 29.26 NOTE
r-devel-linux-x86_64-debian-gcc 1.6.0 1.85 28.13 29.98 NOTE
r-devel-linux-x86_64-fedora-clang 1.6.0 55.76 NOTE
r-devel-linux-x86_64-fedora-gcc 1.6.0 51.29 NOTE
r-devel-osx-x86_64-clang 1.6.0 52.83 NOTE
r-devel-windows-ix86+x86_64 1.6.0 5.00 38.00 43.00 NOTE
r-patched-linux-x86_64 1.6.0 1.60 28.04 29.63 NOTE
r-patched-solaris-sparc 1.6.0 367.20 NOTE
r-patched-solaris-x86 1.6.0 71.00 NOTE
r-release-linux-x86_64 1.6.0 1.56 27.83 29.39 NOTE
r-release-osx-x86_64-mavericks 1.6.0 NOTE
r-release-osx-x86_64-snowleopard 1.6.0 NOTE
r-release-windows-ix86+x86_64 1.6.0 5.00 42.00 47.00 NOTE
r-oldrel-windows-ix86+x86_64 1.6.0 6.00 43.00 49.00 OK

Check Details

Version: 1.6.0
Check: DESCRIPTION meta-information
Result: NOTE
    Malformed Description field: should contain one or more complete sentences.
Flavors: r-devel-linux-x86_64-debian-clang, r-devel-linux-x86_64-debian-gcc, r-devel-linux-x86_64-fedora-clang, r-devel-linux-x86_64-fedora-gcc, r-devel-osx-x86_64-clang, r-devel-windows-ix86+x86_64, r-patched-linux-x86_64, r-patched-solaris-sparc, r-patched-solaris-x86, r-release-linux-x86_64, r-release-osx-x86_64-mavericks, r-release-osx-x86_64-snowleopard, r-release-windows-ix86+x86_64