CRAN Package Check Results for Package x12

Last updated on 2015-08-03 23:48:14.

Flavor Version Tinstall Tcheck Ttotal Status Flags
r-devel-linux-x86_64-debian-clang 1.6.0 1.62 31.60 33.21 NOTE
r-devel-linux-x86_64-debian-gcc 1.6.0 1.51 31.73 33.24 NOTE
r-devel-linux-x86_64-fedora-clang 1.6.0 60.04 NOTE
r-devel-linux-x86_64-fedora-gcc 1.6.0 55.93 NOTE
r-devel-osx-x86_64-clang 1.6.0 53.74 NOTE
r-devel-windows-ix86+x86_64 1.6.0 4.00 69.00 73.00 NOTE
r-patched-linux-x86_64 1.6.0 1.53 31.37 32.90 NOTE
r-patched-solaris-sparc 1.6.0 400.60 NOTE
r-patched-solaris-x86 1.6.0 77.00 NOTE
r-release-linux-x86_64 1.6.0 2.02 31.49 33.51 NOTE
r-release-osx-x86_64-mavericks 1.6.0 NOTE
r-release-windows-ix86+x86_64 1.6.0 7.00 71.00 78.00 NOTE
r-oldrel-windows-ix86+x86_64 1.6.0 9.00 55.00 64.00 NOTE

Check Details

Version: 1.6.0
Check: DESCRIPTION meta-information
Result: NOTE
    Malformed Description field: should contain one or more complete sentences.
Flavors: r-devel-linux-x86_64-debian-clang, r-devel-linux-x86_64-debian-gcc, r-devel-linux-x86_64-fedora-clang, r-devel-linux-x86_64-fedora-gcc, r-devel-osx-x86_64-clang, r-devel-windows-ix86+x86_64, r-patched-linux-x86_64, r-patched-solaris-sparc, r-patched-solaris-x86, r-release-linux-x86_64, r-release-osx-x86_64-mavericks, r-release-windows-ix86+x86_64

Version: 1.6.0
Check: R code for possible problems
Result: NOTE
    plot.x12work: no visible global function definition for ‘par’
    plot_original_seasonal_trend: no visible global function definition for
     ‘points’
    plot_original_seasonal_trend: no visible global function definition for
     ‘legend’
    plot_original_seasonal_trend: no visible global function definition for
     ‘start’
    plot_rsd_acf: no visible global function definition for ‘abline’
    plot_rsd_acf: no visible global function definition for ‘axis’
    plot_rsd_acf: no visible global function definition for ‘lines’
    plot_seasonal_factors: no visible global function definition for
     ‘frequency’
    plot_seasonal_factors: no visible global function definition for ‘axis’
    plot_seasonal_factors: no visible global function definition for
     ‘abline’
    plot_seasonal_factors: no visible global function definition for
     ‘points’
    plot_seasonal_factors: no visible global function definition for
     ‘legend’
    plot_spectrum_work: no visible global function definition for ‘par’
    plot_spectrum_work: no visible global function definition for ‘layout’
    plot_spectrum_work: no visible global function definition for ‘points’
    plot_spectrum_work: no visible global function definition for ‘abline’
    plot_spectrum_work: no visible global function definition for ‘axis’
    plot_spectrum_work: no visible global function definition for ‘legend’
    readSpcS: no visible global function definition for ‘ts’
    readx12Out: no visible global function definition for ‘ts’
    readx12Out: no visible global function definition for ‘read.table’
    summaryworkhorse: no visible global function definition for
     ‘write.table’
    x12work: no visible global function definition for ‘frequency’
    x12work: no visible global function definition for ‘start’
    x12work: no visible global function definition for ‘end’
    crossVal,ts: no visible global function definition for ‘start’
    crossVal,ts: no visible global function definition for ‘frequency’
    crossVal,ts: no visible global function definition for ‘end’
    crossVal,ts: no visible global function definition for ‘window’
    crossVal,ts: no visible global function definition for ‘lines’
    crossVal,ts: no visible global function definition for ‘points’
    crossVal,ts: no visible global function definition for ‘time’
    crossVal,ts: no visible global function definition for ‘axTicks’
    crossVal,ts: no visible global function definition for ‘axis’
    plot,x12Batch: no visible global function definition for ‘par’
    plot,x12Batch: no visible binding for global variable ‘xb’
    plot,x12Output: no visible global function definition for ‘frequency’
    plot,x12Output: no visible global function definition for ‘window’
    plot,x12Output: no visible global function definition for ‘par’
    plot,x12Output : <anonymous>: no visible global function definition for
     ‘na.omit’
    plot,x12Output: no visible global function definition for ‘na.omit’
    plot,x12Output: no visible global function definition for ‘layout’
    plot,x12Output: no visible global function definition for ‘lines’
    plot,x12Output: no visible global function definition for ‘points’
    plot,x12Output: no visible global function definition for ‘axTicks’
    plot,x12Output: no visible global function definition for ‘time’
    plot,x12Output: no visible global function definition for ‘axis’
    plot,x12Output: no visible global function definition for ‘legend’
    plot,x12Output : <anonymous>: no visible global function definition for
     ‘abline’
    plot,x12Output: no visible global function definition for ‘abline’
    plot,x12Output : <anonymous>: no visible global function definition for
     ‘points’
    plot,x12Output : <anonymous>: no visible global function definition for
     ‘window’
    plot,x12Output : <anonymous>: no visible global function definition for
     ‘frequency’
    plot,x12Output : <anonymous>: no visible global function definition for
     ‘time’
    plotFbcast,x12Output: no visible global function definition for
     ‘abline’
    plotFbcast,x12Output: no visible global function definition for ‘time’
    plotFbcast,x12Output: no visible global function definition for
     ‘points’
    plotFbcast,x12Output: no visible global function definition for ‘end’
    plotFbcast,x12Output: no visible global function definition for
     ‘frequency’
    plotFbcast,x12Output: no visible global function definition for ‘start’
    plotFbcast,x12Output: no visible global function definition for
     ‘polygon’
    plotFbcast,x12Output: no visible global function definition for ‘lines’
    plotRsdAcf,x12Output: no visible global function definition for ‘axis’
    plotRsdAcf,x12Output: no visible global function definition for
     ‘abline’
    plotRsdAcf,x12Output: no visible global function definition for ‘lines’
    plotRsdAcf,x12Output: no visible global function definition for ‘text’
    plotSeasFac,x12Output: no visible global function definition for
     ‘frequency’
    plotSeasFac,x12Output: no visible global function definition for ‘par’
    plotSeasFac,x12Output: no visible global function definition for
     ‘layout’
    plotSeasFac,x12Output: no visible global function definition for ‘axis’
    plotSeasFac,x12Output: no visible global function definition for
     ‘abline’
    plotSeasFac,x12Output: no visible global function definition for
     ‘points’
    plotSeasFac,x12Output: no visible global function definition for
     ‘legend’
    plotSpec,x12Output: no visible global function definition for
     ‘frequency’
    times,x12Output: no visible global function definition for ‘start’
    times,x12Output: no visible global function definition for ‘end’
    x12,ts: no visible binding for global variable ‘out’
    x12,x12Batch: no visible global function definition for ‘mclapply’
    x12,x12Single: no visible binding for global variable ‘out’
    Undefined global functions or variables:
     abline axTicks axis end frequency layout legend lines mclapply
     na.omit out par points polygon read.table start text time ts window
     write.table xb
    Consider adding
     importFrom("graphics", "abline", "axTicks", "axis", "layout", "legend",
     "lines", "par", "points", "polygon", "text")
     importFrom("stats", "end", "frequency", "na.omit", "start", "time",
     "ts", "window")
     importFrom("utils", "read.table", "write.table")
    to your NAMESPACE.
Flavors: r-devel-linux-x86_64-debian-clang, r-devel-linux-x86_64-debian-gcc, r-devel-linux-x86_64-fedora-clang, r-devel-linux-x86_64-fedora-gcc, r-devel-windows-ix86+x86_64

Version: 1.6.0
Check: R code for possible problems
Result: NOTE
    plot,x12Batch: no visible binding for global variable ‘xb’
    x12,ts: no visible binding for global variable ‘out’
    x12,x12Batch: no visible global function definition for ‘mclapply’
    x12,x12Single: no visible binding for global variable ‘out’
    Undefined global functions or variables:
     mclapply out xb
Flavor: r-devel-osx-x86_64-clang

Version: 1.6.0
Check: R code for possible problems
Result: NOTE
    plot,x12Batch : .local: no visible binding for global variable ‘xb’
    x12,ts : .local: no visible binding for global variable ‘out’
    x12,x12Batch : .local: no visible global function definition for
     ‘mclapply’
    x12,x12Single : .local: no visible binding for global variable ‘out’
Flavors: r-patched-linux-x86_64, r-patched-solaris-sparc, r-patched-solaris-x86, r-release-linux-x86_64, r-release-windows-ix86+x86_64, r-oldrel-windows-ix86+x86_64