CRAN Package Check Results for Package x12

Last updated on 2015-04-27 23:47:44.

Flavor Version Tinstall Tcheck Ttotal Status Flags
r-devel-linux-x86_64-debian-clang 1.6.0 1.47 28.38 29.85 NOTE
r-devel-linux-x86_64-debian-gcc 1.6.0 1.47 27.06 28.53 NOTE
r-devel-linux-x86_64-fedora-clang 1.6.0 56.39 NOTE
r-devel-linux-x86_64-fedora-gcc 1.6.0 50.97 NOTE
r-devel-osx-x86_64-clang 1.6.0 52.08 NOTE
r-devel-windows-ix86+x86_64 1.6.0 6.00 44.00 50.00 NOTE
r-patched-linux-x86_64 1.6.0 1.61 28.51 30.12 NOTE
r-patched-solaris-sparc 1.6.0 348.90 NOTE
r-patched-solaris-x86 1.6.0 68.20 NOTE
r-release-linux-x86_64 1.6.0 1.53 27.25 28.78 NOTE
r-release-osx-x86_64-mavericks 1.6.0 NOTE
r-release-osx-x86_64-snowleopard 1.6.0 NOTE
r-release-windows-ix86+x86_64 1.6.0 8.00 53.00 61.00 NOTE
r-oldrel-windows-ix86+x86_64 1.6.0 4.00 42.00 46.00 OK

Check Details

Version: 1.6.0
Check: DESCRIPTION meta-information
Result: NOTE
    Malformed Description field: should contain one or more complete sentences.
Flavors: r-devel-linux-x86_64-debian-clang, r-devel-linux-x86_64-debian-gcc, r-devel-linux-x86_64-fedora-clang, r-devel-linux-x86_64-fedora-gcc, r-devel-osx-x86_64-clang, r-devel-windows-ix86+x86_64, r-patched-solaris-sparc, r-patched-solaris-x86, r-release-linux-x86_64, r-release-osx-x86_64-mavericks, r-release-osx-x86_64-snowleopard, r-release-windows-ix86+x86_64