CRAN Package Check Results for Package x12GUI

Last updated on 2014-09-01 19:46:39.

Flavor Version Tinstall Tcheck Ttotal Status Flags
r-devel-linux-x86_64-debian-clang 0.12.0 2.17 40.86 43.02 OK
r-devel-linux-x86_64-debian-gcc 0.12.0 2.16 42.75 44.91 OK
r-devel-linux-x86_64-fedora-clang 0.12.0 94.63 OK
r-devel-linux-x86_64-fedora-gcc 0.12.0 90.58 OK
r-devel-osx-x86_64-clang 0.12.0 77.51 OK
r-devel-windows-ix86+x86_64 0.12.0 7.00 56.00 63.00 OK
r-patched-linux-x86_64 0.12.0 2.31 43.15 45.46 OK
r-patched-solaris-sparc 0.12.0 522.20 OK
r-patched-solaris-x86 0.12.0 126.20 OK
r-release-linux-ix86 0.12.0 2.94 54.26 57.20 OK
r-release-linux-x86_64 0.12.0 2.38 43.85 46.23 OK
r-release-osx-x86_64-mavericks 0.12.0 ERROR
r-release-osx-x86_64-snowleopard 0.12.0 OK
r-release-windows-ix86+x86_64 0.12.0 10.00 66.00 76.00 OK
r-oldrel-windows-ix86+x86_64 0.12.0 9.00 60.00 69.00 OK

Check Details

Version: 0.12.0
Check: package dependencies
Result: ERROR
    Packages required but not available: ‘RGtk2’ ‘cairoDevice’
    
    See the information on DESCRIPTION files in the chapter ‘Creating R
    packages’ of the ‘Writing R Extensions’ manual.
Flavor: r-release-osx-x86_64-mavericks