CRAN Package Check Results for Package x12GUI

Last updated on 2015-09-04 11:47:59.

Flavor Version Tinstall Tcheck Ttotal Status Flags
r-devel-linux-x86_64-debian-clang 0.13.0 2.56 41.88 44.44 NOTE
r-devel-linux-x86_64-debian-gcc 0.13.0 2.34 40.55 42.89 NOTE
r-devel-linux-x86_64-fedora-clang 0.13.0 81.69 NOTE
r-devel-linux-x86_64-fedora-gcc 0.13.0 77.99 NOTE
r-devel-osx-x86_64-clang 0.13.0 64.71 NOTE
r-devel-windows-ix86+x86_64 0.13.0 9.00 61.00 70.00 NOTE
r-patched-linux-x86_64 0.13.0 2.20 42.04 44.25 NOTE
r-patched-solaris-sparc 0.13.0 532.90 NOTE
r-patched-solaris-x86 0.13.0 121.90 NOTE
r-release-linux-x86_64 0.13.0 2.50 43.00 45.50 NOTE
r-release-osx-x86_64-mavericks 0.13.0 NOTE
r-release-windows-ix86+x86_64 0.13.0 14.00 66.00 80.00 NOTE
r-oldrel-windows-ix86+x86_64 0.13.0 20.00 120.00 140.00 OK

Check Details

Version: 0.13.0
Check: DESCRIPTION meta-information
Result: NOTE
    Malformed Description field: should contain one or more complete sentences.
Flavors: r-devel-linux-x86_64-debian-clang, r-devel-linux-x86_64-debian-gcc, r-devel-linux-x86_64-fedora-clang, r-devel-linux-x86_64-fedora-gcc, r-devel-osx-x86_64-clang, r-devel-windows-ix86+x86_64, r-patched-linux-x86_64, r-patched-solaris-sparc, r-patched-solaris-x86, r-release-linux-x86_64, r-release-osx-x86_64-mavericks, r-release-windows-ix86+x86_64

Version: 0.13.0
Check: R code for possible problems
Result: NOTE
    calcPeriods: no visible global function definition for ‘frequency’
    plotRsdAcfGUI: no visible global function definition for ‘frequency’
    plotRsdAcfGUI: no visible global function definition for ‘axis’
    plotRsdAcfGUI: no visible global function definition for ‘abline’
    plotRsdAcfGUI: no visible global function definition for ‘lines’
    plotRsdAcfGUI: no visible global function definition for ‘text’
    plotgui: no visible global function definition for ‘frequency’
    plotgui: no visible global function definition for ‘axTicks’
    plotgui: no visible global function definition for ‘axis’
    plotgui: no visible global function definition for ‘lines’
    plotgui: no visible global function definition for ‘time’
    plotgui: no visible global function definition for ‘polygon’
    plotgui: no visible global function definition for ‘window’
    plotgui: no visible global function definition for ‘end’
    plotgui: no visible global function definition for ‘abline’
    plotgui: no visible global function definition for ‘tsp’
    plotgui : <anonymous>: no visible global function definition for
     ‘window’
    plotgui: no visible global function definition for ‘points’
    plotgui: no visible global function definition for ‘na.omit’
    putKey.New: no visible global function definition for ‘par’
    putKeyEmpty.New: no visible global function definition for ‘par’
    x12GUI : checkbuttonx12handler: no visible global function definition
     for ‘capture.output’
    x12GUI : tablehandler: no visible global function definition for
     ‘capture.output’
    x12GUI : convertCoordinates: no visible global function definition for
     ‘par’
    x12GUI : convertCoordinates: no visible global function definition for
     ‘frequency’
    x12GUI : convertCoordinates: no visible global function definition for
     ‘end’
    x12GUI : convertCoordinates: no visible global function definition for
     ‘start’
    x12GUI : update_notebook: no visible global function definition for
     ‘dev.cur’
    x12GUI : update_notebook: no visible global function definition for
     ‘dev.set’
    x12GUI : menuhandler: no visible global function definition for
     ‘dev.cur’
    x12GUI : menuhandler: no visible global function definition for ‘pdf’
    x12GUI : menuhandler: no visible global function definition for
     ‘dev.off’
    x12GUI : menuhandler: no visible global function definition for
     ‘dev.set’
    x12GUI : menuhandler: no visible global function definition for ‘png’
    x12GUI : menuhandler: no visible global function definition for ‘end’
    x12GUI : menuhandler: no visible global function definition for ‘start’
    x12GUI : menuhandler: no visible global function definition for
     ‘write.csv2’
    x12GUI : menuhandler: no visible global function definition for
     ‘capture.output’
    x12GUI : make_summary: no visible global function definition for
     ‘capture.output’
    x12GUI : make_plot: no visible global function definition for
     ‘capture.output’
    x12GUI : make_plot: no visible global function definition for
     ‘frequency’
    x12GUI : make_plot: no visible global function definition for ‘start’
    x12GUI : make_plot: no visible global function definition for ‘end’
    x12GUI : calcSpan: no visible global function definition for
     ‘frequency’
    x12GUI : <anonymous>: no visible global function definition for
     ‘capture.output’
    x12GUI: no visible global function definition for ‘capture.output’
    Undefined global functions or variables:
     abline axTicks axis capture.output dev.cur dev.off dev.set end
     frequency lines na.omit par pdf png points polygon start text time
     tsp window write.csv2
    Consider adding
     importFrom("grDevices", "dev.cur", "dev.off", "dev.set", "pdf", "png")
     importFrom("graphics", "abline", "axTicks", "axis", "lines", "par",
     "points", "polygon", "text")
     importFrom("stats", "end", "frequency", "na.omit", "start", "time",
     "tsp", "window")
     importFrom("utils", "capture.output", "write.csv2")
    to your NAMESPACE.
Flavors: r-devel-linux-x86_64-debian-clang, r-devel-linux-x86_64-debian-gcc, r-devel-linux-x86_64-fedora-clang, r-devel-linux-x86_64-fedora-gcc, r-devel-windows-ix86+x86_64