CRAN Package Check Results for Package x12GUI

Last updated on 2014-08-23 18:47:46.

Flavor Version Tinstall Tcheck Ttotal Status Flags
r-devel-linux-x86_64-debian-clang 0.12.0 2.23 41.43 43.66 OK
r-devel-linux-x86_64-debian-gcc 0.12.0 2.17 41.30 43.47 OK
r-devel-linux-x86_64-fedora-clang 0.12.0 94.69 OK
r-devel-linux-x86_64-fedora-gcc 0.12.0 89.50 OK
r-devel-osx-x86_64-clang 0.12.0 74.53 OK
r-devel-windows-ix86+x86_64 0.12.0 7.00 58.00 65.00 OK
r-patched-linux-x86_64 0.12.0 2.48 42.41 44.88 OK
r-patched-solaris-sparc 0.12.0 522.20 OK
r-patched-solaris-x86 0.12.0 126.20 OK
r-release-linux-ix86 0.12.0 3.06 57.43 60.48 OK
r-release-linux-x86_64 0.12.0 2.42 44.70 47.11 OK
r-release-osx-x86_64-mavericks 0.12.0 ERROR
r-release-osx-x86_64-snowleopard 0.12.0 OK
r-release-windows-ix86+x86_64 0.12.0 7.00 65.00 72.00 OK
r-oldrel-windows-ix86+x86_64 0.12.0 8.00 62.00 70.00 OK

Check Details

Version: 0.12.0
Check: package dependencies
Result: ERROR
    Packages required but not available: ‘RGtk2’ ‘cairoDevice’
    
    See the information on DESCRIPTION files in the chapter ‘Creating R
    packages’ of the ‘Writing R Extensions’ manual.
Flavor: r-release-osx-x86_64-mavericks