CRAN Package Check Results for Package x12GUI

Last updated on 2014-04-25 09:52:26.

Flavor Version Tinstall Tcheck Ttotal Status Flags
r-devel-linux-x86_64-debian-clang 0.12.0 2.88 45.00 47.88 OK
r-devel-linux-x86_64-debian-gcc 0.12.0 2.66 45.35 48.02 OK
r-devel-linux-x86_64-fedora-clang 0.12.0 99.41 OK
r-devel-linux-x86_64-fedora-gcc 0.12.0 96.20 OK
r-devel-osx-x86_64-clang 0.12.0 84.84 OK
r-devel-osx-x86_64-gcc 0.12.0 ERROR
r-devel-windows-ix86+x86_64 0.12.0 9.00 58.00 67.00 OK
r-patched-linux-x86_64 0.12.0 2.62 45.63 48.25 OK
r-patched-solaris-sparc 0.12.0 532.70 OK
r-patched-solaris-x86 0.12.0 130.60 OK
r-release-linux-ix86 0.12.0 5.00 72.00 77.00 OK
r-release-linux-x86_64 0.12.0 2.48 44.77 47.24 OK
r-release-osx-x86_64-mavericks 0.12.0 ERROR
r-release-osx-x86_64-snowleopard 0.12.0 OK
r-release-windows-ix86+x86_64 0.12.0 8.00 56.00 64.00 OK
r-oldrel-windows-ix86+x86_64 0.12.0 7.00 61.00 68.00 OK

Check Details

Version: 0.12.0
Check: package dependencies
Result: ERROR
    Package required but not available: ‘Hmisc’
    
    See the information on DESCRIPTION files in the chapter ‘Creating R
    packages’ of the ‘Writing R Extensions’ manual.
Flavor: r-devel-osx-x86_64-gcc

Version: 0.12.0
Check: package dependencies
Result: ERROR
    Packages required but not available: ‘RGtk2’ ‘cairoDevice’
    
    See the information on DESCRIPTION files in the chapter ‘Creating R
    packages’ of the ‘Writing R Extensions’ manual.
Flavor: r-release-osx-x86_64-mavericks