CRAN Package Check Results for Package x12GUI

Last updated on 2017-11-19 17:49:17.

Flavor Version Tinstall Tcheck Ttotal Status Flags
r-devel-linux-x86_64-debian-clang 0.13.0 4.30 60.85 65.15 NOTE
r-devel-linux-x86_64-debian-gcc 0.13.0 5.06 65.94 71.00 NOTE
r-devel-linux-x86_64-fedora-clang 0.13.0 139.10 NOTE
r-devel-linux-x86_64-fedora-gcc 0.13.0 161.20 NOTE
r-devel-windows-ix86+x86_64 0.13.0 26.00 4.00 30.00 ERROR
r-patched-linux-x86_64 0.13.0 4.70 62.68 67.37 NOTE
r-patched-solaris-x86 0.13.0 3.60 ERROR
r-release-linux-x86_64 0.13.0 4.55 62.27 66.82 NOTE
r-release-windows-ix86+x86_64 0.13.0 48.00 6.00 54.00 ERROR
r-release-osx-x86_64 0.13.0 ERROR
r-oldrel-windows-ix86+x86_64 0.13.0 11.00 144.00 155.00 ERROR
r-oldrel-osx-x86_64 0.13.0 ERROR

Check Details

Version: 0.13.0
Check: DESCRIPTION meta-information
Result: NOTE
    Malformed Description field: should contain one or more complete sentences.
Flavors: r-devel-linux-x86_64-debian-clang, r-devel-linux-x86_64-debian-gcc, r-devel-linux-x86_64-fedora-clang, r-devel-linux-x86_64-fedora-gcc, r-patched-linux-x86_64, r-release-linux-x86_64

Version: 0.13.0
Check: R code for possible problems
Result: NOTE
    calcPeriods: no visible global function definition for ‘frequency’
    plotRsdAcfGUI: no visible global function definition for ‘frequency’
    plotRsdAcfGUI: no visible global function definition for ‘axis’
    plotRsdAcfGUI: no visible global function definition for ‘abline’
    plotRsdAcfGUI: no visible global function definition for ‘lines’
    plotRsdAcfGUI: no visible global function definition for ‘text’
    plotgui: no visible global function definition for ‘frequency’
    plotgui: no visible global function definition for ‘axTicks’
    plotgui: no visible global function definition for ‘axis’
    plotgui: no visible global function definition for ‘lines’
    plotgui: no visible global function definition for ‘time’
    plotgui: no visible global function definition for ‘polygon’
    plotgui: no visible global function definition for ‘window’
    plotgui: no visible global function definition for ‘end’
    plotgui: no visible global function definition for ‘abline’
    plotgui: no visible global function definition for ‘tsp’
    plotgui : <anonymous>: no visible global function definition for
     ‘window’
    plotgui: no visible global function definition for ‘points’
    plotgui: no visible global function definition for ‘na.omit’
    putKey.New: no visible global function definition for ‘par’
    putKeyEmpty.New: no visible global function definition for ‘par’
    x12GUI : checkbuttonx12handler: no visible global function definition
     for ‘capture.output’
    x12GUI : tablehandler: no visible global function definition for
     ‘capture.output’
    x12GUI : convertCoordinates: no visible global function definition for
     ‘par’
    x12GUI : convertCoordinates: no visible global function definition for
     ‘frequency’
    x12GUI : convertCoordinates: no visible global function definition for
     ‘end’
    x12GUI : convertCoordinates: no visible global function definition for
     ‘start’
    x12GUI : update_notebook: no visible global function definition for
     ‘dev.cur’
    x12GUI : update_notebook: no visible global function definition for
     ‘dev.set’
    x12GUI : menuhandler: no visible global function definition for
     ‘dev.cur’
    x12GUI : menuhandler: no visible global function definition for ‘pdf’
    x12GUI : menuhandler: no visible global function definition for
     ‘dev.off’
    x12GUI : menuhandler: no visible global function definition for
     ‘dev.set’
    x12GUI : menuhandler: no visible global function definition for ‘png’
    x12GUI : menuhandler: no visible global function definition for ‘end’
    x12GUI : menuhandler: no visible global function definition for ‘start’
    x12GUI : menuhandler: no visible global function definition for
     ‘write.csv2’
    x12GUI : menuhandler: no visible global function definition for
     ‘capture.output’
    x12GUI : make_summary: no visible global function definition for
     ‘capture.output’
    x12GUI : make_plot: no visible global function definition for
     ‘capture.output’
    x12GUI : make_plot: no visible global function definition for
     ‘frequency’
    x12GUI : make_plot: no visible global function definition for ‘start’
    x12GUI : make_plot: no visible global function definition for ‘end’
    x12GUI : calcSpan: no visible global function definition for
     ‘frequency’
    x12GUI : <anonymous>: no visible global function definition for
     ‘capture.output’
    x12GUI: no visible global function definition for ‘capture.output’
    Undefined global functions or variables:
     abline axTicks axis capture.output dev.cur dev.off dev.set end
     frequency lines na.omit par pdf png points polygon start text time
     tsp window write.csv2
    Consider adding
     importFrom("grDevices", "dev.cur", "dev.off", "dev.set", "pdf", "png")
     importFrom("graphics", "abline", "axTicks", "axis", "lines", "par",
     "points", "polygon", "text")
     importFrom("stats", "end", "frequency", "na.omit", "start", "time",
     "tsp", "window")
     importFrom("utils", "capture.output", "write.csv2")
    to your NAMESPACE file.
Flavors: r-devel-linux-x86_64-debian-clang, r-devel-linux-x86_64-debian-gcc, r-devel-linux-x86_64-fedora-clang, r-devel-linux-x86_64-fedora-gcc, r-patched-linux-x86_64, r-release-linux-x86_64

Version: 0.13.0
Check: whether package can be installed
Result: ERROR
    Installation failed.
Flavors: r-devel-windows-ix86+x86_64, r-release-windows-ix86+x86_64, r-oldrel-windows-ix86+x86_64, r-oldrel-osx-x86_64

Version: 0.13.0
Check: package dependencies
Result: ERROR
    Package required but not available: ‘x12’
    
    See section ‘The DESCRIPTION file’ in the ‘Writing R Extensions’
    manual.
Flavor: r-patched-solaris-x86

Version: 0.13.0
Check: package dependencies
Result: ERROR
    Packages required but not available: ‘RGtk2’ ‘cairoDevice’
    
    See section ‘The DESCRIPTION file’ in the ‘Writing R Extensions’
    manual.
Flavor: r-release-osx-x86_64