CRAN Package Check Results for Package x12GUI

Last updated on 2015-02-26 23:48:01.

Flavor Version Tinstall Tcheck Ttotal Status Flags
r-devel-linux-x86_64-debian-clang 0.13.0 2.73 42.11 44.84 NOTE
r-devel-linux-x86_64-debian-gcc 0.13.0 2.12 39.87 41.99 NOTE
r-devel-linux-x86_64-fedora-clang 0.13.0 88.44 NOTE
r-devel-linux-x86_64-fedora-gcc 0.13.0 80.27 NOTE
r-devel-osx-x86_64-clang 0.13.0 78.22 NOTE
r-devel-windows-ix86+x86_64 0.13.0 13.00 57.00 70.00 NOTE
r-patched-linux-x86_64 0.13.0 5.58 58.13 63.70 OK
r-patched-solaris-sparc 0.13.0 546.80 OK
r-patched-solaris-x86 0.13.0 164.90 OK
r-release-linux-ix86 0.13.0 4.22 67.37 71.59 OK
r-release-linux-x86_64 0.13.0 4.90 0.26 5.16 OK
r-release-osx-x86_64-mavericks 0.13.0 ERROR
r-release-osx-x86_64-snowleopard 0.13.0 OK
r-release-windows-ix86+x86_64 0.13.0 18.00 93.00 111.00 OK
r-oldrel-windows-ix86+x86_64 0.13.0 15.00 97.00 112.00 OK

Check Details

Version: 0.13.0
Check: DESCRIPTION meta-information
Result: NOTE
    Malformed Description field: should contain one or more complete sentences.
Flavors: r-devel-linux-x86_64-debian-clang, r-devel-linux-x86_64-debian-gcc, r-devel-linux-x86_64-fedora-clang, r-devel-linux-x86_64-fedora-gcc, r-devel-osx-x86_64-clang, r-devel-windows-ix86+x86_64

Version: 0.13.0
Check: package dependencies
Result: ERROR
    Packages required but not available: ‘RGtk2’ ‘cairoDevice’
    
    See section ‘The DESCRIPTION file’ in the ‘Writing R Extensions’
    manual.
Flavor: r-release-osx-x86_64-mavericks