CRAN Package Check Results for Package x12GUI

Last updated on 2015-01-28 19:49:36.

Flavor Version Tinstall Tcheck Ttotal Status Flags
r-devel-linux-x86_64-debian-clang 0.13.0 1.87 39.58 41.45 OK
r-devel-linux-x86_64-debian-gcc 0.13.0 1.86 37.54 39.40 OK
r-devel-linux-x86_64-fedora-clang 0.13.0 102.99 OK
r-devel-linux-x86_64-fedora-gcc 0.13.0 82.69 OK
r-devel-osx-x86_64-clang 0.13.0 84.17 OK
r-devel-windows-ix86+x86_64 0.13.0 6.00 52.00 58.00 OK
r-patched-linux-x86_64 0.13.0 2.46 46.33 48.79 OK
r-patched-solaris-sparc 0.13.0 546.80 OK
r-patched-solaris-x86 0.13.0 132.80 OK
r-release-linux-ix86 0.13.0 3.05 54.58 57.63 OK
r-release-linux-x86_64 0.13.0 3.09 45.99 49.08 OK
r-release-osx-x86_64-mavericks 0.13.0 ERROR
r-release-osx-x86_64-snowleopard 0.13.0 OK
r-release-windows-ix86+x86_64 0.13.0 10.00 73.00 83.00 OK
r-oldrel-windows-ix86+x86_64 0.13.0 10.00 72.00 82.00 OK

Check Details

Version: 0.13.0
Check: package dependencies
Result: ERROR
    Packages required but not available: ‘RGtk2’ ‘cairoDevice’
    
    See the information on DESCRIPTION files in the chapter ‘Creating R
    packages’ of the ‘Writing R Extensions’ manual.
Flavor: r-release-osx-x86_64-mavericks