CRAN Package Check Results for Package x12GUI

Last updated on 2014-10-31 23:47:45.

Flavor Version Tinstall Tcheck Ttotal Status Flags
r-devel-linux-x86_64-debian-clang 0.12.0 2.46 44.28 46.74 OK
r-devel-linux-x86_64-debian-gcc 0.12.0 2.36 43.84 46.20 OK
r-devel-linux-x86_64-fedora-clang 0.12.0 96.08 OK
r-devel-linux-x86_64-fedora-gcc 0.12.0 91.78 OK
r-devel-osx-x86_64-clang 0.12.0 84.71 OK
r-devel-windows-ix86+x86_64 0.12.0 10.00 63.00 73.00 OK
r-patched-linux-x86_64 0.12.0 2.46 44.89 47.34 OK
r-patched-solaris-sparc 0.12.0 522.20 OK
r-patched-solaris-x86 0.12.0 132.20 OK
r-release-linux-ix86 0.12.0 3.28 59.86 63.15 OK
r-release-linux-x86_64 0.12.0 2.70 46.72 49.42 OK
r-release-osx-x86_64-mavericks 0.12.0 ERROR
r-release-osx-x86_64-snowleopard 0.12.0 OK
r-release-windows-ix86+x86_64 0.12.0 9.00 68.00 77.00 OK
r-oldrel-windows-ix86+x86_64 0.12.0 10.00 73.00 83.00 OK

Check Details

Version: 0.12.0
Check: package dependencies
Result: ERROR
    Packages required but not available: ‘RGtk2’ ‘cairoDevice’
    
    See the information on DESCRIPTION files in the chapter ‘Creating R
    packages’ of the ‘Writing R Extensions’ manual.
Flavor: r-release-osx-x86_64-mavericks