CRAN Package Check Results for Package x12GUI

Last updated on 2015-07-05 22:47:54.

Flavor Version Tinstall Tcheck Ttotal Status Flags
r-devel-linux-x86_64-debian-clang 0.13.0 2.23 41.06 43.29 NOTE
r-devel-linux-x86_64-debian-gcc 0.13.0 2.10 39.88 41.98 NOTE
r-devel-linux-x86_64-fedora-clang 0.13.0 84.76 NOTE
r-devel-linux-x86_64-fedora-gcc 0.13.0 79.13 NOTE
r-devel-osx-x86_64-clang 0.13.0 64.85 NOTE
r-devel-windows-ix86+x86_64 0.13.0 8.00 63.00 71.00 NOTE
r-patched-linux-x86_64 0.13.0 2.32 41.35 43.66 NOTE
r-patched-solaris-sparc 0.13.0 526.50 NOTE
r-patched-solaris-x86 0.13.0 123.00 NOTE
r-release-linux-x86_64 0.13.0 2.22 41.39 43.61 NOTE
r-release-osx-x86_64-mavericks 0.13.0 NOTE
r-release-windows-ix86+x86_64 0.13.0 16.00 60.00 76.00 NOTE
r-oldrel-windows-ix86+x86_64 0.13.0 22.00 131.00 153.00 OK

Check Details

Version: 0.13.0
Check: DESCRIPTION meta-information
Result: NOTE
    Malformed Description field: should contain one or more complete sentences.
Flavors: r-devel-linux-x86_64-debian-clang, r-devel-linux-x86_64-debian-gcc, r-devel-linux-x86_64-fedora-clang, r-devel-linux-x86_64-fedora-gcc, r-devel-osx-x86_64-clang, r-devel-windows-ix86+x86_64, r-patched-linux-x86_64, r-patched-solaris-sparc, r-patched-solaris-x86, r-release-linux-x86_64, r-release-osx-x86_64-mavericks, r-release-windows-ix86+x86_64

Version: 0.13.0
Check: R code for possible problems
Result: NOTE
    calcPeriods: no visible global function definition for ‘frequency’
    plotRsdAcfGUI: no visible global function definition for ‘frequency’
    plotRsdAcfGUI: no visible global function definition for ‘axis’
    plotRsdAcfGUI: no visible global function definition for ‘abline’
    plotRsdAcfGUI: no visible global function definition for ‘lines’
    plotRsdAcfGUI: no visible global function definition for ‘text’
    plotgui: no visible global function definition for ‘frequency’
    plotgui: no visible global function definition for ‘axTicks’
    plotgui: no visible global function definition for ‘axis’
    plotgui: no visible global function definition for ‘lines’
    plotgui: no visible global function definition for ‘time’
    plotgui: no visible global function definition for ‘polygon’
    plotgui: no visible global function definition for ‘window’
    plotgui: no visible global function definition for ‘end’
    plotgui: no visible global function definition for ‘abline’
    plotgui: no visible global function definition for ‘tsp’
    plotgui : <anonymous>: no visible global function definition for
     ‘window’
    plotgui: no visible global function definition for ‘points’
    plotgui: no visible global function definition for ‘na.omit’
    putKey.New: no visible global function definition for ‘par’
    putKeyEmpty.New: no visible global function definition for ‘par’
    x12GUI : checkbuttonx12handler: no visible global function definition
     for ‘capture.output’
    x12GUI : tablehandler: no visible global function definition for
     ‘capture.output’
    x12GUI : convertCoordinates: no visible global function definition for
     ‘par’
    x12GUI : convertCoordinates: no visible global function definition for
     ‘frequency’
    x12GUI : convertCoordinates: no visible global function definition for
     ‘end’
    x12GUI : convertCoordinates: no visible global function definition for
     ‘start’
    x12GUI : update_notebook: no visible global function definition for
     ‘dev.cur’
    x12GUI : update_notebook: no visible global function definition for
     ‘dev.set’
    x12GUI : menuhandler: no visible global function definition for
     ‘dev.cur’
    x12GUI : menuhandler: no visible global function definition for ‘pdf’
    x12GUI : menuhandler: no visible global function definition for
     ‘dev.off’
    x12GUI : menuhandler: no visible global function definition for
     ‘dev.set’
    x12GUI : menuhandler: no visible global function definition for ‘png’
    x12GUI : menuhandler: no visible global function definition for ‘end’
    x12GUI : menuhandler: no visible global function definition for ‘start’
    x12GUI : menuhandler: no visible global function definition for
     ‘write.csv2’
    x12GUI : menuhandler: no visible global function definition for
     ‘capture.output’
    x12GUI : make_summary: no visible global function definition for
     ‘capture.output’
    x12GUI : make_plot: no visible global function definition for
     ‘capture.output’
    x12GUI : make_plot: no visible global function definition for
     ‘frequency’
    x12GUI : make_plot: no visible global function definition for ‘start’
    x12GUI : make_plot: no visible global function definition for ‘end’
    x12GUI : calcSpan: no visible global function definition for
     ‘frequency’
    x12GUI : <anonymous>: no visible global function definition for
     ‘capture.output’
    x12GUI: no visible global function definition for ‘capture.output’
    Undefined global functions or variables:
     abline axTicks axis capture.output dev.cur dev.off dev.set end
     frequency lines na.omit par pdf png points polygon start text time
     tsp window write.csv2
Flavors: r-devel-linux-x86_64-debian-clang, r-devel-linux-x86_64-debian-gcc, r-devel-linux-x86_64-fedora-clang, r-devel-linux-x86_64-fedora-gcc, r-devel-windows-ix86+x86_64