CRAN Package Check Results for Package x12GUI

Last updated on 2014-12-20 03:49:46.

Flavor Version Tinstall Tcheck Ttotal Status Flags
r-devel-linux-x86_64-debian-clang 0.13.0 2.33 45.19 47.52 OK
r-devel-linux-x86_64-debian-gcc 0.13.0 2.31 45.25 47.56 OK
r-devel-linux-x86_64-fedora-clang 0.13.0 99.45 OK
r-devel-linux-x86_64-fedora-gcc 0.13.0 89.20 OK
r-devel-osx-x86_64-clang 0.13.0 85.76 OK
r-devel-windows-ix86+x86_64 0.13.0 9.00 62.00 71.00 OK
r-patched-linux-x86_64 0.13.0 2.90 46.31 49.21 OK
r-patched-solaris-sparc 0.13.0 507.90 OK
r-patched-solaris-x86 0.13.0 130.80 OK
r-release-linux-ix86 0.13.0 2.98 54.20 57.18 OK
r-release-linux-x86_64 0.13.0 2.45 45.42 47.87 OK
r-release-osx-x86_64-mavericks 0.13.0 ERROR
r-release-osx-x86_64-snowleopard 0.13.0 OK
r-release-windows-ix86+x86_64 0.13.0 11.00 66.00 77.00 OK
r-oldrel-windows-ix86+x86_64 0.13.0 10.00 77.00 87.00 OK

Check Details

Version: 0.13.0
Check: package dependencies
Result: ERROR
    Packages required but not available: ‘RGtk2’ ‘cairoDevice’
    
    See the information on DESCRIPTION files in the chapter ‘Creating R
    packages’ of the ‘Writing R Extensions’ manual.
Flavor: r-release-osx-x86_64-mavericks