CRAN Package Check Results for Package x12GUI

Last updated on 2015-05-05 03:47:44.

Flavor Version Tinstall Tcheck Ttotal Status Flags
r-devel-linux-x86_64-debian-clang 0.13.0 2.23 41.12 43.36 NOTE
r-devel-linux-x86_64-debian-gcc 0.13.0 2.26 42.22 44.48 NOTE
r-devel-linux-x86_64-fedora-clang 0.13.0 86.04 NOTE
r-devel-linux-x86_64-fedora-gcc 0.13.0 78.78 NOTE
r-devel-osx-x86_64-clang 0.13.0 71.62 NOTE
r-devel-windows-ix86+x86_64 0.13.0 8.00 64.00 72.00 NOTE
r-patched-linux-x86_64 0.13.0 2.36 40.48 42.84 NOTE
r-patched-solaris-sparc 0.13.0 495.90 NOTE
r-patched-solaris-x86 0.13.0 116.30 NOTE
r-release-linux-x86_64 0.13.0 2.10 42.68 44.78 NOTE
r-release-osx-x86_64-mavericks 0.13.0 ERROR
r-release-osx-x86_64-snowleopard 0.13.0 ERROR
r-release-windows-ix86+x86_64 0.13.0 7.00 61.00 68.00 NOTE
r-oldrel-windows-ix86+x86_64 0.13.0 16.00 102.00 118.00 OK

Check Details

Version: 0.13.0
Check: DESCRIPTION meta-information
Result: NOTE
    Malformed Description field: should contain one or more complete sentences.
Flavors: r-devel-linux-x86_64-debian-clang, r-devel-linux-x86_64-debian-gcc, r-devel-linux-x86_64-fedora-clang, r-devel-linux-x86_64-fedora-gcc, r-devel-osx-x86_64-clang, r-devel-windows-ix86+x86_64, r-patched-linux-x86_64, r-patched-solaris-sparc, r-patched-solaris-x86, r-release-linux-x86_64, r-release-windows-ix86+x86_64

Version: 0.13.0
Check: package dependencies
Result: ERROR
    Packages required but not available: ‘RGtk2’ ‘cairoDevice’
    
    See section ‘The DESCRIPTION file’ in the ‘Writing R Extensions’
    manual.
Flavor: r-release-osx-x86_64-mavericks

Version: 0.13.0
Check: package dependencies
Result: ERROR
    Package required but not available: ‘Hmisc’
    
    See section ‘The DESCRIPTION file’ in the ‘Writing R Extensions’
    manual.
Flavor: r-release-osx-x86_64-snowleopard