CRAN Package Check Results for Package x12GUI

Last updated on 2015-04-01 08:50:22.

Flavor Version Tinstall Tcheck Ttotal Status Flags
r-devel-linux-x86_64-debian-clang 0.13.0 2.16 40.93 43.08 NOTE
r-devel-linux-x86_64-debian-gcc 0.13.0 2.09 39.75 41.84 NOTE
r-devel-linux-x86_64-fedora-clang 0.13.0 85.24 NOTE
r-devel-linux-x86_64-fedora-gcc 0.13.0 78.66 NOTE
r-devel-osx-x86_64-clang 0.13.0 79.24 NOTE
r-prerel-windows-ix86+x86_64 0.13.0 8.00 58.00 66.00 NOTE
r-prerel-linux-x86_64 0.13.0 2.25 40.06 42.31 NOTE
r-prerel-solaris-sparc 0.13.0 495.90 NOTE
r-prerel-solaris-x86 0.13.0 116.20 NOTE
r-release-linux-x86_64 0.13.0 4.29 57.72 62.02 OK
r-release-osx-x86_64-mavericks 0.13.0 ERROR
r-release-osx-x86_64-snowleopard 0.13.0 OK
r-release-windows-ix86+x86_64 0.13.0 15.00 99.00 114.00 OK
r-oldrel-windows-ix86+x86_64 0.13.0 15.00 98.00 113.00 OK

Check Details

Version: 0.13.0
Check: DESCRIPTION meta-information
Result: NOTE
    Malformed Description field: should contain one or more complete sentences.
Flavors: r-devel-linux-x86_64-debian-clang, r-devel-linux-x86_64-debian-gcc, r-devel-linux-x86_64-fedora-clang, r-devel-linux-x86_64-fedora-gcc, r-devel-osx-x86_64-clang, r-prerel-windows-ix86+x86_64, r-prerel-linux-x86_64, r-prerel-solaris-sparc, r-prerel-solaris-x86

Version: 0.13.0
Check: package dependencies
Result: ERROR
    Packages required but not available: ‘RGtk2’ ‘cairoDevice’
    
    See section ‘The DESCRIPTION file’ in the ‘Writing R Extensions’
    manual.
Flavor: r-release-osx-x86_64-mavericks