CRAN Package Check Results for Package x12GUI

Last updated on 2014-07-24 05:48:35.

Flavor Version Tinstall Tcheck Ttotal Status Flags
r-devel-linux-x86_64-debian-clang 0.12.0 2.25 43.26 45.51 OK
r-devel-linux-x86_64-debian-gcc 0.12.0 2.18 42.38 44.56 OK
r-devel-linux-x86_64-fedora-clang 0.12.0 100.88 OK
r-devel-linux-x86_64-fedora-gcc 0.12.0 94.95 OK
r-devel-osx-x86_64-clang 0.12.0 78.98 OK
r-devel-windows-ix86+x86_64 0.12.0 9.00 62.00 71.00 OK
r-patched-linux-x86_64 0.12.0 2.30 43.76 46.06 OK
r-patched-solaris-sparc 0.12.0 532.70 OK
r-patched-solaris-x86 0.12.0 127.40 OK
r-release-linux-ix86 0.12.0 2.97 54.12 57.09 OK
r-release-linux-x86_64 0.12.0 2.38 43.98 46.36 OK
r-release-osx-x86_64-mavericks 0.12.0 ERROR
r-release-osx-x86_64-snowleopard 0.12.0 OK
r-release-windows-ix86+x86_64 0.12.0 9.00 67.00 76.00 OK
r-oldrel-windows-ix86+x86_64 0.12.0 9.00 61.00 70.00 OK

Check Details

Version: 0.12.0
Check: package dependencies
Result: ERROR
    Packages required but not available: ‘RGtk2’ ‘cairoDevice’
    
    See the information on DESCRIPTION files in the chapter ‘Creating R
    packages’ of the ‘Writing R Extensions’ manual.
Flavor: r-release-osx-x86_64-mavericks