CRAN Package Check Results for Package xgb2sql

Last updated on 2020-02-21 04:48:40 CET.

Flavor Version Tinstall Tcheck Ttotal Status Flags
r-devel-linux-x86_64-debian-clang 0.1.2 2.91 39.48 42.39 NOTE
r-devel-linux-x86_64-debian-gcc 0.1.2 2.35 29.66 32.01 NOTE
r-devel-linux-x86_64-fedora-clang 0.1.2 52.41 NOTE
r-devel-linux-x86_64-fedora-gcc 0.1.2 47.88 NOTE
r-devel-windows-ix86+x86_64 0.1.2 6.00 53.00 59.00 OK
r-devel-windows-ix86+x86_64-gcc8 0.1.2 10.00 49.00 59.00 OK
r-patched-linux-x86_64 0.1.2 2.03 34.28 36.31 OK
r-patched-solaris-x86 0.1.2 73.90 OK
r-release-linux-x86_64 0.1.2 1.79 34.29 36.08 OK
r-release-windows-ix86+x86_64 0.1.2 4.00 51.00 55.00 OK
r-release-osx-x86_64 0.1.2 OK
r-oldrel-windows-ix86+x86_64 0.1.2 3.00 46.00 49.00 OK
r-oldrel-osx-x86_64 0.1.2 OK

Check Details

Version: 0.1.2
Check: for non-standard things in the check directory
Result: NOTE
    Found the following files/directories:
     'xgb.txt'
Flavors: r-devel-linux-x86_64-debian-clang, r-devel-linux-x86_64-debian-gcc, r-devel-linux-x86_64-fedora-clang, r-devel-linux-x86_64-fedora-gcc