CRAN Package Check Results for Package xgb2sql

Last updated on 2020-09-19 08:50:17 CEST.

Flavor Version Tinstall Tcheck Ttotal Status Flags
r-devel-linux-x86_64-debian-clang 0.1.2 2.75 39.62 42.37 NOTE
r-devel-linux-x86_64-debian-gcc 0.1.2 2.05 29.31 31.36 NOTE
r-devel-linux-x86_64-fedora-clang 0.1.2 62.29 NOTE
r-devel-linux-x86_64-fedora-gcc 0.1.2 52.25 NOTE
r-devel-windows-ix86+x86_64 0.1.2 6.00 47.00 53.00 OK
r-patched-linux-x86_64 0.1.2 2.63 36.69 39.32 NOTE
r-patched-solaris-x86 0.1.2 74.30 NOTE
r-release-linux-x86_64 0.1.2 2.37 36.56 38.93 NOTE
r-release-macos-x86_64 0.1.2 OK
r-release-windows-ix86+x86_64 0.1.2 6.00 63.00 69.00 OK
r-oldrel-macos-x86_64 0.1.2 OK
r-oldrel-windows-ix86+x86_64 0.1.2 3.00 61.00 64.00 OK

Check Details

Version: 0.1.2
Check: for non-standard things in the check directory
Result: NOTE
    Found the following files/directories:
     'xgb.txt'
Flavors: r-devel-linux-x86_64-debian-clang, r-devel-linux-x86_64-debian-gcc, r-devel-linux-x86_64-fedora-clang, r-devel-linux-x86_64-fedora-gcc, r-patched-linux-x86_64, r-patched-solaris-x86, r-release-linux-x86_64