CRAN Package Check Results for Package xgboost

Last updated on 2021-10-26 08:10:22 CEST.

Flavor Version Tinstall Tcheck Ttotal Status Flags
r-devel-linux-x86_64-debian-clang 1.4.1.1 198.63 244.06 442.69 NOTE
r-devel-linux-x86_64-debian-gcc 1.4.1.1 184.36 203.51 387.87 NOTE
r-devel-linux-x86_64-fedora-clang 1.4.1.1 614.86 NOTE
r-devel-linux-x86_64-fedora-gcc 1.4.1.1 616.56 NOTE
r-devel-windows-x86_64 1.4.1.1 219.00 290.00 509.00 NOTE
r-devel-windows-x86_64-gcc10-UCRT 1.4.1.1 NOTE
r-patched-linux-x86_64 1.4.1.1 213.03 220.82 433.85 NOTE
r-patched-solaris-x86 1.4.1.1 575.30 NOTE
r-release-linux-x86_64 1.4.1.1 207.44 221.99 429.43 NOTE
r-release-macos-arm64 1.4.1.1 NOTE
r-release-macos-x86_64 1.4.1.1 NOTE
r-release-windows-ix86+x86_64 1.4.1.1 316.00 328.00 644.00 NOTE
r-oldrel-macos-x86_64 1.4.1.1 NOTE
r-oldrel-windows-ix86+x86_64 1.4.1.1 431.00 409.00 840.00 NOTE

Check Details

Version: 1.4.1.1
Check: for GNU extensions in Makefiles
Result: NOTE
    GNU make is a SystemRequirements.
Flavors: r-devel-linux-x86_64-debian-clang, r-devel-linux-x86_64-debian-gcc, r-devel-linux-x86_64-fedora-clang, r-devel-linux-x86_64-fedora-gcc, r-devel-windows-x86_64, r-devel-windows-x86_64-gcc10-UCRT, r-patched-linux-x86_64, r-patched-solaris-x86, r-release-linux-x86_64, r-release-macos-arm64, r-release-macos-x86_64, r-release-windows-ix86+x86_64, r-oldrel-macos-x86_64, r-oldrel-windows-ix86+x86_64

Version: 1.4.1.1
Check: installed package size
Result: NOTE
     installed size is 32.5Mb
     sub-directories of 1Mb or more:
     libs 31.6Mb
Flavors: r-devel-linux-x86_64-fedora-clang, r-release-macos-arm64, r-release-macos-x86_64, r-release-windows-ix86+x86_64, r-oldrel-macos-x86_64, r-oldrel-windows-ix86+x86_64