CRAN Package Check Results for Package xgobi

Last updated on 2014-04-24 15:50:50.

Flavor Version Tinstall Tcheck Ttotal Status Flags
r-devel-linux-x86_64-debian-clang 1.2-15 0.65 31.03 31.68 NOTE
r-devel-linux-x86_64-debian-gcc 1.2-15 0.73 31.28 32.01 NOTE
r-devel-linux-x86_64-fedora-clang 1.2-15 20.80 NOTE
r-devel-linux-x86_64-fedora-gcc 1.2-15 19.80 NOTE
r-devel-osx-x86_64-clang 1.2-15 45.01 NOTE
r-devel-osx-x86_64-gcc 1.2-15 NOTE
r-patched-linux-x86_64 1.2-15 0.72 31.03 31.75 NOTE
r-patched-solaris-sparc 1.2-15 118.50 NOTE
r-patched-solaris-x86 1.2-15 30.80 NOTE
r-release-linux-ix86 1.2-15 2.00 43.00 45.00 NOTE
r-release-linux-x86_64 1.2-15 0.64 31.15 31.80 NOTE
r-release-osx-x86_64-mavericks 1.2-15 WARN

Check Details

Version: 1.2-15
Check: top-level files
Result: NOTE
    File
     LICENCE
    is not mentioned in the DESCRIPTION file.
Flavors: r-devel-linux-x86_64-debian-clang, r-devel-linux-x86_64-debian-gcc, r-devel-linux-x86_64-fedora-clang, r-devel-linux-x86_64-fedora-gcc, r-devel-osx-x86_64-clang, r-devel-osx-x86_64-gcc, r-patched-linux-x86_64, r-patched-solaris-sparc, r-patched-solaris-x86, r-release-linux-ix86, r-release-linux-x86_64, r-release-osx-x86_64-mavericks

Version: 1.2-15
Check: PDF version of manual
Result: WARNING
    LaTeX errors when creating PDF version.
    This typically indicates Rd problems.
    LaTeX errors found:
    ! LaTeX Error: File `upquote.sty' not found.
    
    Type X to quit or <RETURN> to proceed,
    or enter new name. (Default extension: sty)
    
    bc6651c/Rd2.tex:8: ==> Fatal error occurred, no output PDF file produced!
Flavor: r-release-osx-x86_64-mavericks