CRAN Package Check Results for Package xgobi

Last updated on 2016-12-04 05:48:21.

Flavor Version Tinstall Tcheck Ttotal Status Flags
r-devel-linux-x86_64-debian-clang 1.2-15 0.60 33.47 34.07 NOTE
r-devel-linux-x86_64-debian-gcc 1.2-15 0.63 32.82 33.45 NOTE
r-devel-linux-x86_64-fedora-clang 1.2-15 21.38 NOTE --no-stop-on-test-error
r-devel-linux-x86_64-fedora-gcc 1.2-15 19.76 NOTE
r-devel-macos-x86_64-clang 1.2-15 18.87 NOTE
r-devel-windows-ix86+x86_64 1.2-15 5.00 49.00 54.00 NOTE
r-patched-linux-x86_64 1.2-15 0.61 30.84 31.45 NOTE
r-patched-solaris-sparc 1.2-15 110.00 NOTE
r-patched-solaris-x86 1.2-15 25.30 NOTE
r-release-linux-x86_64 1.2-15 0.59 30.90 31.49 NOTE
r-release-osx-x86_64-mavericks 1.2-15 NOTE
r-release-windows-ix86+x86_64 1.2-15 2.00 47.00 49.00 NOTE

Check Details

Version: 1.2-15
Check: top-level files
Result: NOTE
    File
     LICENCE
    is not mentioned in the DESCRIPTION file.
Flavors: r-devel-linux-x86_64-debian-clang, r-devel-linux-x86_64-debian-gcc, r-devel-linux-x86_64-fedora-gcc, r-devel-macos-x86_64-clang, r-devel-windows-ix86+x86_64, r-patched-linux-x86_64, r-patched-solaris-sparc, r-patched-solaris-x86, r-release-linux-x86_64, r-release-osx-x86_64-mavericks, r-release-windows-ix86+x86_64

Version: 1.2-15
Check: R code for possible problems
Result: NOTE
    quadplot: no visible global function definition for ‘median’
    xgobi: no visible global function definition for ‘write.table’
    Undefined global functions or variables:
     median write.table
    Consider adding
     importFrom("stats", "median")
     importFrom("utils", "write.table")
    to your NAMESPACE file.
Flavors: r-devel-linux-x86_64-debian-clang, r-devel-linux-x86_64-debian-gcc, r-devel-linux-x86_64-fedora-gcc, r-devel-macos-x86_64-clang, r-devel-windows-ix86+x86_64, r-patched-linux-x86_64, r-patched-solaris-sparc, r-patched-solaris-x86, r-release-linux-x86_64, r-release-osx-x86_64-mavericks, r-release-windows-ix86+x86_64

Version: 1.2-15
Flags: --no-stop-on-test-error
Check: top-level files
Result: NOTE
    File
     LICENCE
    is not mentioned in the DESCRIPTION file.
Flavor: r-devel-linux-x86_64-fedora-clang

Version: 1.2-15
Flags: --no-stop-on-test-error
Check: R code for possible problems
Result: NOTE
    quadplot: no visible global function definition for ‘median’
    xgobi: no visible global function definition for ‘write.table’
    Undefined global functions or variables:
     median write.table
    Consider adding
     importFrom("stats", "median")
     importFrom("utils", "write.table")
    to your NAMESPACE file.
Flavor: r-devel-linux-x86_64-fedora-clang