CRAN Package Check Results for Package xgobi

Last updated on 2016-04-29 11:48:49.

Flavor Version Tinstall Tcheck Ttotal Status Flags
r-devel-linux-x86_64-debian-gcc 1.2-15 0.57 30.52 31.09 NOTE
r-devel-linux-x86_64-fedora-clang 1.2-15 16.48 NOTE
r-devel-linux-x86_64-fedora-gcc 1.2-15 15.41 NOTE
r-devel-osx-x86_64-clang 1.2-15 41.71 NOTE
r-devel-windows-ix86+x86_64 1.2-15 2.00 72.00 74.00 NOTE
r-patched-linux-x86_64 1.2-15 0.63 30.36 30.99 NOTE
r-patched-solaris-sparc 1.2-15 110.00 NOTE
r-patched-solaris-x86 1.2-15 25.40 NOTE
r-release-linux-x86_64 1.2-15 0.62 31.56 32.18 NOTE
r-release-osx-x86_64-mavericks 1.2-15 NOTE

Check Details

Version: 1.2-15
Check: top-level files
Result: NOTE
    File
     LICENCE
    is not mentioned in the DESCRIPTION file.
Flavors: r-devel-linux-x86_64-debian-gcc, r-devel-linux-x86_64-fedora-clang, r-devel-linux-x86_64-fedora-gcc, r-devel-osx-x86_64-clang, r-devel-windows-ix86+x86_64, r-patched-linux-x86_64, r-patched-solaris-sparc, r-patched-solaris-x86, r-release-linux-x86_64, r-release-osx-x86_64-mavericks

Version: 1.2-15
Check: R code for possible problems
Result: NOTE
    quadplot: no visible global function definition for ‘median’
    xgobi: no visible global function definition for ‘write.table’
    Undefined global functions or variables:
     median write.table
    Consider adding
     importFrom("stats", "median")
     importFrom("utils", "write.table")
    to your NAMESPACE file.
Flavors: r-devel-linux-x86_64-debian-gcc, r-devel-linux-x86_64-fedora-clang, r-devel-linux-x86_64-fedora-gcc, r-devel-osx-x86_64-clang, r-devel-windows-ix86+x86_64, r-patched-linux-x86_64, r-patched-solaris-sparc, r-patched-solaris-x86