CRAN Package Check Results for Package xgobi

Last updated on 2014-12-18 11:50:20.

Flavor Version Tinstall Tcheck Ttotal Status Flags
r-devel-linux-x86_64-debian-clang 1.2-15 0.66 31.09 31.75 NOTE
r-devel-linux-x86_64-debian-gcc 1.2-15 0.61 31.25 31.86 NOTE
r-devel-linux-x86_64-fedora-clang 1.2-15 21.90 NOTE
r-devel-linux-x86_64-fedora-gcc 1.2-15 21.12 NOTE
r-devel-osx-x86_64-clang 1.2-15 45.87 NOTE
r-patched-linux-x86_64 1.2-15 0.66 30.94 31.60 NOTE
r-patched-solaris-sparc 1.2-15 131.30 NOTE
r-patched-solaris-x86 1.2-15 31.20 NOTE
r-release-linux-ix86 1.2-15 0.92 36.62 37.54 NOTE
r-release-linux-x86_64 1.2-15 0.64 30.86 31.50 NOTE
r-release-osx-x86_64-mavericks 1.2-15 NOTE

Check Details

Version: 1.2-15
Check: top-level files
Result: NOTE
    File
     LICENCE
    is not mentioned in the DESCRIPTION file.
Flavors: r-devel-linux-x86_64-debian-clang, r-devel-linux-x86_64-debian-gcc, r-devel-linux-x86_64-fedora-clang, r-devel-linux-x86_64-fedora-gcc, r-devel-osx-x86_64-clang, r-patched-linux-x86_64, r-patched-solaris-sparc, r-patched-solaris-x86, r-release-linux-ix86, r-release-linux-x86_64, r-release-osx-x86_64-mavericks