CRAN Package Check Results for Package xgobi

Last updated on 2016-06-27 03:47:56.

Flavor Version Tinstall Tcheck Ttotal Status Flags
r-devel-linux-x86_64-debian-gcc 1.2-15 0.55 30.48 31.04 NOTE
r-devel-linux-x86_64-fedora-clang 1.2-15 16.50 NOTE
r-devel-linux-x86_64-fedora-gcc 1.2-15 15.47 NOTE
r-devel-osx-x86_64-clang 1.2-15 15.87 NOTE
r-devel-windows-ix86+x86_64 1.2-15 2.00 47.00 49.00 NOTE
r-patched-linux-x86_64 1.2-15 0.60 31.32 31.92 NOTE
r-patched-solaris-sparc 1.2-15 110.00 NOTE
r-patched-solaris-x86 1.2-15 25.70 NOTE
r-release-linux-x86_64 1.2-15 0.62 31.25 31.87 NOTE
r-release-osx-x86_64-mavericks 1.2-15 NOTE
r-release-windows-ix86+x86_64 1.2-15 2.00 72.00 74.00 NOTE

Check Details

Version: 1.2-15
Check: top-level files
Result: NOTE
    File
     LICENCE
    is not mentioned in the DESCRIPTION file.
Flavors: r-devel-linux-x86_64-debian-gcc, r-devel-linux-x86_64-fedora-clang, r-devel-linux-x86_64-fedora-gcc, r-devel-osx-x86_64-clang, r-devel-windows-ix86+x86_64, r-patched-linux-x86_64, r-patched-solaris-sparc, r-patched-solaris-x86, r-release-linux-x86_64, r-release-osx-x86_64-mavericks, r-release-windows-ix86+x86_64

Version: 1.2-15
Check: R code for possible problems
Result: NOTE
    quadplot: no visible global function definition for ‘median’
    xgobi: no visible global function definition for ‘write.table’
    Undefined global functions or variables:
     median write.table
    Consider adding
     importFrom("stats", "median")
     importFrom("utils", "write.table")
    to your NAMESPACE file.
Flavors: r-devel-linux-x86_64-debian-gcc, r-devel-linux-x86_64-fedora-clang, r-devel-linux-x86_64-fedora-gcc, r-devel-osx-x86_64-clang, r-devel-windows-ix86+x86_64, r-patched-linux-x86_64, r-patched-solaris-sparc, r-patched-solaris-x86, r-release-linux-x86_64, r-release-osx-x86_64-mavericks, r-release-windows-ix86+x86_64