CRAN Package Check Results for Package xgobi

Last updated on 2014-08-30 15:48:51.

Flavor Version Tinstall Tcheck Ttotal Status Flags
r-devel-linux-x86_64-debian-clang 1.2-15 0.60 30.48 31.08 NOTE
r-devel-linux-x86_64-debian-gcc 1.2-15 0.61 30.08 30.69 NOTE
r-devel-linux-x86_64-fedora-clang 1.2-15 19.96 NOTE
r-devel-linux-x86_64-fedora-gcc 1.2-15 19.19 NOTE
r-devel-osx-x86_64-clang 1.2-15 43.79 NOTE
r-patched-linux-x86_64 1.2-15 0.61 30.47 31.08 NOTE
r-patched-solaris-sparc 1.2-15 131.30 NOTE
r-patched-solaris-x86 1.2-15 29.60 NOTE
r-release-linux-ix86 1.2-15 1.21 36.78 37.99 NOTE
r-release-linux-x86_64 1.2-15 0.63 30.87 31.50 NOTE
r-release-osx-x86_64-mavericks 1.2-15 NOTE

Check Details

Version: 1.2-15
Check: top-level files
Result: NOTE
    File
     LICENCE
    is not mentioned in the DESCRIPTION file.
Flavors: r-devel-linux-x86_64-debian-clang, r-devel-linux-x86_64-debian-gcc, r-devel-linux-x86_64-fedora-clang, r-devel-linux-x86_64-fedora-gcc, r-devel-osx-x86_64-clang, r-patched-linux-x86_64, r-patched-solaris-sparc, r-patched-solaris-x86, r-release-linux-ix86, r-release-linux-x86_64, r-release-osx-x86_64-mavericks