CRAN Package Check Results for Package xgobi

Last updated on 2014-09-19 17:48:05.

Flavor Version Tinstall Tcheck Ttotal Status Flags
r-devel-linux-x86_64-debian-clang 1.2-15 0.59 31.04 31.63 NOTE
r-devel-linux-x86_64-debian-gcc 1.2-15 0.60 30.86 31.46 NOTE
r-devel-linux-x86_64-fedora-clang 1.2-15 21.03 NOTE
r-devel-linux-x86_64-fedora-gcc 1.2-15 18.99 NOTE
r-devel-osx-x86_64-clang 1.2-15 46.17 NOTE
r-patched-linux-x86_64 1.2-15 0.59 30.85 31.44 NOTE
r-patched-solaris-sparc 1.2-15 131.30 NOTE
r-patched-solaris-x86 1.2-15 30.30 NOTE
r-release-linux-ix86 1.2-15 1.11 36.84 37.94 NOTE
r-release-linux-x86_64 1.2-15 0.86 30.95 31.80 NOTE
r-release-osx-x86_64-mavericks 1.2-15 NOTE

Check Details

Version: 1.2-15
Check: top-level files
Result: NOTE
    File
     LICENCE
    is not mentioned in the DESCRIPTION file.
Flavors: r-devel-linux-x86_64-debian-clang, r-devel-linux-x86_64-debian-gcc, r-devel-linux-x86_64-fedora-clang, r-devel-linux-x86_64-fedora-gcc, r-devel-osx-x86_64-clang, r-patched-linux-x86_64, r-patched-solaris-sparc, r-patched-solaris-x86, r-release-linux-ix86, r-release-linux-x86_64, r-release-osx-x86_64-mavericks