CRAN Package Check Results for Package xgobi

Last updated on 2017-11-24 20:51:28 CET.

Flavor Version Tinstall Tcheck Ttotal Status Flags
r-devel-linux-x86_64-debian-clang 1.2-15 0.85 52.75 53.60 NOTE
r-devel-linux-x86_64-debian-gcc 1.2-15 0.68 52.41 53.09 NOTE
r-devel-linux-x86_64-fedora-clang 1.2-15 19.76 NOTE
r-devel-linux-x86_64-fedora-gcc 1.2-15 18.38 NOTE
r-devel-windows-ix86+x86_64 1.2-15 4.00 50.00 54.00 NOTE
r-patched-linux-x86_64 1.2-15 0.96 55.73 56.69 NOTE
r-patched-solaris-x86 1.2-15 30.90 NOTE
r-release-linux-x86_64 1.2-15 0.90 56.51 57.41 NOTE
r-release-windows-ix86+x86_64 1.2-15 2.00 49.00 51.00 NOTE
r-release-osx-x86_64 1.2-15 NOTE
r-oldrel-windows-ix86+x86_64 1.2-15 2.00 47.00 49.00 NOTE
r-oldrel-osx-x86_64 1.2-15 NOTE

Check Details

Version: 1.2-15
Check: top-level files
Result: NOTE
    File
     LICENCE
    is not mentioned in the DESCRIPTION file.
Flavors: r-devel-linux-x86_64-debian-clang, r-devel-linux-x86_64-debian-gcc, r-devel-linux-x86_64-fedora-clang, r-devel-linux-x86_64-fedora-gcc, r-devel-windows-ix86+x86_64, r-patched-linux-x86_64, r-patched-solaris-x86, r-release-linux-x86_64, r-release-windows-ix86+x86_64, r-release-osx-x86_64, r-oldrel-windows-ix86+x86_64, r-oldrel-osx-x86_64

Version: 1.2-15
Check: R code for possible problems
Result: NOTE
    quadplot: no visible global function definition for ‘median’
    xgobi: no visible global function definition for ‘write.table’
    Undefined global functions or variables:
     median write.table
    Consider adding
     importFrom("stats", "median")
     importFrom("utils", "write.table")
    to your NAMESPACE file.
Flavors: r-devel-linux-x86_64-debian-clang, r-devel-linux-x86_64-debian-gcc, r-devel-linux-x86_64-fedora-clang, r-devel-linux-x86_64-fedora-gcc, r-devel-windows-ix86+x86_64, r-patched-linux-x86_64, r-patched-solaris-x86, r-release-linux-x86_64, r-release-windows-ix86+x86_64, r-release-osx-x86_64, r-oldrel-windows-ix86+x86_64, r-oldrel-osx-x86_64