CRAN Package Check Results for Package xgobi

Last updated on 2015-04-26 17:47:56.

Flavor Version Tinstall Tcheck Ttotal Status Flags
r-devel-linux-x86_64-debian-clang 1.2-15 0.56 30.49 31.05 NOTE
r-devel-linux-x86_64-debian-gcc 1.2-15 0.68 30.50 31.18 NOTE
r-devel-linux-x86_64-fedora-clang 1.2-15 19.76 NOTE
r-devel-linux-x86_64-fedora-gcc 1.2-15 18.48 NOTE
r-devel-osx-x86_64-clang 1.2-15 43.65 NOTE
r-patched-linux-x86_64 1.2-15 0.57 30.57 31.14 NOTE
r-patched-solaris-sparc 1.2-15 116.60 NOTE
r-patched-solaris-x86 1.2-15 27.20 NOTE
r-release-linux-x86_64 1.2-15 0.61 30.97 31.58 NOTE
r-release-osx-x86_64-mavericks 1.2-15 NOTE
r-release-osx-x86_64-snowleopard 1.2-15 NOTE

Check Details

Version: 1.2-15
Check: top-level files
Result: NOTE
    File
     LICENCE
    is not mentioned in the DESCRIPTION file.
Flavors: r-devel-linux-x86_64-fedora-clang, r-devel-linux-x86_64-fedora-gcc, r-devel-osx-x86_64-clang, r-patched-solaris-sparc, r-patched-solaris-x86, r-release-osx-x86_64-mavericks, r-release-osx-x86_64-snowleopard