CRAN Package Check Results for Package xgobi

Last updated on 2014-07-30 09:48:00.

Flavor Version Tinstall Tcheck Ttotal Status Flags
r-devel-linux-x86_64-debian-clang 1.2-15 0.60 30.86 31.46 NOTE
r-devel-linux-x86_64-debian-gcc 1.2-15 0.61 30.38 30.99 NOTE
r-devel-linux-x86_64-fedora-clang 1.2-15 20.54 NOTE
r-devel-linux-x86_64-fedora-gcc 1.2-15 19.54 NOTE
r-devel-osx-x86_64-clang 1.2-15 44.51 NOTE
r-patched-linux-x86_64 1.2-15 0.62 30.45 31.08 NOTE
r-patched-solaris-sparc 1.2-15 118.50 NOTE
r-patched-solaris-x86 1.2-15 30.50 NOTE
r-release-linux-ix86 1.2-15 0.91 36.46 37.37 NOTE
r-release-linux-x86_64 1.2-15 0.63 30.69 31.32 NOTE
r-release-osx-x86_64-mavericks 1.2-15 NOTE

Check Details

Version: 1.2-15
Check: top-level files
Result: NOTE
    File
     LICENCE
    is not mentioned in the DESCRIPTION file.
Flavors: r-devel-linux-x86_64-debian-clang, r-devel-linux-x86_64-debian-gcc, r-devel-linux-x86_64-fedora-clang, r-devel-linux-x86_64-fedora-gcc, r-devel-osx-x86_64-clang, r-patched-linux-x86_64, r-patched-solaris-sparc, r-patched-solaris-x86, r-release-linux-ix86, r-release-linux-x86_64, r-release-osx-x86_64-mavericks