CRAN Package Check Results for Package xgobi

Last updated on 2015-03-05 08:49:28.

Flavor Version Tinstall Tcheck Ttotal Status Flags
r-devel-linux-x86_64-debian-clang 1.2-15 0.58 31.32 31.89 NOTE
r-devel-linux-x86_64-debian-gcc 1.2-15 0.56 30.67 31.22 NOTE
r-devel-linux-x86_64-fedora-clang 1.2-15 18.73 NOTE
r-devel-linux-x86_64-fedora-gcc 1.2-15 17.55 NOTE
r-devel-osx-x86_64-clang 1.2-15 44.55 NOTE
r-patched-linux-x86_64 1.2-15 0.67 31.16 31.83 NOTE
r-patched-solaris-sparc 1.2-15 138.90 NOTE
r-patched-solaris-x86 1.2-15 31.80 NOTE
r-release-linux-ix86 1.2-15 0.89 37.14 38.04 NOTE
r-release-linux-x86_64 1.2-15 0.66 31.22 31.89 NOTE
r-release-osx-x86_64-mavericks 1.2-15 NOTE

Check Details

Version: 1.2-15
Check: top-level files
Result: NOTE
    File
     LICENCE
    is not mentioned in the DESCRIPTION file.
Flavors: r-devel-linux-x86_64-debian-clang, r-devel-linux-x86_64-debian-gcc, r-devel-linux-x86_64-fedora-clang, r-devel-linux-x86_64-fedora-gcc, r-devel-osx-x86_64-clang, r-patched-linux-x86_64, r-patched-solaris-sparc, r-patched-solaris-x86, r-release-linux-ix86, r-release-linux-x86_64, r-release-osx-x86_64-mavericks