CRAN Package Check Results for Package xgobi

Last updated on 2015-07-02 11:48:51.

Flavor Version Tinstall Tcheck Ttotal Status Flags
r-devel-linux-x86_64-debian-clang 1.2-15 0.54 30.20 30.75 NOTE
r-devel-linux-x86_64-debian-gcc 1.2-15 0.58 29.93 30.51 NOTE
r-devel-linux-x86_64-fedora-clang 1.2-15 18.04 NOTE
r-devel-linux-x86_64-fedora-gcc 1.2-15 16.96 NOTE
r-devel-osx-x86_64-clang 1.2-15 38.79 NOTE
r-patched-linux-x86_64 1.2-15 0.58 30.96 31.54 NOTE
r-patched-solaris-sparc 1.2-15 117.70 NOTE
r-patched-solaris-x86 1.2-15 27.70 NOTE
r-release-linux-x86_64 1.2-15 0.57 30.46 31.03 NOTE
r-release-osx-x86_64-mavericks 1.2-15 NOTE

Check Details

Version: 1.2-15
Check: top-level files
Result: NOTE
    File
     LICENCE
    is not mentioned in the DESCRIPTION file.
Flavors: r-devel-linux-x86_64-debian-clang, r-devel-linux-x86_64-debian-gcc, r-devel-linux-x86_64-fedora-clang, r-devel-linux-x86_64-fedora-gcc, r-devel-osx-x86_64-clang, r-patched-linux-x86_64, r-patched-solaris-sparc, r-patched-solaris-x86, r-release-linux-x86_64, r-release-osx-x86_64-mavericks

Version: 1.2-15
Check: R code for possible problems
Result: NOTE
    quadplot: no visible global function definition for ‘median’
    xgobi: no visible global function definition for ‘write.table’
Flavors: r-devel-linux-x86_64-debian-clang, r-devel-linux-x86_64-debian-gcc, r-devel-linux-x86_64-fedora-gcc

Version: 1.2-15
Check: R code for possible problems
Result: NOTE
    quadplot: no visible global function definition for ‘median’
    xgobi: no visible global function definition for ‘write.table’
    Undefined global functions or variables:
     median write.table
Flavor: r-devel-linux-x86_64-fedora-clang