CRAN Package Check Results for Package xgobi

Last updated on 2017-09-22 20:47:51.

Flavor Version Tinstall Tcheck Ttotal Status Flags
r-devel-linux-x86_64-debian-clang 1.2-15 0.75 33.73 34.48 NOTE
r-devel-linux-x86_64-debian-gcc 1.2-15 0.63 33.10 33.73 NOTE
r-devel-linux-x86_64-fedora-clang 1.2-15 22.86 NOTE
r-devel-linux-x86_64-fedora-gcc 1.2-15 20.15 NOTE
r-devel-windows-ix86+x86_64 1.2-15 2.00 63.00 65.00 NOTE
r-patched-linux-x86_64 1.2-15 0.78 33.34 34.12 NOTE
r-patched-solaris-x86 1.2-15 32.20 NOTE
r-release-linux-x86_64 1.2-15 0.78 33.23 34.01 NOTE
r-release-windows-ix86+x86_64 1.2-15 2.00 49.00 51.00 NOTE
r-release-osx-x86_64 1.2-15 NOTE
r-oldrel-windows-ix86+x86_64 1.2-15 2.00 47.00 49.00 NOTE
r-oldrel-osx-x86_64 1.2-15 NOTE

Check Details

Version: 1.2-15
Check: top-level files
Result: NOTE
    File
     LICENCE
    is not mentioned in the DESCRIPTION file.
Flavors: r-devel-linux-x86_64-debian-clang, r-devel-linux-x86_64-debian-gcc, r-devel-linux-x86_64-fedora-clang, r-devel-linux-x86_64-fedora-gcc, r-devel-windows-ix86+x86_64, r-patched-linux-x86_64, r-patched-solaris-x86, r-release-linux-x86_64, r-release-windows-ix86+x86_64, r-release-osx-x86_64, r-oldrel-windows-ix86+x86_64, r-oldrel-osx-x86_64

Version: 1.2-15
Check: R code for possible problems
Result: NOTE
    quadplot: no visible global function definition for ‘median’
    xgobi: no visible global function definition for ‘write.table’
    Undefined global functions or variables:
     median write.table
    Consider adding
     importFrom("stats", "median")
     importFrom("utils", "write.table")
    to your NAMESPACE file.
Flavors: r-devel-linux-x86_64-debian-clang, r-devel-linux-x86_64-debian-gcc, r-devel-linux-x86_64-fedora-clang, r-devel-linux-x86_64-fedora-gcc, r-devel-windows-ix86+x86_64, r-patched-linux-x86_64, r-patched-solaris-x86, r-release-linux-x86_64, r-release-windows-ix86+x86_64, r-release-osx-x86_64, r-oldrel-windows-ix86+x86_64, r-oldrel-osx-x86_64