CRAN Package Check Results for Package xgobi

Last updated on 2015-09-05 12:49:47.

Flavor Version Tinstall Tcheck Ttotal Status Flags
r-devel-linux-x86_64-debian-clang 1.2-15 0.51 30.04 30.54 NOTE
r-devel-linux-x86_64-debian-gcc 1.2-15 0.64 29.94 30.58 NOTE
r-devel-linux-x86_64-fedora-clang 1.2-15 17.57 NOTE
r-devel-linux-x86_64-fedora-gcc 1.2-15 16.81 NOTE
r-devel-osx-x86_64-clang 1.2-15 38.88 NOTE
r-patched-linux-x86_64 1.2-15 0.62 30.92 31.54 NOTE
r-patched-solaris-sparc 1.2-15 120.50 NOTE
r-patched-solaris-x86 1.2-15 27.50 NOTE
r-release-linux-x86_64 1.2-15 0.59 30.67 31.26 NOTE
r-release-osx-x86_64-mavericks 1.2-15 NOTE

Check Details

Version: 1.2-15
Check: top-level files
Result: NOTE
    File
     LICENCE
    is not mentioned in the DESCRIPTION file.
Flavors: r-devel-linux-x86_64-debian-clang, r-devel-linux-x86_64-debian-gcc, r-devel-linux-x86_64-fedora-clang, r-devel-linux-x86_64-fedora-gcc, r-devel-osx-x86_64-clang, r-patched-linux-x86_64, r-patched-solaris-sparc, r-patched-solaris-x86, r-release-linux-x86_64, r-release-osx-x86_64-mavericks

Version: 1.2-15
Check: R code for possible problems
Result: NOTE
    quadplot: no visible global function definition for ‘median’
    xgobi: no visible global function definition for ‘write.table’
    Undefined global functions or variables:
     median write.table
    Consider adding
     importFrom("stats", "median")
     importFrom("utils", "write.table")
    to your NAMESPACE.
Flavors: r-devel-linux-x86_64-debian-clang, r-devel-linux-x86_64-debian-gcc, r-devel-linux-x86_64-fedora-clang, r-devel-linux-x86_64-fedora-gcc