CRAN Package Check Results for Package xgobi

Last updated on 2014-11-24 00:47:59.

Flavor Version Tinstall Tcheck Ttotal Status Flags
r-devel-linux-x86_64-debian-clang 1.2-15 0.64 32.50 33.14 NOTE
r-devel-linux-x86_64-debian-gcc 1.2-15 0.62 31.04 31.66 NOTE
r-devel-linux-x86_64-fedora-clang 1.2-15 21.37 NOTE
r-devel-linux-x86_64-fedora-gcc 1.2-15 19.94 NOTE
r-devel-osx-x86_64-clang 1.2-15 46.22 NOTE
r-patched-linux-x86_64 1.2-15 0.66 31.19 31.85 NOTE
r-patched-solaris-sparc 1.2-15 131.30 NOTE
r-patched-solaris-x86 1.2-15 32.00 NOTE
r-release-linux-ix86 1.2-15 0.92 37.04 37.96 NOTE
r-release-linux-x86_64 1.2-15 0.66 31.46 32.12 NOTE
r-release-osx-x86_64-mavericks 1.2-15 NOTE

Check Details

Version: 1.2-15
Check: top-level files
Result: NOTE
    File
     LICENCE
    is not mentioned in the DESCRIPTION file.
Flavors: r-devel-linux-x86_64-debian-clang, r-devel-linux-x86_64-debian-gcc, r-devel-linux-x86_64-fedora-clang, r-devel-linux-x86_64-fedora-gcc, r-devel-osx-x86_64-clang, r-patched-linux-x86_64, r-patched-solaris-sparc, r-patched-solaris-x86, r-release-linux-ix86, r-release-linux-x86_64, r-release-osx-x86_64-mavericks