CRAN Package Check Results for Package xgobi

Last updated on 2016-09-27 22:48:54.

Flavor Version Tinstall Tcheck Ttotal Status Flags
r-devel-linux-x86_64-debian-clang 1.2-15 0.58 30.73 31.32 NOTE
r-devel-linux-x86_64-debian-gcc 1.2-15 0.60 30.62 31.22 NOTE
r-devel-linux-x86_64-fedora-clang 1.2-15 14.96 NOTE
r-devel-linux-x86_64-fedora-gcc 1.2-15 15.57 NOTE
r-devel-macos-x86_64-clang 1.2-15 15.88 NOTE
r-devel-windows-ix86+x86_64 1.2-15 3.00 75.00 78.00 NOTE
r-patched-linux-x86_64 1.2-15 0.66 30.71 31.37 NOTE
r-patched-solaris-sparc 1.2-15 110.00 NOTE
r-patched-solaris-x86 1.2-15 24.60 NOTE
r-release-linux-x86_64 1.2-15 0.60 30.75 31.35 NOTE
r-release-osx-x86_64-mavericks 1.2-15 NOTE
r-release-windows-ix86+x86_64 1.2-15 2.00 46.00 48.00 NOTE

Check Details

Version: 1.2-15
Check: top-level files
Result: NOTE
    File
     LICENCE
    is not mentioned in the DESCRIPTION file.
Flavors: r-devel-linux-x86_64-debian-clang, r-devel-linux-x86_64-debian-gcc, r-devel-linux-x86_64-fedora-clang, r-devel-linux-x86_64-fedora-gcc, r-devel-macos-x86_64-clang, r-devel-windows-ix86+x86_64, r-patched-linux-x86_64, r-patched-solaris-sparc, r-patched-solaris-x86, r-release-linux-x86_64, r-release-osx-x86_64-mavericks, r-release-windows-ix86+x86_64

Version: 1.2-15
Check: R code for possible problems
Result: NOTE
    quadplot: no visible global function definition for ‘median’
    xgobi: no visible global function definition for ‘write.table’
    Undefined global functions or variables:
     median write.table
    Consider adding
     importFrom("stats", "median")
     importFrom("utils", "write.table")
    to your NAMESPACE file.
Flavors: r-devel-linux-x86_64-debian-clang, r-devel-linux-x86_64-debian-gcc, r-devel-linux-x86_64-fedora-clang, r-devel-linux-x86_64-fedora-gcc, r-devel-macos-x86_64-clang, r-devel-windows-ix86+x86_64, r-patched-linux-x86_64, r-patched-solaris-sparc, r-patched-solaris-x86, r-release-linux-x86_64, r-release-osx-x86_64-mavericks, r-release-windows-ix86+x86_64