CRAN Package Check Results for Package xgobi

Last updated on 2015-01-27 12:47:44.

Flavor Version Tinstall Tcheck Ttotal Status Flags
r-devel-linux-x86_64-debian-clang 1.2-15 0.61 31.35 31.96 NOTE
r-devel-linux-x86_64-debian-gcc 1.2-15 0.57 30.26 30.83 NOTE
r-devel-linux-x86_64-fedora-clang 1.2-15 22.81 NOTE
r-devel-linux-x86_64-fedora-gcc 1.2-15 20.27 NOTE
r-devel-osx-x86_64-clang 1.2-15 46.35 NOTE
r-patched-linux-x86_64 1.2-15 0.67 31.06 31.73 NOTE
r-patched-solaris-sparc 1.2-15 124.10 NOTE
r-patched-solaris-x86 1.2-15 30.40 NOTE
r-release-linux-ix86 1.2-15 0.92 36.51 37.43 NOTE
r-release-linux-x86_64 1.2-15 0.66 31.40 32.06 NOTE
r-release-osx-x86_64-mavericks 1.2-15 NOTE

Check Details

Version: 1.2-15
Check: top-level files
Result: NOTE
    File
     LICENCE
    is not mentioned in the DESCRIPTION file.
Flavors: r-devel-linux-x86_64-debian-clang, r-devel-linux-x86_64-debian-gcc, r-devel-linux-x86_64-fedora-clang, r-devel-linux-x86_64-fedora-gcc, r-devel-osx-x86_64-clang, r-patched-linux-x86_64, r-patched-solaris-sparc, r-patched-solaris-x86, r-release-linux-ix86, r-release-linux-x86_64, r-release-osx-x86_64-mavericks