CRAN Package Check Results for Package xgrid

Last updated on 2014-08-23 02:50:10.

Flavor Version Tinstall Tcheck Ttotal Status Flags
r-devel-linux-x86_64-debian-clang 1.0-1 0.55 8.12 8.67 NOTE
r-devel-linux-x86_64-debian-gcc 1.0-1 0.57 7.98 8.54 NOTE
r-devel-linux-x86_64-fedora-clang 1.0-1 24.78 NOTE
r-devel-linux-x86_64-fedora-gcc 1.0-1 23.48 NOTE
r-devel-osx-x86_64-clang 1.0-1 20.70 NOTE
r-devel-windows-ix86+x86_64 1.0-1 2.00 14.00 16.00 NOTE
r-patched-linux-x86_64 1.0-1 0.58 8.26 8.85 NOTE
r-patched-solaris-sparc 1.0-1 103.40 NOTE
r-patched-solaris-x86 1.0-1 38.00 NOTE
r-release-linux-ix86 1.0-1 1.05 14.42 15.48 NOTE
r-release-linux-x86_64 1.0-1 0.60 8.56 9.15 NOTE
r-release-osx-x86_64-mavericks 1.0-1 NOTE
r-release-windows-ix86+x86_64 1.0-1 3.00 19.00 22.00 NOTE
r-oldrel-windows-ix86+x86_64 1.0-1 2.00 17.00 19.00 NOTE

Check Details

Version: 1.0-1
Check: for old-style vignette sources
Result: NOTE
    Vignette sources only in ‘inst/doc’:
     ‘example1.Rnw’, ‘example2.Rnw’
    A ‘vignettes’ directory is required as from R 3.1.0
    and these will not be indexed nor checked
Flavors: r-devel-linux-x86_64-debian-clang, r-devel-linux-x86_64-debian-gcc, r-devel-linux-x86_64-fedora-clang, r-devel-linux-x86_64-fedora-gcc, r-devel-osx-x86_64-clang, r-devel-windows-ix86+x86_64, r-patched-linux-x86_64, r-patched-solaris-sparc, r-patched-solaris-x86, r-release-linux-ix86, r-release-linux-x86_64, r-release-osx-x86_64-mavericks, r-release-windows-ix86+x86_64

Version: 1.0-1
Check: for old-style vignette sources
Result: NOTE
    Vignette sources only in 'inst/doc':
     'example1.Rnw', 'example2.Rnw'
    A 'vignettes' directory will be required as from R 3.1.0
Flavor: r-oldrel-windows-ix86+x86_64