CRAN Package Check Results for Package xgrid

Last updated on 2014-04-24 07:52:40.

Flavor Version Tinstall Tcheck Ttotal Status Flags
r-devel-linux-x86_64-debian-clang 1.0-1 0.66 8.62 9.29 NOTE
r-devel-linux-x86_64-debian-gcc 1.0-1 0.62 8.74 9.35 NOTE
r-devel-linux-x86_64-fedora-clang 1.0-1 24.88 NOTE
r-devel-linux-x86_64-fedora-gcc 1.0-1 24.19 NOTE
r-devel-osx-x86_64-clang 1.0-1 20.83 NOTE
r-devel-osx-x86_64-gcc 1.0-1 NOTE
r-devel-windows-ix86+x86_64 1.0-1 2.00 14.00 16.00 NOTE
r-patched-linux-x86_64 1.0-1 0.60 8.54 9.14 NOTE
r-patched-solaris-sparc 1.0-1 101.70 NOTE
r-patched-solaris-x86 1.0-1 32.40 NOTE
r-release-linux-ix86 1.0-1 1.00 21.00 22.00 NOTE
r-release-linux-x86_64 1.0-1 0.68 8.71 9.39 NOTE
r-release-osx-x86_64-mavericks 1.0-1 WARN
r-release-windows-ix86+x86_64 1.0-1 4.00 13.00 17.00 NOTE
r-oldrel-windows-ix86+x86_64 1.0-1 2.00 17.00 19.00 NOTE

Check Details

Version: 1.0-1
Check: for old-style vignette sources
Result: NOTE
    Vignette sources only in ‘inst/doc’:
     ‘example1.Rnw’, ‘example2.Rnw’
    A ‘vignettes’ directory is required as from R 3.1.0
    and these will not be indexed nor checked
Flavors: r-devel-linux-x86_64-debian-clang, r-devel-linux-x86_64-debian-gcc, r-devel-linux-x86_64-fedora-clang, r-devel-linux-x86_64-fedora-gcc, r-devel-osx-x86_64-clang, r-devel-osx-x86_64-gcc, r-devel-windows-ix86+x86_64, r-patched-linux-x86_64, r-patched-solaris-sparc, r-patched-solaris-x86, r-release-linux-ix86, r-release-linux-x86_64, r-release-osx-x86_64-mavericks, r-release-windows-ix86+x86_64

Version: 1.0-1
Check: PDF version of manual
Result: WARNING
    LaTeX errors when creating PDF version.
    This typically indicates Rd problems.
    LaTeX errors found:
    ! LaTeX Error: File `upquote.sty' not found.
    
    Type X to quit or <RETURN> to proceed,
    or enter new name. (Default extension: sty)
    
    6fe3693/Rd2.tex:8: ==> Fatal error occurred, no output PDF file produced!
Flavor: r-release-osx-x86_64-mavericks

Version: 1.0-1
Check: for old-style vignette sources
Result: NOTE
    Vignette sources only in 'inst/doc':
     'example1.Rnw', 'example2.Rnw'
    A 'vignettes' directory will be required as from R 3.1.0
Flavor: r-oldrel-windows-ix86+x86_64