CRAN Package Check Results for Package xgrid

Last updated on 2014-07-22 23:48:28.

Flavor Version Tinstall Tcheck Ttotal Status Flags
r-devel-linux-x86_64-debian-clang 1.0-1 0.67 8.14 8.81 NOTE
r-devel-linux-x86_64-debian-gcc 1.0-1 0.55 8.19 8.74 NOTE
r-devel-linux-x86_64-fedora-clang 1.0-1 25.41 NOTE
r-devel-linux-x86_64-fedora-gcc 1.0-1 24.36 NOTE
r-devel-osx-x86_64-clang 1.0-1 21.99 NOTE
r-devel-windows-ix86+x86_64 1.0-1 2.00 14.00 16.00 NOTE
r-patched-linux-x86_64 1.0-1 0.68 8.06 8.73 NOTE
r-patched-solaris-sparc 1.0-1 101.70 NOTE
r-patched-solaris-x86 1.0-1 37.30 NOTE
r-release-linux-ix86 1.0-1 0.95 14.29 15.24 NOTE
r-release-linux-x86_64 1.0-1 0.76 8.25 9.01 NOTE
r-release-osx-x86_64-mavericks 1.0-1 NOTE
r-release-windows-ix86+x86_64 1.0-1 3.00 19.00 22.00 NOTE
r-oldrel-windows-ix86+x86_64 1.0-1 2.00 17.00 19.00 NOTE

Check Details

Version: 1.0-1
Check: for old-style vignette sources
Result: NOTE
    Vignette sources only in ‘inst/doc’:
     ‘example1.Rnw’, ‘example2.Rnw’
    A ‘vignettes’ directory is required as from R 3.1.0
    and these will not be indexed nor checked
Flavors: r-devel-linux-x86_64-debian-clang, r-devel-linux-x86_64-debian-gcc, r-devel-linux-x86_64-fedora-clang, r-devel-linux-x86_64-fedora-gcc, r-devel-osx-x86_64-clang, r-devel-windows-ix86+x86_64, r-patched-linux-x86_64, r-patched-solaris-sparc, r-patched-solaris-x86, r-release-linux-ix86, r-release-linux-x86_64, r-release-osx-x86_64-mavericks, r-release-windows-ix86+x86_64

Version: 1.0-1
Check: for old-style vignette sources
Result: NOTE
    Vignette sources only in 'inst/doc':
     'example1.Rnw', 'example2.Rnw'
    A 'vignettes' directory will be required as from R 3.1.0
Flavor: r-oldrel-windows-ix86+x86_64