CRAN Package Check Results for Package xlsx

Last updated on 2017-06-27 15:49:18.

Flavor Version Tinstall Tcheck Ttotal Status Flags
r-devel-linux-x86_64-debian-clang 0.5.7 2.08 37.99 40.07 NOTE
r-devel-linux-x86_64-debian-gcc 0.5.7 2.12 36.96 39.08 NOTE
r-devel-linux-x86_64-fedora-clang 0.5.7 100.59 NOTE
r-devel-linux-x86_64-fedora-gcc 0.5.7 97.17 NOTE
r-devel-windows-ix86+x86_64 0.5.7 8.00 97.00 105.00 NOTE
r-patched-linux-x86_64 0.5.7 2.12 37.48 39.60 NOTE
r-patched-solaris-sparc 0.5.7 416.20 NOTE
r-patched-solaris-x86 0.5.7 97.10 NOTE
r-release-linux-x86_64 0.5.7 2.08 38.11 40.19 NOTE
r-release-windows-ix86+x86_64 0.5.7 7.00 73.00 80.00 NOTE
r-release-osx-x86_64 0.5.7 NOTE
r-oldrel-windows-ix86+x86_64 0.5.7 6.00 68.00 74.00 NOTE
r-oldrel-osx-x86_64 0.5.7 NOTE

Check Details

Version: 0.5.7
Check: S3 generic/method consistency
Result: NOTE
    Found the following apparent S3 methods exported but not registered:
     +.CellStyle CellBlock.default CellStyle.default
    See section ‘Registering S3 methods’ in the ‘Writing R Extensions’
    manual.
Flavors: r-devel-linux-x86_64-debian-clang, r-devel-linux-x86_64-debian-gcc, r-devel-linux-x86_64-fedora-clang, r-devel-linux-x86_64-fedora-gcc, r-patched-linux-x86_64, r-patched-solaris-sparc, r-patched-solaris-x86, r-release-linux-x86_64

Version: 0.5.7
Check: R code for possible problems
Result: NOTE
    .xssfcolor: no visible global function definition for ‘col2rgb’
    Undefined global functions or variables:
     col2rgb
    Consider adding
     importFrom("grDevices", "col2rgb")
    to your NAMESPACE file.
Flavors: r-devel-linux-x86_64-debian-clang, r-devel-linux-x86_64-debian-gcc, r-devel-linux-x86_64-fedora-clang, r-devel-linux-x86_64-fedora-gcc, r-devel-windows-ix86+x86_64, r-patched-linux-x86_64, r-patched-solaris-sparc, r-patched-solaris-x86, r-release-linux-x86_64, r-release-windows-ix86+x86_64, r-release-osx-x86_64, r-oldrel-windows-ix86+x86_64, r-oldrel-osx-x86_64