CRAN Package Check Results for Package xlsx

Last updated on 2016-07-28 06:47:41.

Flavor Version Tinstall Tcheck Ttotal Status Flags
r-devel-linux-x86_64-debian-clang 0.5.7 2.10 42.40 44.50 NOTE
r-devel-linux-x86_64-debian-gcc 0.5.7 2.52 39.16 41.68 NOTE
r-devel-linux-x86_64-fedora-clang 0.5.7 86.95 NOTE
r-devel-linux-x86_64-fedora-gcc 0.5.7 85.37 NOTE
r-devel-osx-x86_64-clang 0.5.7 73.89 NOTE
r-devel-windows-ix86+x86_64 0.5.7 6.00 79.00 85.00 NOTE
r-patched-linux-x86_64 0.5.7 2.50 40.22 42.72 NOTE
r-patched-solaris-sparc 0.5.7 387.90 NOTE
r-patched-solaris-x86 0.5.7 84.60 NOTE
r-release-linux-x86_64 0.5.7 2.33 39.64 41.97 NOTE
r-release-osx-x86_64-mavericks 0.5.7 NOTE
r-release-windows-ix86+x86_64 0.5.7 6.00 89.00 95.00 NOTE
r-oldrel-windows-ix86+x86_64 0.5.7 10.00 57.00 67.00 OK

Check Details

Version: 0.5.7
Check: S3 generic/method consistency
Result: NOTE
    Found the following apparent S3 methods exported but not registered:
     +.CellStyle CellBlock.default CellStyle.default
    See section ‘Registering S3 methods’ in the ‘Writing R Extensions’
    manual.
Flavors: r-devel-linux-x86_64-debian-clang, r-devel-linux-x86_64-debian-gcc, r-devel-linux-x86_64-fedora-clang, r-devel-linux-x86_64-fedora-gcc, r-devel-osx-x86_64-clang, r-patched-linux-x86_64, r-patched-solaris-sparc, r-patched-solaris-x86, r-release-linux-x86_64

Version: 0.5.7
Check: R code for possible problems
Result: NOTE
    .xssfcolor: no visible global function definition for ‘col2rgb’
    Undefined global functions or variables:
     col2rgb
    Consider adding
     importFrom("grDevices", "col2rgb")
    to your NAMESPACE file.
Flavors: r-devel-linux-x86_64-debian-clang, r-devel-linux-x86_64-debian-gcc, r-devel-linux-x86_64-fedora-clang, r-devel-linux-x86_64-fedora-gcc, r-devel-osx-x86_64-clang, r-devel-windows-ix86+x86_64, r-patched-linux-x86_64, r-patched-solaris-sparc, r-patched-solaris-x86, r-release-linux-x86_64, r-release-osx-x86_64-mavericks, r-release-windows-ix86+x86_64