CRAN Package Check Results for Package xlsx

Last updated on 2015-01-30 14:49:05.

Flavor Version Tinstall Tcheck Ttotal Status Flags
r-devel-linux-x86_64-debian-clang 0.5.7 2.29 37.21 39.50 NOTE
r-devel-linux-x86_64-debian-gcc 0.5.7 2.16 36.42 38.59 NOTE
r-devel-linux-x86_64-fedora-clang 0.5.7 94.52 NOTE
r-devel-linux-x86_64-fedora-gcc 0.5.7 87.50 NOTE
r-devel-osx-x86_64-clang 0.5.7 82.13 NOTE
r-devel-windows-ix86+x86_64 0.5.7 7.00 63.00 70.00 OK
r-patched-linux-x86_64 0.5.7 2.59 39.18 41.77 OK
r-patched-solaris-sparc 0.5.7 493.40 OK
r-patched-solaris-x86 0.5.7 113.20 OK
r-release-linux-ix86 0.5.7 3.18 46.70 49.88 OK
r-release-linux-x86_64 0.5.7 2.56 40.06 42.62 OK
r-release-osx-x86_64-mavericks 0.5.7 OK
r-release-osx-x86_64-snowleopard 0.5.7 OK
r-release-windows-ix86+x86_64 0.5.7 6.00 80.00 86.00 OK
r-oldrel-windows-ix86+x86_64 0.5.7 8.00 56.00 64.00 OK

Check Details

Version: 0.5.7
Check: S3 generic/method consistency
Result: NOTE
    Found the following apparent S3 methods exported but not registered:
     CellBlock.default CellStyle.default +.CellStyle
    See section ‘Registering S3 methods’ in the ‘Writing R Extensions’
    manual.
Flavors: r-devel-linux-x86_64-debian-clang, r-devel-linux-x86_64-debian-gcc, r-devel-linux-x86_64-fedora-clang, r-devel-linux-x86_64-fedora-gcc, r-devel-osx-x86_64-clang