CRAN Package Check Results for Package xlsx

Last updated on 2015-07-05 10:47:16.

Flavor Version Tinstall Tcheck Ttotal Status Flags
r-devel-linux-x86_64-debian-clang 0.5.7 1.90 33.86 35.76 NOTE
r-devel-linux-x86_64-debian-gcc 0.5.7 2.57 33.71 36.28 NOTE
r-devel-linux-x86_64-fedora-clang 0.5.7 96.42 NOTE
r-devel-linux-x86_64-fedora-gcc 0.5.7 94.31 NOTE
r-devel-osx-x86_64-clang 0.5.7 61.33 NOTE
r-devel-windows-ix86+x86_64 0.5.7 7.00 58.00 65.00 NOTE
r-patched-linux-x86_64 0.5.7 1.88 34.60 36.49 NOTE
r-patched-solaris-sparc 0.5.7 435.50 NOTE
r-patched-solaris-x86 0.5.7 99.60 NOTE
r-release-linux-x86_64 0.5.7 1.85 35.24 37.08 NOTE
r-release-osx-x86_64-mavericks 0.5.7 OK
r-release-windows-ix86+x86_64 0.5.7 7.00 54.00 61.00 OK
r-oldrel-windows-ix86+x86_64 0.5.7 10.00 69.00 79.00 OK

Check Details

Version: 0.5.7
Check: S3 generic/method consistency
Result: NOTE
    Found the following apparent S3 methods exported but not registered:
     +.CellStyle CellBlock.default CellStyle.default
    See section ‘Registering S3 methods’ in the ‘Writing R Extensions’
    manual.
Flavors: r-devel-linux-x86_64-debian-clang, r-devel-linux-x86_64-debian-gcc, r-devel-linux-x86_64-fedora-clang, r-devel-linux-x86_64-fedora-gcc, r-devel-osx-x86_64-clang, r-patched-linux-x86_64, r-patched-solaris-sparc, r-patched-solaris-x86, r-release-linux-x86_64

Version: 0.5.7
Check: R code for possible problems
Result: NOTE
    .xssfcolor: no visible global function definition for ‘col2rgb’
    Undefined global functions or variables:
     col2rgb
Flavors: r-devel-linux-x86_64-debian-clang, r-devel-linux-x86_64-debian-gcc, r-devel-linux-x86_64-fedora-clang, r-devel-linux-x86_64-fedora-gcc, r-devel-windows-ix86+x86_64