CRAN Package Check Results for Package xlsx

Last updated on 2018-05-22 01:47:03 CEST.

Flavor Version Tinstall Tcheck Ttotal Status Flags
r-devel-linux-x86_64-debian-clang 0.5.7 5.71 71.67 77.38 ERROR
r-devel-linux-x86_64-debian-gcc 0.5.7 4.64 62.35 66.99 ERROR
r-devel-linux-x86_64-fedora-clang 0.5.7 103.53 NOTE
r-devel-linux-x86_64-fedora-gcc 0.5.7 102.53 NOTE
r-devel-windows-ix86+x86_64 0.5.7 11.00 100.00 111.00 NOTE
r-patched-linux-x86_64 0.5.7 5.07 74.81 79.88 ERROR
r-patched-solaris-x86 0.5.7 109.70 NOTE
r-release-linux-x86_64 0.5.7 5.14 74.24 79.38 ERROR
r-release-windows-ix86+x86_64 0.5.7 11.00 75.00 86.00 NOTE
r-release-osx-x86_64 0.5.7 NOTE
r-oldrel-windows-ix86+x86_64 0.5.7 11.00 87.00 98.00 NOTE
r-oldrel-osx-x86_64 0.5.7 NOTE

Check Details

Version: 0.5.7
Check: S3 generic/method consistency
Result: NOTE
    Found the following apparent S3 methods exported but not registered:
     +.CellStyle CellBlock.default CellStyle.default
    See section ‘Registering S3 methods’ in the ‘Writing R Extensions’
    manual.
Flavors: r-devel-linux-x86_64-debian-clang, r-devel-linux-x86_64-debian-gcc, r-devel-linux-x86_64-fedora-clang, r-devel-linux-x86_64-fedora-gcc, r-patched-linux-x86_64, r-patched-solaris-x86, r-release-linux-x86_64

Version: 0.5.7
Check: R code for possible problems
Result: NOTE
    .xssfcolor: no visible global function definition for ‘col2rgb’
    Undefined global functions or variables:
     col2rgb
    Consider adding
     importFrom("grDevices", "col2rgb")
    to your NAMESPACE file.
Flavors: r-devel-linux-x86_64-debian-clang, r-devel-linux-x86_64-debian-gcc, r-devel-linux-x86_64-fedora-clang, r-devel-linux-x86_64-fedora-gcc, r-devel-windows-ix86+x86_64, r-patched-linux-x86_64, r-patched-solaris-x86, r-release-linux-x86_64, r-release-windows-ix86+x86_64, r-release-osx-x86_64, r-oldrel-windows-ix86+x86_64, r-oldrel-osx-x86_64

Version: 0.5.7
Check: examples
Result: ERROR
    Running examples in ‘xlsx-Ex.R’ failed
    The error most likely occurred in:
    
    > base::assign(".ptime", proc.time(), pos = "CheckExEnv")
    > ### Name: CellBlock
    > ### Title: Create and style a block of cells.
    > ### Aliases: CellBlock CellBlock.default CB.setColData CB.setRowData
    > ### CB.setMatrixData CB.setFill CB.setFont CB.setBorder is.CellBlock
    >
    > ### ** Examples
    >
    >
    > wb <- createWorkbook()
    > sheet <- createSheet(wb, sheetName="CellBlock")
    >
    > cb <- CellBlock(sheet, 7, 3, 1000, 60)
    Error in UseMethod("CellBlock") :
     no applicable method for 'CellBlock' applied to an object of class "jobjRef"
    Calls: CellBlock
    Execution halted
Flavors: r-devel-linux-x86_64-debian-clang, r-devel-linux-x86_64-debian-gcc, r-patched-linux-x86_64, r-release-linux-x86_64