CRAN Package Check Results for Package xlsx

Last updated on 2015-08-29 06:48:03.

Flavor Version Tinstall Tcheck Ttotal Status Flags
r-devel-linux-x86_64-debian-clang 0.5.7 1.84 33.77 35.62 NOTE
r-devel-linux-x86_64-debian-gcc 0.5.7 1.82 33.80 35.62 NOTE
r-devel-linux-x86_64-fedora-clang 0.5.7 94.61 NOTE
r-devel-linux-x86_64-fedora-gcc 0.5.7 90.74 NOTE
r-devel-osx-x86_64-clang 0.5.7 66.59 NOTE
r-devel-windows-ix86+x86_64 0.5.7 9.00 74.00 83.00 NOTE
r-patched-linux-x86_64 0.5.7 1.92 35.44 37.37 NOTE
r-patched-solaris-sparc 0.5.7 425.80 NOTE
r-patched-solaris-x86 0.5.7 107.20 NOTE
r-release-linux-x86_64 0.5.7 1.91 34.89 36.80 NOTE
r-release-osx-x86_64-mavericks 0.5.7 OK
r-release-windows-ix86+x86_64 0.5.7 9.00 58.00 67.00 OK
r-oldrel-windows-ix86+x86_64 0.5.7 11.00 64.00 75.00 OK

Check Details

Version: 0.5.7
Check: S3 generic/method consistency
Result: NOTE
    Found the following apparent S3 methods exported but not registered:
     +.CellStyle CellBlock.default CellStyle.default
    See section ‘Registering S3 methods’ in the ‘Writing R Extensions’
    manual.
Flavors: r-devel-linux-x86_64-debian-clang, r-devel-linux-x86_64-debian-gcc, r-devel-linux-x86_64-fedora-clang, r-devel-linux-x86_64-fedora-gcc, r-devel-osx-x86_64-clang, r-patched-linux-x86_64, r-patched-solaris-sparc, r-patched-solaris-x86, r-release-linux-x86_64

Version: 0.5.7
Check: R code for possible problems
Result: NOTE
    .xssfcolor: no visible global function definition for ‘col2rgb’
    Undefined global functions or variables:
     col2rgb
    Consider adding
     importFrom("grDevices", "col2rgb")
    to your NAMESPACE.
Flavors: r-devel-linux-x86_64-debian-clang, r-devel-linux-x86_64-debian-gcc, r-devel-linux-x86_64-fedora-clang, r-devel-linux-x86_64-fedora-gcc, r-devel-windows-ix86+x86_64