CRAN Package Check Results for Package xlsx

Last updated on 2019-11-13 11:47:25 CET.

Flavor Version Tinstall Tcheck Ttotal Status Flags
r-devel-linux-x86_64-debian-clang 0.6.1 8.72 84.06 92.78 OK
r-devel-linux-x86_64-debian-gcc 0.6.1 6.16 64.18 70.34 OK
r-devel-linux-x86_64-fedora-clang 0.6.1 117.97 OK
r-devel-linux-x86_64-fedora-gcc 0.6.1 106.10 OK
r-devel-windows-ix86+x86_64 0.6.1 9.00 6.00 15.00 ERROR
r-patched-linux-x86_64 0.6.1 8.18 82.14 90.32 OK
r-patched-solaris-x86 0.6.1 111.10 OK
r-release-linux-x86_64 0.6.1 7.45 82.75 90.20 OK
r-release-windows-ix86+x86_64 0.6.1 12.00 108.00 120.00 OK
r-release-osx-x86_64 0.6.1 OK
r-oldrel-windows-ix86+x86_64 0.6.1 8.00 72.00 80.00 OK
r-oldrel-osx-x86_64 0.6.1 OK

Check Details

Version: 0.6.1
Check: whether package can be installed
Result: ERROR
    Installation failed.
Flavor: r-devel-windows-ix86+x86_64