CRAN Package Check Results for Package xlsx

Last updated on 2014-04-23 12:48:31.

Flavor Version Tinstall Tcheck Ttotal Status Flags
r-devel-linux-x86_64-debian-clang 0.5.5 2.57 40.68 43.25 OK
r-devel-linux-x86_64-debian-gcc 0.5.5 2.61 41.13 43.74 OK
r-devel-linux-x86_64-fedora-clang 0.5.5 96.21 OK
r-devel-linux-x86_64-fedora-gcc 0.5.5 94.23 OK
r-devel-osx-x86_64-clang 0.5.5 81.83 OK
r-devel-osx-x86_64-gcc 0.5.5 OK
r-devel-windows-ix86+x86_64 0.5.5 7.00 62.00 69.00 OK
r-patched-linux-x86_64 0.5.5 2.72 40.89 43.60 OK
r-patched-solaris-sparc 0.5.5 479.40 OK
r-patched-solaris-x86 0.5.5 117.80 OK
r-release-linux-ix86 0.5.5 7.00 68.00 75.00 OK
r-release-linux-x86_64 0.5.5 2.73 40.95 43.68 OK
r-release-osx-x86_64-mavericks 0.5.5 WARN
r-release-osx-x86_64-snowleopard 0.5.5 OK
r-release-windows-ix86+x86_64 0.5.5 10.00 61.00 71.00 OK
r-oldrel-windows-ix86+x86_64 0.5.5 7.00 63.00 70.00 OK

Check Details

Version: 0.5.5
Check: PDF version of manual
Result: WARNING
    LaTeX errors when creating PDF version.
    This typically indicates Rd problems.
    LaTeX errors found:
    ! LaTeX Error: File `upquote.sty' not found.
    
    Type X to quit or <RETURN> to proceed,
    or enter new name. (Default extension: sty)
    
    a5c63ae/Rd2.tex:8: ==> Fatal error occurred, no output PDF file produced!
Flavor: r-release-osx-x86_64-mavericks