CRAN Package Check Results for Package xlsxjars

Last updated on 2017-11-24 22:51:53 CET.

Flavor Version Tinstall Tcheck Ttotal Status Flags
r-devel-linux-x86_64-debian-clang 0.6.1 2.17 38.45 40.61 OK
r-devel-linux-x86_64-debian-gcc 0.6.1 1.83 35.18 37.01 OK
r-devel-linux-x86_64-fedora-clang 0.6.1 26.46 NOTE
r-devel-linux-x86_64-fedora-gcc 0.6.1 24.69 NOTE
r-devel-windows-ix86+x86_64 0.6.1 7.00 37.00 44.00 NOTE
r-patched-linux-x86_64 0.6.1 2.21 39.17 41.39 OK
r-patched-solaris-x86 0.6.1 43.30 NOTE
r-release-linux-x86_64 0.6.1 2.26 39.01 41.27 OK
r-release-windows-ix86+x86_64 0.6.1 8.00 43.00 51.00 NOTE
r-release-osx-x86_64 0.6.1 NOTE
r-oldrel-windows-ix86+x86_64 0.6.1 5.00 31.00 36.00 NOTE
r-oldrel-osx-x86_64 0.6.1 NOTE

Check Details

Version: 0.6.1
Check: installed package size
Result: NOTE
     installed size is 10.8Mb
     sub-directories of 1Mb or more:
     java 10.7Mb
Flavors: r-devel-linux-x86_64-fedora-clang, r-devel-linux-x86_64-fedora-gcc, r-devel-windows-ix86+x86_64, r-patched-solaris-x86, r-release-windows-ix86+x86_64, r-release-osx-x86_64, r-oldrel-windows-ix86+x86_64, r-oldrel-osx-x86_64