CRAN Package Check Results for Package xlsxjars

Last updated on 2017-07-28 01:51:31.

Flavor Version Tinstall Tcheck Ttotal Status Flags
r-devel-linux-x86_64-debian-clang 0.6.1 1.89 20.28 22.17 OK
r-devel-linux-x86_64-debian-gcc 0.6.1 1.67 20.89 22.56 OK
r-devel-linux-x86_64-fedora-clang 0.6.1 27.42 NOTE
r-devel-linux-x86_64-fedora-gcc 0.6.1 26.16 NOTE
r-devel-windows-ix86+x86_64 0.6.1 7.00 35.00 42.00 NOTE
r-patched-linux-x86_64 0.6.1 1.55 20.64 22.18 OK
r-patched-solaris-x86 0.6.1 42.70 NOTE
r-release-linux-x86_64 0.6.1 1.60 20.44 22.04 OK
r-release-windows-ix86+x86_64 0.6.1 5.00 35.00 40.00 NOTE
r-release-osx-x86_64 0.6.1 NOTE
r-oldrel-windows-ix86+x86_64 0.6.1 5.00 31.00 36.00 NOTE
r-oldrel-osx-x86_64 0.6.1 NOTE

Check Details

Version: 0.6.1
Check: installed package size
Result: NOTE
     installed size is 10.8Mb
     sub-directories of 1Mb or more:
     java 10.7Mb
Flavors: r-devel-linux-x86_64-fedora-clang, r-devel-linux-x86_64-fedora-gcc, r-devel-windows-ix86+x86_64, r-patched-solaris-x86, r-release-windows-ix86+x86_64, r-release-osx-x86_64, r-oldrel-windows-ix86+x86_64, r-oldrel-osx-x86_64