CRAN Package Check Results for Package xlsxjars

Last updated on 2016-09-25 20:47:39.

Flavor Version Tinstall Tcheck Ttotal Status Flags
r-devel-linux-x86_64-debian-clang 0.6.1 1.44 12.78 14.21 NOTE
r-devel-linux-x86_64-debian-gcc 0.6.1 1.64 12.48 14.12 NOTE
r-devel-linux-x86_64-fedora-clang 0.6.1 22.97 NOTE
r-devel-linux-x86_64-fedora-gcc 0.6.1 23.32 NOTE
r-devel-macos-x86_64-clang 0.6.1 21.76 NOTE
r-devel-windows-ix86+x86_64 0.6.1 8.00 63.00 71.00 NOTE
r-patched-linux-x86_64 0.6.1 1.48 13.13 14.61 NOTE
r-patched-solaris-sparc 0.6.1 165.40 NOTE
r-patched-solaris-x86 0.6.1 34.40 NOTE
r-release-linux-x86_64 0.6.1 1.47 13.17 14.64 NOTE
r-release-osx-x86_64-mavericks 0.6.1 NOTE
r-release-windows-ix86+x86_64 0.6.1 5.00 31.00 36.00 NOTE
r-oldrel-windows-ix86+x86_64 0.6.1 6.00 24.00 30.00 NOTE

Check Details

Version: 0.6.1
Check: installed package size
Result: NOTE
     installed size is 10.8Mb
     sub-directories of 1Mb or more:
     java 10.7Mb
Flavors: r-devel-linux-x86_64-debian-clang, r-devel-linux-x86_64-debian-gcc, r-devel-linux-x86_64-fedora-clang, r-devel-linux-x86_64-fedora-gcc, r-devel-macos-x86_64-clang, r-devel-windows-ix86+x86_64, r-patched-linux-x86_64, r-patched-solaris-sparc, r-patched-solaris-x86, r-release-linux-x86_64, r-release-osx-x86_64-mavericks, r-release-windows-ix86+x86_64, r-oldrel-windows-ix86+x86_64