CRAN Package Check Results for Package xlsxjars

Last updated on 2017-05-30 14:47:35.

Flavor Version Tinstall Tcheck Ttotal Status Flags
r-devel-linux-x86_64-debian-clang 0.6.1 1.66 15.02 16.67 OK
r-devel-linux-x86_64-debian-gcc 0.6.1 1.82 14.86 16.68 OK
r-devel-linux-x86_64-fedora-clang 0.6.1 30.30 NOTE
r-devel-linux-x86_64-fedora-gcc 0.6.1 26.25 NOTE
r-devel-windows-ix86+x86_64 0.6.1 5.00 49.00 54.00 NOTE
r-patched-linux-x86_64 0.6.1 1.76 14.91 16.67 OK
r-patched-solaris-sparc 0.6.1 176.40 NOTE
r-patched-solaris-x86 0.6.1 39.80 NOTE
r-release-linux-x86_64 0.6.1 1.70 14.83 16.53 OK
r-release-windows-ix86+x86_64 0.6.1 5.00 35.00 40.00 NOTE
r-release-osx-x86_64 0.6.1 NOTE
r-oldrel-windows-ix86+x86_64 0.6.1 5.00 31.00 36.00 NOTE
r-oldrel-osx-x86_64 0.6.1 NOTE

Check Details

Version: 0.6.1
Check: installed package size
Result: NOTE
     installed size is 10.8Mb
     sub-directories of 1Mb or more:
     java 10.7Mb
Flavors: r-devel-linux-x86_64-fedora-clang, r-devel-linux-x86_64-fedora-gcc, r-devel-windows-ix86+x86_64, r-patched-solaris-sparc, r-patched-solaris-x86, r-release-windows-ix86+x86_64, r-release-osx-x86_64, r-oldrel-windows-ix86+x86_64, r-oldrel-osx-x86_64