CRAN Package Check Results for Package xlsxjars

Last updated on 2016-06-26 22:48:06.

Flavor Version Tinstall Tcheck Ttotal Status Flags
r-devel-linux-x86_64-debian-gcc 0.6.1 1.54 13.33 14.87 NOTE
r-devel-linux-x86_64-fedora-clang 0.6.1 25.27 NOTE
r-devel-linux-x86_64-fedora-gcc 0.6.1 24.79 NOTE
r-devel-osx-x86_64-clang 0.6.1 23.71 NOTE
r-devel-windows-ix86+x86_64 0.6.1 7.00 32.00 39.00 NOTE
r-patched-linux-x86_64 0.6.1 1.77 13.29 15.05 NOTE
r-patched-solaris-sparc 0.6.1 165.40 NOTE
r-patched-solaris-x86 0.6.1 35.40 NOTE
r-release-linux-x86_64 0.6.1 1.66 13.39 15.06 NOTE
r-release-osx-x86_64-mavericks 0.6.1 NOTE
r-release-windows-ix86+x86_64 0.6.1 6.00 44.00 50.00 NOTE
r-oldrel-windows-ix86+x86_64 0.6.1 6.00 24.00 30.00 NOTE

Check Details

Version: 0.6.1
Check: installed package size
Result: NOTE
     installed size is 10.8Mb
     sub-directories of 1Mb or more:
     java 10.7Mb
Flavors: r-devel-linux-x86_64-debian-gcc, r-devel-linux-x86_64-fedora-clang, r-devel-linux-x86_64-fedora-gcc, r-devel-osx-x86_64-clang, r-devel-windows-ix86+x86_64, r-patched-linux-x86_64, r-patched-solaris-sparc, r-patched-solaris-x86, r-release-linux-x86_64, r-release-osx-x86_64-mavericks, r-release-windows-ix86+x86_64, r-oldrel-windows-ix86+x86_64