CRAN Package Check Results for Package xlsxjars

Last updated on 2014-12-20 15:46:40.

Flavor Version Tinstall Tcheck Ttotal Status Flags
r-devel-linux-x86_64-debian-clang 0.6.1 2.02 17.78 19.80 NOTE
r-devel-linux-x86_64-debian-gcc 0.6.1 1.82 17.66 19.48 NOTE
r-devel-linux-x86_64-fedora-clang 0.6.1 40.34 NOTE
r-devel-linux-x86_64-fedora-gcc 0.6.1 37.64 NOTE
r-devel-osx-x86_64-clang 0.6.1 40.04 NOTE
r-devel-windows-ix86+x86_64 0.6.1 8.00 36.00 44.00 NOTE
r-patched-linux-x86_64 0.6.1 2.02 18.01 20.03 NOTE
r-patched-solaris-sparc 0.6.1 220.40 NOTE
r-patched-solaris-x86 0.6.1 59.00 NOTE
r-release-linux-ix86 0.6.1 2.53 22.36 24.89 NOTE
r-release-linux-x86_64 0.6.1 2.40 17.99 20.40 NOTE
r-release-osx-x86_64-mavericks 0.6.1 NOTE
r-release-osx-x86_64-snowleopard 0.6.1 NOTE
r-release-windows-ix86+x86_64 0.6.1 6.00 37.00 43.00 NOTE
r-oldrel-windows-ix86+x86_64 0.6.1 6.00 32.00 38.00 NOTE

Check Details

Version: 0.6.1
Check: installed package size
Result: NOTE
     installed size is 10.8Mb
     sub-directories of 1Mb or more:
     java 10.7Mb
Flavors: r-devel-linux-x86_64-debian-clang, r-devel-linux-x86_64-debian-gcc, r-devel-linux-x86_64-fedora-clang, r-devel-linux-x86_64-fedora-gcc, r-devel-osx-x86_64-clang, r-devel-windows-ix86+x86_64, r-patched-linux-x86_64, r-patched-solaris-sparc, r-patched-solaris-x86, r-release-linux-ix86, r-release-linux-x86_64, r-release-osx-x86_64-mavericks, r-release-osx-x86_64-snowleopard, r-release-windows-ix86+x86_64, r-oldrel-windows-ix86+x86_64