CRAN Package Check Results for Package xlsxjars

Last updated on 2017-03-29 11:50:03.

Flavor Version Tinstall Tcheck Ttotal Status Flags
r-devel-linux-x86_64-debian-clang 0.6.1 1.65 14.90 16.55 OK
r-devel-linux-x86_64-debian-gcc 0.6.1 1.49 14.86 16.35 OK
r-devel-linux-x86_64-fedora-clang 0.6.1 27.87 NOTE --no-stop-on-test-error
r-devel-linux-x86_64-fedora-gcc 0.6.1 26.49 NOTE --no-stop-on-test-error
r-devel-macos-x86_64-clang 0.6.1 24.21 NOTE --no-stop-on-test-error
r-devel-windows-ix86+x86_64 0.6.1 5.00 47.00 52.00 NOTE
r-patched-linux-x86_64 0.6.1 1.52 14.95 16.47 OK
r-patched-solaris-sparc 0.6.1 176.40 NOTE
r-patched-solaris-x86 0.6.1 42.80 NOTE
r-release-linux-x86_64 0.6.1 1.61 13.47 15.07 OK
r-release-osx-x86_64-mavericks 0.6.1 NOTE
r-release-windows-ix86+x86_64 0.6.1 5.00 31.00 36.00 NOTE
r-oldrel-windows-ix86+x86_64 0.6.1 5.00 46.00 51.00 NOTE

Check Details

Version: 0.6.1
Flags: --no-stop-on-test-error
Check: installed package size
Result: NOTE
     installed size is 10.8Mb
     sub-directories of 1Mb or more:
     java 10.7Mb
Flavors: r-devel-linux-x86_64-fedora-clang, r-devel-linux-x86_64-fedora-gcc, r-devel-macos-x86_64-clang

Version: 0.6.1
Check: installed package size
Result: NOTE
     installed size is 10.8Mb
     sub-directories of 1Mb or more:
     java 10.7Mb
Flavors: r-devel-windows-ix86+x86_64, r-patched-solaris-sparc, r-patched-solaris-x86, r-release-osx-x86_64-mavericks, r-release-windows-ix86+x86_64, r-oldrel-windows-ix86+x86_64