CRAN Package Check Results for Package xlsxjars

Last updated on 2014-04-19 08:50:24.

Flavor Version Tinstall Tcheck Ttotal Status Flags
r-devel-linux-x86_64-debian-clang 0.6.0 2.36 19.51 21.86 NOTE
r-devel-linux-x86_64-debian-gcc 0.6.0 2.35 19.53 21.88 NOTE
r-devel-linux-x86_64-fedora-clang 0.6.0 43.54 NOTE
r-devel-linux-x86_64-fedora-gcc 0.6.0 40.28 NOTE
r-devel-macosx-x86_64-clang 0.6.0 40.48 NOTE
r-devel-macosx-x86_64-gcc 0.6.0 NOTE
r-devel-windows-ix86+x86_64 0.6.0 6.00 31.00 37.00 NOTE
r-patched-linux-x86_64 0.6.0 2.22 19.52 21.73 NOTE
r-patched-solaris-sparc 0.6.0 255.40 NOTE
r-patched-solaris-x86 0.6.0 62.20 NOTE
r-release-linux-ix86 0.6.0 4.00 34.00 38.00 NOTE
r-release-linux-x86_64 0.6.0 2.32 19.36 21.68 NOTE
r-release-macosx-x86_64 0.6.0 NOTE
r-release-windows-ix86+x86_64 0.6.0 9.00 30.00 39.00 NOTE
r-oldrel-windows-ix86+x86_64 0.6.0 5.00 30.00 35.00 NOTE

Check Details

Version: 0.6.0
Check: installed package size
Result: NOTE
     installed size is 10.8Mb
     sub-directories of 1Mb or more:
     java 10.7Mb
Flavors: r-devel-linux-x86_64-debian-clang, r-devel-linux-x86_64-debian-gcc, r-devel-linux-x86_64-fedora-clang, r-devel-linux-x86_64-fedora-gcc, r-devel-macosx-x86_64-clang, r-devel-macosx-x86_64-gcc, r-devel-windows-ix86+x86_64, r-patched-linux-x86_64, r-patched-solaris-sparc, r-patched-solaris-x86, r-release-linux-ix86, r-release-linux-x86_64, r-release-macosx-x86_64, r-release-windows-ix86+x86_64, r-oldrel-windows-ix86+x86_64