CRAN Package Check Results for Package xlsxjars

Last updated on 2016-12-09 05:49:28.

Flavor Version Tinstall Tcheck Ttotal Status Flags
r-devel-linux-x86_64-debian-clang 0.6.1 1.75 14.37 16.12 OK
r-devel-linux-x86_64-debian-gcc 0.6.1 1.65 14.18 15.83 OK
r-devel-linux-x86_64-fedora-clang 0.6.1 28.68 NOTE --no-stop-on-test-error
r-devel-linux-x86_64-fedora-gcc 0.6.1 28.17 NOTE --no-stop-on-test-error
r-devel-macos-x86_64-clang 0.6.1 25.36 NOTE
r-devel-windows-ix86+x86_64 0.6.1 7.00 32.00 39.00 NOTE
r-patched-linux-x86_64 0.6.1 1.50 13.27 14.77 OK
r-patched-solaris-sparc 0.6.1 165.40 NOTE
r-patched-solaris-x86 0.6.1 34.50 NOTE
r-release-linux-x86_64 0.6.1 1.47 13.33 14.79 OK
r-release-osx-x86_64-mavericks 0.6.1 NOTE
r-release-windows-ix86+x86_64 0.6.1 5.00 31.00 36.00 NOTE
r-oldrel-windows-ix86+x86_64 0.6.1 5.00 46.00 51.00 NOTE

Check Details

Version: 0.6.1
Flags: --no-stop-on-test-error
Check: installed package size
Result: NOTE
     installed size is 10.8Mb
     sub-directories of 1Mb or more:
     java 10.7Mb
Flavors: r-devel-linux-x86_64-fedora-clang, r-devel-linux-x86_64-fedora-gcc

Version: 0.6.1
Check: installed package size
Result: NOTE
     installed size is 10.8Mb
     sub-directories of 1Mb or more:
     java 10.7Mb
Flavors: r-devel-macos-x86_64-clang, r-devel-windows-ix86+x86_64, r-patched-solaris-sparc, r-patched-solaris-x86, r-release-osx-x86_64-mavericks, r-release-windows-ix86+x86_64, r-oldrel-windows-ix86+x86_64