CRAN Package Check Results for Package xlsxjars

Last updated on 2018-04-24 15:48:38 CEST.

Flavor Version Tinstall Tcheck Ttotal Status Flags
r-devel-linux-x86_64-debian-clang 0.6.1 2.08 23.23 25.31 OK
r-devel-linux-x86_64-debian-gcc 0.6.1 1.75 18.27 20.02 OK
r-devel-linux-x86_64-fedora-clang 0.6.1 29.27 NOTE
r-devel-linux-x86_64-fedora-gcc 0.6.1 27.95 NOTE
r-devel-windows-ix86+x86_64 0.6.1 5.00 36.00 41.00 NOTE
r-patched-linux-x86_64 0.6.1 2.17 22.82 24.99 OK
r-patched-solaris-x86 0.6.1 49.80 NOTE
r-release-linux-x86_64 0.6.1 1.42 22.68 24.10 OK
r-release-windows-ix86+x86_64 0.6.1 5.00 36.00 41.00 NOTE
r-release-osx-x86_64 0.6.1 NOTE
r-oldrel-windows-ix86+x86_64 0.6.1 9.00 43.00 52.00 NOTE
r-oldrel-osx-x86_64 0.6.1 NOTE

Check Details

Version: 0.6.1
Check: installed package size
Result: NOTE
     installed size is 10.8Mb
     sub-directories of 1Mb or more:
     java 10.7Mb
Flavors: r-devel-linux-x86_64-fedora-clang, r-devel-linux-x86_64-fedora-gcc, r-devel-windows-ix86+x86_64, r-patched-solaris-x86, r-release-windows-ix86+x86_64, r-release-osx-x86_64, r-oldrel-windows-ix86+x86_64, r-oldrel-osx-x86_64