CRAN Package Check Results for Package xlsxjars

Last updated on 2014-09-21 15:48:57.

Flavor Version Tinstall Tcheck Ttotal Status Flags
r-devel-linux-x86_64-debian-clang 0.6.1 1.96 17.36 19.32 NOTE
r-devel-linux-x86_64-debian-gcc 0.6.1 1.82 16.54 18.36 NOTE
r-devel-linux-x86_64-fedora-clang 0.6.1 38.62 NOTE
r-devel-linux-x86_64-fedora-gcc 0.6.1 35.87 NOTE
r-devel-osx-x86_64-clang 0.6.1 38.11 NOTE
r-devel-windows-ix86+x86_64 0.6.1 6.00 26.00 32.00 NOTE
r-patched-linux-x86_64 0.6.1 2.00 17.69 19.69 NOTE
r-patched-solaris-sparc 0.6.1 220.40 NOTE
r-patched-solaris-x86 0.6.1 59.10 NOTE
r-release-linux-ix86 0.6.1 2.62 23.87 26.49 NOTE
r-release-linux-x86_64 0.6.1 2.03 17.91 19.94 NOTE
r-release-osx-x86_64-mavericks 0.6.1 NOTE
r-release-osx-x86_64-snowleopard 0.6.1 NOTE
r-release-windows-ix86+x86_64 0.6.1 5.00 29.00 34.00 NOTE
r-oldrel-windows-ix86+x86_64 0.6.1 6.00 32.00 38.00 NOTE

Check Details

Version: 0.6.1
Check: installed package size
Result: NOTE
     installed size is 10.8Mb
     sub-directories of 1Mb or more:
     java 10.7Mb
Flavors: r-devel-linux-x86_64-debian-clang, r-devel-linux-x86_64-debian-gcc, r-devel-linux-x86_64-fedora-clang, r-devel-linux-x86_64-fedora-gcc, r-devel-osx-x86_64-clang, r-devel-windows-ix86+x86_64, r-patched-linux-x86_64, r-patched-solaris-sparc, r-patched-solaris-x86, r-release-linux-ix86, r-release-linux-x86_64, r-release-osx-x86_64-mavericks, r-release-osx-x86_64-snowleopard, r-release-windows-ix86+x86_64, r-oldrel-windows-ix86+x86_64