CRAN Package Check Results for Package xlsxjars

Last updated on 2015-05-27 19:47:26.

Flavor Version Tinstall Tcheck Ttotal Status Flags
r-devel-linux-x86_64-debian-clang 0.6.1 1.62 14.79 16.42 NOTE
r-devel-linux-x86_64-debian-gcc 0.6.1 1.54 13.58 15.12 NOTE
r-devel-linux-x86_64-fedora-clang 0.6.1 29.81 NOTE
r-devel-linux-x86_64-fedora-gcc 0.6.1 27.69 NOTE
r-devel-osx-x86_64-clang 0.6.1 32.05 NOTE
r-devel-windows-ix86+x86_64 0.6.1 5.00 23.00 28.00 NOTE
r-patched-linux-x86_64 0.6.1 1.50 13.78 15.28 NOTE
r-patched-solaris-sparc 0.6.1 197.20 NOTE
r-patched-solaris-x86 0.6.1 45.40 NOTE
r-release-linux-x86_64 0.6.1 1.56 14.07 15.63 NOTE
r-release-osx-x86_64-mavericks 0.6.1 NOTE
r-release-osx-x86_64-snowleopard 0.6.1 NOTE
r-release-windows-ix86+x86_64 0.6.1 4.00 26.00 30.00 NOTE
r-oldrel-windows-ix86+x86_64 0.6.1 8.00 30.00 38.00 NOTE

Check Details

Version: 0.6.1
Check: installed package size
Result: NOTE
     installed size is 10.8Mb
     sub-directories of 1Mb or more:
     java 10.7Mb
Flavors: r-devel-linux-x86_64-debian-clang, r-devel-linux-x86_64-debian-gcc, r-devel-linux-x86_64-fedora-clang, r-devel-linux-x86_64-fedora-gcc, r-devel-osx-x86_64-clang, r-devel-windows-ix86+x86_64, r-patched-linux-x86_64, r-patched-solaris-sparc, r-patched-solaris-x86, r-release-linux-x86_64, r-release-osx-x86_64-mavericks, r-release-osx-x86_64-snowleopard, r-release-windows-ix86+x86_64, r-oldrel-windows-ix86+x86_64