CRAN Package Check Results for Package xlsxjars

Last updated on 2016-07-30 03:49:28.

Flavor Version Tinstall Tcheck Ttotal Status Flags
r-devel-linux-x86_64-debian-clang 0.6.1 1.55 13.56 15.11 NOTE
r-devel-linux-x86_64-debian-gcc 0.6.1 1.70 13.32 15.02 NOTE
r-devel-linux-x86_64-fedora-clang 0.6.1 25.25 NOTE
r-devel-linux-x86_64-fedora-gcc 0.6.1 23.34 NOTE
r-devel-osx-x86_64-clang 0.6.1 23.41 NOTE
r-devel-windows-ix86+x86_64 0.6.1 5.00 36.00 41.00 NOTE
r-patched-linux-x86_64 0.6.1 1.63 15.09 16.72 NOTE
r-patched-solaris-sparc 0.6.1 165.40 NOTE
r-patched-solaris-x86 0.6.1 34.60 NOTE
r-release-linux-x86_64 0.6.1 2.12 14.79 16.91 NOTE
r-release-osx-x86_64-mavericks 0.6.1 NOTE
r-release-windows-ix86+x86_64 0.6.1 6.00 44.00 50.00 NOTE
r-oldrel-windows-ix86+x86_64 0.6.1 6.00 24.00 30.00 NOTE

Check Details

Version: 0.6.1
Check: installed package size
Result: NOTE
     installed size is 10.8Mb
     sub-directories of 1Mb or more:
     java 10.7Mb
Flavors: r-devel-linux-x86_64-debian-clang, r-devel-linux-x86_64-debian-gcc, r-devel-linux-x86_64-fedora-clang, r-devel-linux-x86_64-fedora-gcc, r-devel-osx-x86_64-clang, r-devel-windows-ix86+x86_64, r-patched-linux-x86_64, r-patched-solaris-sparc, r-patched-solaris-x86, r-release-linux-x86_64, r-release-osx-x86_64-mavericks, r-release-windows-ix86+x86_64, r-oldrel-windows-ix86+x86_64