CRAN Package Check Results for Package xlsxjars

Last updated on 2014-07-31 09:49:30.

Flavor Version Tinstall Tcheck Ttotal Status Flags
r-devel-linux-x86_64-debian-clang 0.6.0 2.09 18.64 20.73 NOTE
r-devel-linux-x86_64-debian-gcc 0.6.0 2.03 18.35 20.38 NOTE
r-devel-linux-x86_64-fedora-clang 0.6.0 42.85 NOTE
r-devel-linux-x86_64-fedora-gcc 0.6.0 40.27 NOTE
r-devel-osx-x86_64-clang 0.6.0 43.03 NOTE
r-devel-windows-ix86+x86_64 0.6.0 6.00 31.00 37.00 NOTE
r-patched-linux-x86_64 0.6.0 2.29 18.65 20.94 NOTE
r-patched-solaris-sparc 0.6.0 265.40 NOTE
r-patched-solaris-x86 0.6.0 62.70 NOTE
r-release-linux-ix86 0.6.0 2.65 24.65 27.30 NOTE
r-release-linux-x86_64 0.6.0 2.62 19.06 21.68 NOTE
r-release-osx-x86_64-mavericks 0.6.0 NOTE
r-release-osx-x86_64-snowleopard 0.6.0 NOTE
r-release-windows-ix86+x86_64 0.6.0 8.00 41.00 49.00 NOTE
r-oldrel-windows-ix86+x86_64 0.6.0 5.00 30.00 35.00 NOTE

Check Details

Version: 0.6.0
Check: installed package size
Result: NOTE
     installed size is 10.8Mb
     sub-directories of 1Mb or more:
     java 10.7Mb
Flavors: r-devel-linux-x86_64-debian-clang, r-devel-linux-x86_64-debian-gcc, r-devel-linux-x86_64-fedora-clang, r-devel-linux-x86_64-fedora-gcc, r-devel-osx-x86_64-clang, r-devel-windows-ix86+x86_64, r-patched-linux-x86_64, r-patched-solaris-sparc, r-patched-solaris-x86, r-release-linux-ix86, r-release-linux-x86_64, r-release-osx-x86_64-mavericks, r-release-osx-x86_64-snowleopard, r-release-windows-ix86+x86_64, r-oldrel-windows-ix86+x86_64