CRAN Package Check Results for Package xlsxjars

Last updated on 2018-06-24 10:49:42 CEST.

Flavor Version Tinstall Tcheck Ttotal Status Flags
r-devel-linux-x86_64-debian-clang 0.6.1 2.56 28.20 30.76 OK
r-devel-linux-x86_64-debian-gcc 0.6.1 1.74 21.86 23.60 OK
r-devel-linux-x86_64-fedora-clang 0.6.1 34.46 NOTE
r-devel-linux-x86_64-fedora-gcc 0.6.1 32.82 OK
r-devel-windows-ix86+x86_64 0.6.1 8.00 42.00 50.00 NOTE
r-patched-linux-x86_64 0.6.1 2.52 23.24 25.76 OK
r-patched-solaris-x86 0.6.1 47.50 NOTE
r-release-linux-x86_64 0.6.1 1.77 23.06 24.83 OK
r-release-windows-ix86+x86_64 0.6.1 5.00 38.00 43.00 NOTE
r-release-osx-x86_64 0.6.1 NOTE
r-oldrel-windows-ix86+x86_64 0.6.1 8.00 49.00 57.00 NOTE
r-oldrel-osx-x86_64 0.6.1 NOTE

Check Details

Version: 0.6.1
Check: installed package size
Result: NOTE
     installed size is 10.8Mb
     sub-directories of 1Mb or more:
     java 10.7Mb
Flavors: r-devel-linux-x86_64-fedora-clang, r-devel-windows-ix86+x86_64, r-patched-solaris-x86, r-release-windows-ix86+x86_64, r-release-osx-x86_64, r-oldrel-windows-ix86+x86_64, r-oldrel-osx-x86_64