CRAN Package Check Results for Package xlsxjars

Last updated on 2015-07-31 06:47:21.

Flavor Version Tinstall Tcheck Ttotal Status Flags
r-devel-linux-x86_64-debian-clang 0.6.1 1.61 19.23 20.84 NOTE
r-devel-linux-x86_64-debian-gcc 0.6.1 2.06 14.02 16.08 NOTE
r-devel-linux-x86_64-fedora-clang 0.6.1 29.29 NOTE
r-devel-linux-x86_64-fedora-gcc 0.6.1 26.79 NOTE
r-devel-osx-x86_64-clang 0.6.1 28.42 NOTE
r-devel-windows-ix86+x86_64 0.6.1 8.00 24.00 32.00 NOTE
r-patched-linux-x86_64 0.6.1 1.52 13.88 15.40 NOTE
r-patched-solaris-sparc 0.6.1 199.80 NOTE
r-patched-solaris-x86 0.6.1 46.10 NOTE
r-release-linux-x86_64 0.6.1 1.50 14.46 15.96 NOTE
r-release-osx-x86_64-mavericks 0.6.1 NOTE
r-release-windows-ix86+x86_64 0.6.1 7.00 24.00 31.00 NOTE
r-oldrel-windows-ix86+x86_64 0.6.1 9.00 32.00 41.00 NOTE

Check Details

Version: 0.6.1
Check: installed package size
Result: NOTE
     installed size is 10.8Mb
     sub-directories of 1Mb or more:
     java 10.7Mb
Flavors: r-devel-linux-x86_64-debian-clang, r-devel-linux-x86_64-debian-gcc, r-devel-linux-x86_64-fedora-clang, r-devel-linux-x86_64-fedora-gcc, r-devel-osx-x86_64-clang, r-devel-windows-ix86+x86_64, r-patched-linux-x86_64, r-patched-solaris-sparc, r-patched-solaris-x86, r-release-linux-x86_64, r-release-osx-x86_64-mavericks, r-release-windows-ix86+x86_64, r-oldrel-windows-ix86+x86_64