CRAN Package Check Results for Package xlsxjars

Last updated on 2018-02-17 21:49:48 CET.

Flavor Version Tinstall Tcheck Ttotal Status Flags
r-devel-linux-x86_64-debian-clang 0.6.1 2.09 22.80 24.89 OK
r-devel-linux-x86_64-debian-gcc 0.6.1 1.63 18.00 19.63 OK
r-devel-linux-x86_64-fedora-clang 0.6.1 29.38 NOTE
r-devel-linux-x86_64-fedora-gcc 0.6.1 27.61 NOTE
r-devel-windows-ix86+x86_64 0.6.1 6.00 37.00 43.00 NOTE
r-patched-linux-x86_64 0.6.1 2.22 21.83 24.05 OK
r-patched-solaris-x86 0.6.1 41.40 NOTE
r-release-linux-x86_64 0.6.1 2.04 21.88 23.92 OK
r-release-windows-ix86+x86_64 0.6.1 9.00 43.00 52.00 NOTE
r-release-osx-x86_64 0.6.1 NOTE
r-oldrel-windows-ix86+x86_64 0.6.1 5.00 40.00 45.00 NOTE
r-oldrel-osx-x86_64 0.6.1 NOTE

Check Details

Version: 0.6.1
Check: installed package size
Result: NOTE
     installed size is 10.8Mb
     sub-directories of 1Mb or more:
     java 10.7Mb
Flavors: r-devel-linux-x86_64-fedora-clang, r-devel-linux-x86_64-fedora-gcc, r-devel-windows-ix86+x86_64, r-patched-solaris-x86, r-release-windows-ix86+x86_64, r-release-osx-x86_64, r-oldrel-windows-ix86+x86_64, r-oldrel-osx-x86_64