CRAN Package Check Results for Package xlsxjars

Last updated on 2017-01-18 08:48:17.

Flavor Version Tinstall Tcheck Ttotal Status Flags
r-devel-linux-x86_64-debian-clang 0.6.1 1.60 14.25 15.85 OK
r-devel-linux-x86_64-debian-gcc 0.6.1 1.51 13.77 15.28 OK
r-devel-linux-x86_64-fedora-clang 0.6.1 27.00 NOTE --no-stop-on-test-error
r-devel-linux-x86_64-fedora-gcc 0.6.1 29.09 NOTE --no-stop-on-test-error
r-devel-macos-x86_64-clang 0.6.1 23.90 NOTE --no-stop-on-test-error
r-devel-windows-ix86+x86_64 0.6.1 7.00 43.00 50.00 NOTE
r-patched-linux-x86_64 0.6.1 1.67 13.21 14.88 OK
r-patched-solaris-sparc 0.6.1 167.90 NOTE
r-patched-solaris-x86 0.6.1 34.70 NOTE
r-release-linux-x86_64 0.6.1 1.46 13.06 14.52 OK
r-release-osx-x86_64-mavericks 0.6.1 NOTE
r-release-windows-ix86+x86_64 0.6.1 5.00 31.00 36.00 NOTE
r-oldrel-windows-ix86+x86_64 0.6.1 5.00 46.00 51.00 NOTE

Check Details

Version: 0.6.1
Flags: --no-stop-on-test-error
Check: installed package size
Result: NOTE
     installed size is 10.8Mb
     sub-directories of 1Mb or more:
     java 10.7Mb
Flavors: r-devel-linux-x86_64-fedora-clang, r-devel-linux-x86_64-fedora-gcc, r-devel-macos-x86_64-clang

Version: 0.6.1
Check: installed package size
Result: NOTE
     installed size is 10.8Mb
     sub-directories of 1Mb or more:
     java 10.7Mb
Flavors: r-devel-windows-ix86+x86_64, r-patched-solaris-sparc, r-patched-solaris-x86, r-release-osx-x86_64-mavericks, r-release-windows-ix86+x86_64, r-oldrel-windows-ix86+x86_64