CRAN Package Check Results for Package xlsxjars

Last updated on 2014-08-29 17:47:48.

Flavor Version Tinstall Tcheck Ttotal Status Flags
r-devel-linux-x86_64-debian-clang 0.6.1 2.02 16.86 18.88 NOTE
r-devel-linux-x86_64-debian-gcc 0.6.1 1.88 16.75 18.63 NOTE
r-devel-linux-x86_64-fedora-clang 0.6.1 39.93 NOTE
r-devel-linux-x86_64-fedora-gcc 0.6.1 36.90 NOTE
r-devel-osx-x86_64-clang 0.6.1 39.52 NOTE
r-devel-windows-ix86+x86_64 0.6.1 6.00 29.00 35.00 NOTE
r-patched-linux-x86_64 0.6.1 2.05 17.93 19.98 NOTE
r-patched-solaris-sparc 0.6.1 220.40 NOTE
r-patched-solaris-x86 0.6.1 44.20 NOTE
r-release-linux-ix86 0.6.1 2.59 23.48 26.07 NOTE
r-release-linux-x86_64 0.6.1 2.03 17.49 19.52 NOTE
r-release-osx-x86_64-mavericks 0.6.1 NOTE
r-release-osx-x86_64-snowleopard 0.6.0 NOTE
r-release-windows-ix86+x86_64 0.6.1 5.00 29.00 34.00 NOTE
r-oldrel-windows-ix86+x86_64 0.6.1 6.00 32.00 38.00 NOTE

Check Details

Version: 0.6.1
Check: installed package size
Result: NOTE
     installed size is 10.8Mb
     sub-directories of 1Mb or more:
     java 10.7Mb
Flavors: r-devel-linux-x86_64-debian-clang, r-devel-linux-x86_64-debian-gcc, r-devel-linux-x86_64-fedora-clang, r-devel-linux-x86_64-fedora-gcc, r-devel-osx-x86_64-clang, r-devel-windows-ix86+x86_64, r-patched-linux-x86_64, r-patched-solaris-sparc, r-patched-solaris-x86, r-release-linux-ix86, r-release-linux-x86_64, r-release-osx-x86_64-mavericks, r-release-windows-ix86+x86_64, r-oldrel-windows-ix86+x86_64

Version: 0.6.0
Check: installed package size
Result: NOTE
     installed size is 10.7Mb
     sub-directories of 1Mb or more:
     java 10.7Mb
Flavor: r-release-osx-x86_64-snowleopard