CRAN Package Check Results for Package xlsxjars

Last updated on 2014-11-26 19:49:49.

Flavor Version Tinstall Tcheck Ttotal Status Flags
r-devel-linux-x86_64-debian-clang 0.6.1 2.02 17.93 19.94 NOTE
r-devel-linux-x86_64-debian-gcc 0.6.1 4.00 16.89 20.89 NOTE
r-devel-linux-x86_64-fedora-clang 0.6.1 39.75 NOTE
r-devel-linux-x86_64-fedora-gcc 0.6.1 36.82 NOTE
r-devel-osx-x86_64-clang 0.6.1 38.77 NOTE
r-devel-windows-ix86+x86_64 0.6.1 6.00 27.00 33.00 NOTE
r-patched-linux-x86_64 0.6.1 2.01 17.47 19.48 NOTE
r-patched-solaris-sparc 0.6.1 220.40 NOTE
r-patched-solaris-x86 0.6.1 60.40 NOTE
r-release-linux-ix86 0.6.1 2.66 22.75 25.41 NOTE
r-release-linux-x86_64 0.6.1 2.02 17.64 19.66 NOTE
r-release-osx-x86_64-mavericks 0.6.1 NOTE
r-release-osx-x86_64-snowleopard 0.6.1 NOTE
r-release-windows-ix86+x86_64 0.6.1 6.00 37.00 43.00 NOTE
r-oldrel-windows-ix86+x86_64 0.6.1 6.00 32.00 38.00 NOTE

Check Details

Version: 0.6.1
Check: installed package size
Result: NOTE
     installed size is 10.8Mb
     sub-directories of 1Mb or more:
     java 10.7Mb
Flavors: r-devel-linux-x86_64-debian-clang, r-devel-linux-x86_64-debian-gcc, r-devel-linux-x86_64-fedora-clang, r-devel-linux-x86_64-fedora-gcc, r-devel-osx-x86_64-clang, r-devel-windows-ix86+x86_64, r-patched-linux-x86_64, r-patched-solaris-sparc, r-patched-solaris-x86, r-release-linux-ix86, r-release-linux-x86_64, r-release-osx-x86_64-mavericks, r-release-osx-x86_64-snowleopard, r-release-windows-ix86+x86_64, r-oldrel-windows-ix86+x86_64