CRAN Package Check Results for Package xlsxjars

Last updated on 2015-04-26 19:47:37.

Flavor Version Tinstall Tcheck Ttotal Status Flags
r-devel-linux-x86_64-debian-clang 0.6.1 1.85 13.74 15.59 NOTE
r-devel-linux-x86_64-debian-gcc 0.6.1 1.53 13.66 15.19 NOTE
r-devel-linux-x86_64-fedora-clang 0.6.1 30.75 NOTE
r-devel-linux-x86_64-fedora-gcc 0.6.1 26.98 NOTE
r-devel-osx-x86_64-clang 0.6.1 31.54 NOTE
r-devel-windows-ix86+x86_64 0.6.1 5.00 23.00 28.00 NOTE
r-patched-linux-x86_64 0.6.1 1.53 13.84 15.36 NOTE
r-patched-solaris-sparc 0.6.1 202.70 NOTE
r-patched-solaris-x86 0.6.1 45.40 NOTE
r-release-linux-x86_64 0.6.1 1.54 13.93 15.46 NOTE
r-release-osx-x86_64-mavericks 0.6.1 NOTE
r-release-osx-x86_64-snowleopard 0.6.1 NOTE
r-release-windows-ix86+x86_64 0.6.1 4.00 26.00 30.00 NOTE
r-oldrel-windows-ix86+x86_64 0.6.1 8.00 30.00 38.00 NOTE

Check Details

Version: 0.6.1
Check: installed package size
Result: NOTE
     installed size is 10.8Mb
     sub-directories of 1Mb or more:
     java 10.7Mb
Flavors: r-devel-linux-x86_64-debian-clang, r-devel-linux-x86_64-fedora-clang, r-devel-linux-x86_64-fedora-gcc, r-devel-osx-x86_64-clang, r-devel-windows-ix86+x86_64, r-patched-solaris-sparc, r-patched-solaris-x86, r-release-osx-x86_64-mavericks, r-release-osx-x86_64-snowleopard, r-release-windows-ix86+x86_64, r-oldrel-windows-ix86+x86_64