CRAN Package Check Results for Package xlsxjars

Last updated on 2015-08-29 20:48:24.

Flavor Version Tinstall Tcheck Ttotal Status Flags
r-devel-linux-x86_64-debian-clang 0.6.1 1.51 13.31 14.82 NOTE
r-devel-linux-x86_64-debian-gcc 0.6.1 1.40 13.40 14.80 NOTE
r-devel-linux-x86_64-fedora-clang 0.6.1 27.10 NOTE
r-devel-linux-x86_64-fedora-gcc 0.6.1 26.53 NOTE
r-devel-osx-x86_64-clang 0.6.1 27.38 NOTE
r-devel-windows-ix86+x86_64 0.6.1 7.00 33.00 40.00 NOTE
r-patched-linux-x86_64 0.6.1 1.55 13.72 15.28 NOTE
r-patched-solaris-sparc 0.6.1 199.80 NOTE
r-patched-solaris-x86 0.6.1 53.30 NOTE
r-release-linux-x86_64 0.6.1 1.56 13.70 15.25 NOTE
r-release-osx-x86_64-mavericks 0.6.1 NOTE
r-release-windows-ix86+x86_64 0.6.1 5.00 25.00 30.00 NOTE
r-oldrel-windows-ix86+x86_64 0.6.1 9.00 32.00 41.00 NOTE

Check Details

Version: 0.6.1
Check: installed package size
Result: NOTE
     installed size is 10.8Mb
     sub-directories of 1Mb or more:
     java 10.7Mb
Flavors: r-devel-linux-x86_64-debian-clang, r-devel-linux-x86_64-debian-gcc, r-devel-linux-x86_64-fedora-clang, r-devel-linux-x86_64-fedora-gcc, r-devel-osx-x86_64-clang, r-devel-windows-ix86+x86_64, r-patched-linux-x86_64, r-patched-solaris-sparc, r-patched-solaris-x86, r-release-linux-x86_64, r-release-osx-x86_64-mavericks, r-release-windows-ix86+x86_64, r-oldrel-windows-ix86+x86_64