CRAN Package Check Results for Package xlsxjars

Last updated on 2015-03-04 13:49:13.

Flavor Version Tinstall Tcheck Ttotal Status Flags
r-devel-linux-x86_64-debian-clang 0.6.1 3.90 14.39 18.29 NOTE
r-devel-linux-x86_64-debian-gcc 0.6.1 1.50 12.93 14.44 NOTE
r-devel-linux-x86_64-fedora-clang 0.6.1 29.97 NOTE
r-devel-linux-x86_64-fedora-gcc 0.6.1 27.33 NOTE
r-devel-osx-x86_64-clang 0.6.1 32.95 NOTE
r-devel-windows-ix86+x86_64 0.6.1 7.00 24.00 31.00 NOTE
r-patched-linux-x86_64 0.6.1 1.99 17.87 19.86 NOTE
r-patched-solaris-sparc 0.6.1 266.70 NOTE
r-patched-solaris-x86 0.6.1 60.60 NOTE
r-release-linux-ix86 0.6.1 2.73 23.41 26.14 NOTE
r-release-linux-x86_64 0.6.1 2.04 17.81 19.85 NOTE
r-release-osx-x86_64-mavericks 0.6.1 NOTE
r-release-osx-x86_64-snowleopard 0.6.1 NOTE
r-release-windows-ix86+x86_64 0.6.1 6.00 37.00 43.00 NOTE
r-oldrel-windows-ix86+x86_64 0.6.1 6.00 32.00 38.00 NOTE

Check Details

Version: 0.6.1
Check: installed package size
Result: NOTE
     installed size is 10.8Mb
     sub-directories of 1Mb or more:
     java 10.7Mb
Flavors: r-devel-linux-x86_64-debian-clang, r-devel-linux-x86_64-debian-gcc, r-devel-linux-x86_64-fedora-clang, r-devel-linux-x86_64-fedora-gcc, r-devel-osx-x86_64-clang, r-devel-windows-ix86+x86_64, r-patched-linux-x86_64, r-patched-solaris-sparc, r-patched-solaris-x86, r-release-linux-ix86, r-release-linux-x86_64, r-release-osx-x86_64-mavericks, r-release-osx-x86_64-snowleopard, r-release-windows-ix86+x86_64, r-oldrel-windows-ix86+x86_64