CRAN Package Check Results for Package xlsxjars

Last updated on 2016-05-01 11:47:30.

Flavor Version Tinstall Tcheck Ttotal Status Flags
r-devel-linux-x86_64-debian-gcc 0.6.1 1.50 12.92 14.43 NOTE
r-devel-linux-x86_64-fedora-clang 0.6.1 26.08 NOTE
r-devel-linux-x86_64-fedora-gcc 0.6.1 23.76 NOTE
r-devel-osx-x86_64-clang 0.6.1 30.87 NOTE
r-devel-windows-ix86+x86_64 0.6.1 5.00 30.00 35.00 NOTE
r-patched-linux-x86_64 0.6.1 1.57 12.78 14.35 NOTE
r-patched-solaris-sparc 0.6.1 167.00 NOTE
r-patched-solaris-x86 0.6.1 35.00 NOTE
r-release-linux-x86_64 0.6.1 1.62 14.32 15.94 NOTE
r-release-osx-x86_64-mavericks 0.6.1 NOTE
r-release-windows-ix86+x86_64 0.6.1 6.00 24.00 30.00 NOTE
r-oldrel-windows-ix86+x86_64 0.6.1 10.00 31.00 41.00 NOTE

Check Details

Version: 0.6.1
Check: installed package size
Result: NOTE
     installed size is 10.8Mb
     sub-directories of 1Mb or more:
     java 10.7Mb
Flavors: r-devel-linux-x86_64-debian-gcc, r-devel-linux-x86_64-fedora-clang, r-devel-linux-x86_64-fedora-gcc, r-devel-osx-x86_64-clang, r-devel-windows-ix86+x86_64, r-patched-linux-x86_64, r-patched-solaris-sparc, r-patched-solaris-x86, r-release-linux-x86_64, r-release-osx-x86_64-mavericks, r-release-windows-ix86+x86_64, r-oldrel-windows-ix86+x86_64