CRAN Package Check Results for Package xlsxjars

Last updated on 2015-06-30 11:48:46.

Flavor Version Tinstall Tcheck Ttotal Status Flags
r-devel-linux-x86_64-debian-clang 0.6.1 1.60 13.85 15.45 NOTE
r-devel-linux-x86_64-debian-gcc 0.6.1 1.61 13.49 15.10 NOTE
r-devel-linux-x86_64-fedora-clang 0.6.1 29.65 NOTE
r-devel-linux-x86_64-fedora-gcc 0.6.1 26.56 NOTE
r-devel-osx-x86_64-clang 0.6.1 26.13 NOTE
r-devel-windows-ix86+x86_64 0.6.1 7.00 22.00 29.00 NOTE
r-patched-linux-x86_64 0.6.1 1.57 13.74 15.31 NOTE
r-patched-solaris-sparc 0.6.1 197.20 NOTE
r-patched-solaris-x86 0.6.1 46.00 NOTE
r-release-linux-x86_64 0.6.1 1.63 13.33 14.96 NOTE
r-release-osx-x86_64-mavericks 0.6.1 NOTE
r-release-windows-ix86+x86_64 0.6.1 4.00 26.00 30.00 NOTE
r-oldrel-windows-ix86+x86_64 0.6.1 8.00 30.00 38.00 NOTE

Check Details

Version: 0.6.1
Check: installed package size
Result: NOTE
     installed size is 10.8Mb
     sub-directories of 1Mb or more:
     java 10.7Mb
Flavors: r-devel-linux-x86_64-debian-clang, r-devel-linux-x86_64-debian-gcc, r-devel-linux-x86_64-fedora-clang, r-devel-linux-x86_64-fedora-gcc, r-devel-osx-x86_64-clang, r-devel-windows-ix86+x86_64, r-patched-linux-x86_64, r-patched-solaris-sparc, r-patched-solaris-x86, r-release-linux-x86_64, r-release-osx-x86_64-mavericks, r-release-windows-ix86+x86_64, r-oldrel-windows-ix86+x86_64