CRAN Package Check Results for Package xplain

Last updated on 2022-08-10 06:53:11 CEST.

Flavor Version Tinstall Tcheck Ttotal Status Flags
r-devel-linux-x86_64-debian-clang 0.2.2 3.02 26.78 29.80 NOTE
r-devel-linux-x86_64-debian-gcc 0.2.2 2.55 21.26 23.81 NOTE
r-devel-linux-x86_64-fedora-clang 0.2.2 49.51 NOTE
r-devel-linux-x86_64-fedora-gcc 0.2.2 46.12 NOTE
r-devel-windows-x86_64 0.2.2 8.00 50.00 58.00 NOTE
r-patched-linux-x86_64 0.2.2 2.08 26.77 28.85 NOTE
r-release-linux-x86_64 0.2.2 NOTE
r-release-macos-arm64 0.2.2 13.00 NOTE
r-release-macos-x86_64 0.2.2 27.00 NOTE
r-release-windows-x86_64 0.2.2 7.00 50.00 57.00 NOTE
r-oldrel-macos-arm64 0.2.2 20.00 NOTE
r-oldrel-macos-x86_64 0.2.2 28.00 NOTE
r-oldrel-windows-ix86+x86_64 0.2.2 7.00 44.00 51.00 NOTE

Check Details

Version: 0.2.2
Check: LazyData
Result: NOTE
     'LazyData' is specified without a 'data' directory
Flavors: r-devel-linux-x86_64-debian-clang, r-devel-linux-x86_64-debian-gcc, r-devel-linux-x86_64-fedora-clang, r-devel-linux-x86_64-fedora-gcc, r-devel-windows-x86_64, r-patched-linux-x86_64, r-release-linux-x86_64, r-release-macos-arm64, r-release-macos-x86_64, r-release-windows-x86_64, r-oldrel-macos-arm64, r-oldrel-macos-x86_64, r-oldrel-windows-ix86+x86_64

Version: 0.2.2
Check: dependencies in R code
Result: NOTE
    Namespace in Imports field not imported from: ‘RCurl’
     All declared Imports should be used.
Flavors: r-devel-linux-x86_64-fedora-clang, r-devel-linux-x86_64-fedora-gcc, r-release-macos-arm64, r-release-macos-x86_64, r-oldrel-macos-arm64, r-oldrel-macos-x86_64