CRAN Package Check Results for Package xpose4

Last updated on 2015-01-25 09:51:44.

Flavor Version Tinstall Tcheck Ttotal Status Flags
r-devel-linux-x86_64-debian-clang 4.5.3 4.58 95.46 100.04 OK
r-devel-linux-x86_64-debian-gcc 4.5.3 3.78 91.87 95.65 OK
r-devel-linux-x86_64-fedora-clang 4.5.3 150.66 NOTE
r-devel-linux-x86_64-fedora-gcc 4.5.3 143.06 NOTE
r-devel-osx-x86_64-clang 4.5.3 173.30 NOTE
r-devel-windows-ix86+x86_64 4.5.3 15.00 157.00 172.00 OK
r-patched-linux-x86_64 4.5.3 3.94 98.42 102.36 OK
r-patched-solaris-sparc 4.5.3 1155.60 OK
r-patched-solaris-x86 4.5.3 227.00 OK
r-release-linux-ix86 4.5.3 4.93 115.18 120.12 OK
r-release-linux-x86_64 4.5.3 4.14 101.31 105.46 OK
r-release-osx-x86_64-mavericks 4.5.3 OK
r-release-osx-x86_64-snowleopard 4.5.3 OK
r-release-windows-ix86+x86_64 4.5.3 13.00 154.00 167.00 OK
r-oldrel-windows-ix86+x86_64 4.5.3 13.00 148.00 161.00 OK

Check Details

Version: 4.5.3
Check: S3 generic/method consistency
Result: NOTE
    Found the following apparent S3 methods exported but not registered:
     print.xpose.multiple.plot
    See section ‘Registering S3 methods’ in the ‘Writing R Extensions’
    manual.
Flavors: r-devel-linux-x86_64-fedora-clang, r-devel-linux-x86_64-fedora-gcc, r-devel-osx-x86_64-clang