CRAN Package Check Results for Package xpose4

Last updated on 2015-05-23 14:47:15.

Flavor Version Tinstall Tcheck Ttotal Status Flags
r-devel-linux-x86_64-debian-clang 4.5.3 4.22 93.14 97.36 NOTE
r-devel-linux-x86_64-debian-gcc 4.5.3 3.94 88.82 92.76 NOTE
r-devel-linux-x86_64-fedora-clang 4.5.3 141.61 NOTE
r-devel-linux-x86_64-fedora-gcc 4.5.3 133.00 NOTE
r-devel-osx-x86_64-clang 4.5.3 169.78 NOTE
r-devel-windows-ix86+x86_64 4.5.3 17.00 134.00 151.00 OK
r-patched-linux-x86_64 4.5.3 3.92 89.63 93.55 NOTE
r-patched-solaris-sparc 4.5.3 1104.10 NOTE
r-patched-solaris-x86 4.5.3 215.10 NOTE
r-release-linux-x86_64 4.5.3 3.92 91.60 95.52 NOTE
r-release-osx-x86_64-mavericks 4.5.3 OK
r-release-osx-x86_64-snowleopard 4.5.3 ERROR
r-release-windows-ix86+x86_64 4.5.3 17.00 136.00 153.00 OK
r-oldrel-windows-ix86+x86_64 4.5.3 23.00 178.00 201.00 OK

Check Details

Version: 4.5.3
Check: S3 generic/method consistency
Result: NOTE
    Found the following apparent S3 methods exported but not registered:
     print.xpose.multiple.plot
    See section ‘Registering S3 methods’ in the ‘Writing R Extensions’
    manual.
Flavors: r-devel-linux-x86_64-debian-clang, r-devel-linux-x86_64-debian-gcc, r-devel-linux-x86_64-fedora-clang, r-devel-linux-x86_64-fedora-gcc, r-devel-osx-x86_64-clang, r-patched-linux-x86_64, r-patched-solaris-sparc, r-patched-solaris-x86, r-release-linux-x86_64

Version: 4.5.3
Check: package dependencies
Result: ERROR
    Package required but not available: ‘Hmisc’
    
    See section ‘The DESCRIPTION file’ in the ‘Writing R Extensions’
    manual.
Flavor: r-release-osx-x86_64-snowleopard