CRAN Package Check Results for Package xpose4

Last updated on 2014-04-24 07:52:40.

Flavor Version Tinstall Tcheck Ttotal Status Flags
r-devel-linux-x86_64-debian-clang 4.4.1 1.09 10.00 11.08 OK
r-devel-linux-x86_64-debian-gcc 4.4.1 1.06 9.80 10.86 OK
r-devel-linux-x86_64-fedora-clang 4.4.1 21.40 OK
r-devel-linux-x86_64-fedora-gcc 4.4.1 20.66 OK
r-devel-osx-x86_64-clang 4.4.1 26.02 OK
r-devel-osx-x86_64-gcc 4.4.1 ERROR
r-devel-windows-ix86+x86_64 4.4.1 5.00 18.00 23.00 OK
r-patched-linux-x86_64 4.4.1 1.08 9.51 10.58 OK
r-patched-solaris-sparc 4.4.1 118.80 OK
r-patched-solaris-x86 4.4.1 30.00 OK
r-release-linux-ix86 4.4.1 2.00 20.00 22.00 OK
r-release-linux-x86_64 4.4.1 1.08 9.58 10.67 OK
r-release-osx-x86_64-mavericks 4.4.1 WARN
r-release-osx-x86_64-snowleopard 4.4.1 OK
r-release-windows-ix86+x86_64 4.4.1 6.00 19.00 25.00 OK
r-oldrel-windows-ix86+x86_64 4.4.1 5.00 18.00 23.00 OK

Check Details

Version: 4.4.1
Check: package dependencies
Result: ERROR
    Packages required but not available: ‘xpose4specific’ ‘xpose4classic’
    
    See the information on DESCRIPTION files in the chapter ‘Creating R
    packages’ of the ‘Writing R Extensions’ manual.
Flavor: r-devel-osx-x86_64-gcc

Version: 4.4.1
Check: PDF version of manual
Result: WARNING
    LaTeX errors when creating PDF version.
    This typically indicates Rd problems.
    LaTeX errors found:
    ! LaTeX Error: File `upquote.sty' not found.
    
    Type X to quit or <RETURN> to proceed,
    or enter new name. (Default extension: sty)
    
    adf6ce3/Rd2.tex:8: ==> Fatal error occurred, no output PDF file produced!
Flavor: r-release-osx-x86_64-mavericks