CRAN Package Check Results for Package xpose4

Last updated on 2015-03-06 14:47:14.

Flavor Version Tinstall Tcheck Ttotal Status Flags
r-devel-linux-x86_64-debian-clang 4.5.3 4.56 95.93 100.49 NOTE
r-devel-linux-x86_64-debian-gcc 4.5.3 4.13 94.29 98.42 NOTE
r-devel-linux-x86_64-fedora-clang 4.5.3 143.87 NOTE
r-devel-linux-x86_64-fedora-gcc 4.5.3 147.35 NOTE
r-devel-osx-x86_64-clang 4.5.3 188.82 NOTE
r-devel-windows-ix86+x86_64 4.5.3 15.00 133.00 148.00 OK
r-patched-linux-x86_64 4.5.3 6.35 117.50 123.85 OK
r-patched-solaris-sparc 4.5.3 1328.10 OK
r-patched-solaris-x86 4.5.3 254.60 OK
r-release-linux-ix86 4.5.3 6.49 130.04 136.53 OK
r-release-linux-x86_64 4.5.3 6.78 114.96 121.74 OK
r-release-osx-x86_64-mavericks 4.5.3 OK
r-release-osx-x86_64-snowleopard 4.5.3 OK
r-release-windows-ix86+x86_64 4.5.3 20.00 179.00 199.00 OK
r-oldrel-windows-ix86+x86_64 4.5.3 21.00 175.00 196.00 OK

Check Details

Version: 4.5.3
Check: S3 generic/method consistency
Result: NOTE
    Found the following apparent S3 methods exported but not registered:
     print.xpose.multiple.plot
    See section ‘Registering S3 methods’ in the ‘Writing R Extensions’
    manual.
Flavors: r-devel-linux-x86_64-debian-clang, r-devel-linux-x86_64-debian-gcc, r-devel-linux-x86_64-fedora-clang, r-devel-linux-x86_64-fedora-gcc, r-devel-osx-x86_64-clang