CRAN Package Check Results for Package xpose4classic

Last updated on 2014-04-18 11:47:28.

Flavor Version Tinstall Tcheck Ttotal Status Flags
r-devel-linux-x86_64-debian-clang 4.4.1 1.74 25.31 27.05 OK
r-devel-linux-x86_64-debian-gcc OK
r-devel-linux-x86_64-fedora-clang 4.4.1 54.49 OK
r-devel-linux-x86_64-fedora-gcc 4.4.1 51.16 OK
r-devel-macosx-x86_64-clang 4.4.1 57.09 OK
r-devel-macosx-x86_64-gcc 4.4.1 ERROR
r-devel-windows-ix86+x86_64 4.4.1 7.00 38.00 45.00 OK
r-patched-linux-x86_64 4.4.1 1.73 25.61 27.34 OK
r-patched-solaris-sparc 4.4.1 293.80 OK
r-patched-solaris-x86 4.4.1 70.60 OK
r-release-linux-ix86 4.4.1 5.00 45.00 50.00 OK
r-release-linux-x86_64 4.4.1 1.74 25.65 27.38 OK
r-release-macosx-x86_64 4.4.1 OK
r-release-windows-ix86+x86_64 4.4.1 7.00 41.00 48.00 OK
r-oldrel-windows-ix86+x86_64 4.4.1 8.00 41.00 49.00 OK

Check Details

Version: 4.4.1
Check: package dependencies
Result: ERROR
    Package required but not available: ‘xpose4specific’
    
    See the information on DESCRIPTION files in the chapter ‘Creating R
    packages’ of the ‘Writing R Extensions’ manual.
Flavor: r-devel-macosx-x86_64-gcc