CRAN Package Check Results for Package xpose4data

Last updated on 2014-04-23 20:47:25.

Flavor Version Tinstall Tcheck Ttotal Status Flags
r-devel-linux-x86_64-debian-clang 4.4.1 1.36 28.35 29.71 OK
r-devel-linux-x86_64-debian-gcc 4.4.1 1.42 28.64 30.06 OK
r-devel-linux-x86_64-fedora-clang 4.4.1 57.87 OK
r-devel-linux-x86_64-fedora-gcc 4.4.1 55.37 OK
r-devel-osx-x86_64-clang 4.4.1 52.04 OK
r-devel-osx-x86_64-gcc 4.4.1 NOTE
r-devel-windows-ix86+x86_64 4.4.1 4.00 38.00 42.00 OK
r-patched-linux-x86_64 4.4.1 1.30 28.44 29.74 OK
r-patched-solaris-sparc 4.4.1 321.60 OK
r-patched-solaris-x86 4.4.1 69.70 OK
r-release-linux-ix86 4.4.1 2.00 48.00 50.00 OK
r-release-linux-x86_64 4.4.1 1.40 28.76 30.16 OK
r-release-osx-x86_64-mavericks 4.4.1 WARN
r-release-windows-ix86+x86_64 4.4.1 6.00 42.00 48.00 OK
r-oldrel-windows-ix86+x86_64 4.4.1 4.00 44.00 48.00 OK

Check Details

Version: 4.4.1
Check: Rd cross-references
Result: NOTE
    Packages unavailable to check Rd xrefs: ‘xpose4generic’, ‘xpose4specific’, ‘xpose4classic’
Flavor: r-devel-osx-x86_64-gcc

Version: 4.4.1
Check: PDF version of manual
Result: WARNING
    LaTeX errors when creating PDF version.
    This typically indicates Rd problems.
    LaTeX errors found:
    ! LaTeX Error: File `upquote.sty' not found.
    
    Type X to quit or <RETURN> to proceed,
    or enter new name. (Default extension: sty)
    
    38160cd/Rd2.tex:8: ==> Fatal error occurred, no output PDF file produced!
Flavor: r-release-osx-x86_64-mavericks