CRAN Package Check Results for Package xpose4generic

Last updated on 2014-04-23 12:48:31.

Flavor Version Tinstall Tcheck Ttotal Status Flags
r-devel-linux-x86_64-debian-clang 4.4.1 1.67 27.28 28.95 OK
r-devel-linux-x86_64-debian-gcc 4.4.1 1.66 27.50 29.16 OK
r-devel-linux-x86_64-fedora-clang 4.4.1 59.31 OK
r-devel-linux-x86_64-fedora-gcc 4.4.1 56.60 OK
r-devel-osx-x86_64-clang 4.4.1 52.92 OK
r-devel-osx-x86_64-gcc 4.4.1 NOTE
r-devel-windows-ix86+x86_64 4.4.1 6.00 40.00 46.00 OK
r-patched-linux-x86_64 4.4.1 1.66 27.10 28.76 OK
r-patched-solaris-sparc 4.4.1 319.50 OK
r-patched-solaris-x86 4.4.1 72.10 OK
r-release-linux-ix86 4.4.1 3.00 46.00 49.00 OK
r-release-linux-x86_64 4.4.1 1.65 27.71 29.36 OK
r-release-osx-x86_64-mavericks 4.4.1 WARN
r-release-osx-x86_64-snowleopard 4.4.1 NOTE
r-release-windows-ix86+x86_64 4.4.1 5.00 42.00 47.00 OK
r-oldrel-windows-ix86+x86_64 4.4.1 5.00 43.00 48.00 OK

Check Details

Version: 4.4.1
Check: Rd cross-references
Result: NOTE
    Packages unavailable to check Rd xrefs: ‘xpose4specific’, ‘xpose4classic’
Flavors: r-devel-osx-x86_64-gcc, r-release-osx-x86_64-snowleopard

Version: 4.4.1
Check: PDF version of manual
Result: WARNING
    LaTeX errors when creating PDF version.
    This typically indicates Rd problems.
    LaTeX errors found:
    ! LaTeX Error: File `upquote.sty' not found.
    
    Type X to quit or <RETURN> to proceed,
    or enter new name. (Default extension: sty)
    
    aa16c04/Rd2.tex:8: ==> Fatal error occurred, no output PDF file produced!
Flavor: r-release-osx-x86_64-mavericks