CRAN Package Check Results for Package xpose4specific

Last updated on 2014-04-24 15:50:50.

Flavor Version Tinstall Tcheck Ttotal Status Flags
r-devel-linux-x86_64-debian-clang 4.4.1 3.31 71.28 74.59 OK
r-devel-linux-x86_64-debian-gcc 4.4.1 3.00 70.48 73.48 OK
r-devel-linux-x86_64-fedora-clang 4.4.1 118.06 OK
r-devel-linux-x86_64-fedora-gcc 4.4.1 111.36 OK
r-devel-osx-x86_64-clang 4.4.1 128.42 OK
r-devel-osx-x86_64-gcc 4.4.1 ERROR
r-devel-windows-ix86+x86_64 4.4.1 8.00 99.00 107.00 OK
r-patched-linux-x86_64 4.4.1 3.02 71.16 74.17 OK
r-patched-solaris-sparc 4.4.1 798.30 OK
r-patched-solaris-x86 4.4.1 167.90 OK
r-release-linux-ix86 4.4.1 5.00 110.00 115.00 OK
r-release-linux-x86_64 4.4.1 3.12 71.01 74.13 OK
r-release-osx-x86_64-mavericks 4.4.1 WARN
r-release-osx-x86_64-snowleopard 4.4.1 OK
r-release-windows-ix86+x86_64 4.4.1 8.00 111.00 119.00 OK
r-oldrel-windows-ix86+x86_64 4.4.1 8.00 109.00 117.00 OK

Check Details

Version: 4.4.1
Check: package dependencies
Result: ERROR
    Package required but not available: ‘Hmisc’
    
    See the information on DESCRIPTION files in the chapter ‘Creating R
    packages’ of the ‘Writing R Extensions’ manual.
Flavor: r-devel-osx-x86_64-gcc

Version: 4.4.1
Check: PDF version of manual
Result: WARNING
    LaTeX errors when creating PDF version.
    This typically indicates Rd problems.
    LaTeX errors found:
    ! LaTeX Error: File `upquote.sty' not found.
    
    Type X to quit or <RETURN> to proceed,
    or enter new name. (Default extension: sty)
    
    95942c7/Rd2.tex:8: ==> Fatal error occurred, no output PDF file produced!
Flavor: r-release-osx-x86_64-mavericks