CRAN Package Check Results for Package xslt

Last updated on 2022-09-29 19:49:11 CEST.

Flavor Version Tinstall Tcheck Ttotal Status Flags
r-devel-linux-x86_64-debian-clang 1.4.3 25.81 30.92 56.73 OK
r-devel-linux-x86_64-debian-gcc 1.4.3 17.63 24.62 42.25 OK
r-devel-linux-x86_64-fedora-clang 1.4.3 94.84 OK
r-devel-linux-x86_64-fedora-gcc 1.4.3 82.67 OK
r-devel-windows-x86_64 1.4.3 37.00 88.00 125.00 OK
r-patched-linux-x86_64 1.4.3 22.18 30.87 53.05 OK
r-release-linux-x86_64 1.4.3 22.04 29.87 51.91 OK
r-release-macos-arm64 1.4.3 23.00 OK
r-release-macos-x86_64 1.4.3 32.00 OK
r-release-windows-x86_64 1.4.3 37.00 88.00 125.00 OK
r-oldrel-macos-arm64 1.4.3 31.00 NOTE
r-oldrel-macos-x86_64 1.4.3 46.00 NOTE
r-oldrel-windows-ix86+x86_64 1.4.3 76.00 86.00 162.00 NOTE

Check Details

Version: 1.4.3
Check: installed package size
Result: NOTE
     installed size is 6.8Mb
     sub-directories of 1Mb or more:
     libs 6.6Mb
Flavors: r-oldrel-macos-arm64, r-oldrel-macos-x86_64, r-oldrel-windows-ix86+x86_64