CRAN Package Check Results for Package xtable

Last updated on 2014-04-24 21:47:53.

Flavor Version Tinstall Tcheck Ttotal Status Flags
r-devel-linux-x86_64-debian-clang 1.7-3 2.99 16.02 19.01 OK
r-devel-linux-x86_64-debian-gcc 1.7-3 1.04 16.16 17.20 OK
r-devel-linux-x86_64-fedora-clang 1.7-3 35.70 OK
r-devel-linux-x86_64-fedora-gcc 1.7-3 34.80 OK
r-devel-osx-x86_64-clang 1.7-3 38.34 OK
r-devel-osx-x86_64-gcc 1.7-3 OK
r-devel-windows-ix86+x86_64 1.7-3 3.00 29.00 32.00 OK
r-patched-linux-x86_64 1.7-3 0.91 16.42 17.33 OK
r-patched-solaris-sparc 1.7-3 188.80 OK
r-patched-solaris-x86 1.7-3 48.70 OK
r-release-linux-ix86 1.7-3 2.00 34.00 36.00 OK
r-release-linux-x86_64 1.7-3 0.94 16.27 17.21 OK
r-release-osx-x86_64-mavericks 1.7-3 WARN
r-release-osx-x86_64-snowleopard 1.7-3 OK
r-release-windows-ix86+x86_64 1.7-3 5.00 30.00 35.00 OK
r-oldrel-windows-ix86+x86_64 1.7-3 2.00 30.00 32.00 OK

Check Details

Version: 1.7-3
Check: re-building of vignette outputs
Result: NOTE
    Error in re-building vignettes:
     ...
    Error in texi2dvi(file = file, pdf = TRUE, clean = clean, quiet = quiet, :
     Running 'texi2dvi' on 'margintable.tex' failed.
    LaTeX errors:
    ! LaTeX Error: File `tufte-handout.cls' not found.
    
    Type X to quit or <RETURN> to proceed,
    or enter new name. (Default extension: cls)
    
    test/xtable/vignettes/margintable.tex:6: ==> Fatal error occurred, no output P
    DF file produced!
    Calls: buildVignettes -> texi2pdf -> texi2dvi
    Execution halted
Flavor: r-release-osx-x86_64-mavericks

Version: 1.7-3
Check: PDF version of manual
Result: WARNING
    LaTeX errors when creating PDF version.
    This typically indicates Rd problems.
    LaTeX errors found:
    ! LaTeX Error: File `upquote.sty' not found.
    
    Type X to quit or <RETURN> to proceed,
    or enter new name. (Default extension: sty)
    
    925a9a6/Rd2.tex:8: ==> Fatal error occurred, no output PDF file produced!
Flavor: r-release-osx-x86_64-mavericks