CRAN Package Check Results for Package xtable

Last updated on 2017-04-29 15:48:29.

Flavor Version Tinstall Tcheck Ttotal Status Flags
r-devel-linux-x86_64-debian-clang 1.8-2 2.97 44.31 47.28 OK
r-devel-linux-x86_64-debian-gcc 1.8-2 0.97 42.76 43.73 OK
r-devel-linux-x86_64-fedora-clang 1.8-2 85.69 OK --no-stop-on-test-error
r-devel-linux-x86_64-fedora-gcc 1.8-2 80.33 OK --no-stop-on-test-error
r-devel-windows-ix86+x86_64 1.8-2 7.00 129.00 136.00 OK
r-patched-linux-x86_64 1.8-2 2.97 42.89 45.86 OK
r-patched-solaris-sparc 1.8-2 469.20 OK
r-patched-solaris-x86 1.8-2 96.70 OK
r-release-linux-x86_64 1.8-2 2.90 43.18 46.08 OK
r-release-windows-ix86+x86_64 1.8-2 7.00 131.00 138.00 OK
r-release-osx-x86_64 1.8-2 WARN
r-oldrel-windows-ix86+x86_64 1.8-2 4.00 117.00 121.00 OK
r-oldrel-osx-x86_64 1.8-2 OK

Check Details

Version: 1.8-2
Check: re-building of vignette outputs
Result: WARN
    Error in re-building vignettes:
     ...
    Warning: running command 'kpsewhich framed.sty' had status 1
    Warning in test_latex_pkg("framed", system.file("misc", "framed.sty", package = "knitr")) :
     unable to find LaTeX package 'framed'; will use a copy from knitr
    Error in texi2dvi(file = file, pdf = TRUE, clean = clean, quiet = quiet, :
     Running 'texi2dvi' on 'OtherPackagesGallery.tex' failed.
    LaTeX errors:
    ! LaTeX Error: File `titlesec.sty' not found.
    
    Type X to quit or <RETURN> to proceed,
    or enter new name. (Default extension: sty)
    
    ! Emergency stop.
    <read *>
    
    l.67 \usepackage
     {hyperref} % hyperref last^^M
    ! ==> Fatal error occurred, no output PDF file produced!
    Calls: buildVignettes -> texi2pdf -> texi2dvi
    Execution halted
Flavor: r-release-osx-x86_64