CRAN Package Check Results for Package xtable

Last updated on 2020-10-27 13:49:37 CET.

Flavor Version Tinstall Tcheck Ttotal Status Flags
r-devel-linux-x86_64-debian-clang 1.8-4 2.90 58.51 61.41 NOTE
r-devel-linux-x86_64-debian-gcc 1.8-4 2.16 45.77 47.93 NOTE
r-devel-linux-x86_64-fedora-clang 1.8-4 88.04 NOTE
r-devel-linux-x86_64-fedora-gcc 1.8-4 76.09 NOTE
r-devel-windows-ix86+x86_64 1.8-4 15.00 81.00 96.00 OK
r-patched-linux-x86_64 1.8-4 NOTE
r-patched-solaris-x86 1.8-4 104.20 NOTE
r-release-linux-x86_64 1.8-4 2.47 56.35 58.82 NOTE
r-release-macos-x86_64 1.8-4 OK
r-release-windows-ix86+x86_64 1.8-4 7.00 73.00 80.00 OK
r-oldrel-macos-x86_64 1.8-4 OK
r-oldrel-windows-ix86+x86_64 1.8-4 27.00 103.00 130.00 OK

Check Details

Version: 1.8-4
Check: for non-standard things in the check directory
Result: NOTE
    Found the following files/directories:
     'xtable.html' 'xtable.tex'
Flavors: r-devel-linux-x86_64-debian-clang, r-devel-linux-x86_64-debian-gcc, r-devel-linux-x86_64-fedora-clang, r-devel-linux-x86_64-fedora-gcc, r-patched-linux-x86_64, r-patched-solaris-x86, r-release-linux-x86_64