CRAN Package Check Results for Package xtable

Last updated on 2014-12-19 01:48:34.

Flavor Version Tinstall Tcheck Ttotal Status Flags
r-devel-linux-x86_64-debian-clang 1.7-4 1.09 17.56 18.65 OK
r-devel-linux-x86_64-debian-gcc 1.7-4 0.76 16.63 17.39 OK
r-devel-linux-x86_64-fedora-clang 1.7-4 36.42 OK
r-devel-linux-x86_64-fedora-gcc 1.7-4 33.34 OK
r-devel-osx-x86_64-clang 1.7-4 39.30 OK
r-devel-windows-ix86+x86_64 1.7-4 5.00 38.00 43.00 OK
r-patched-linux-x86_64 1.7-4 1.10 17.20 18.30 OK
r-patched-solaris-sparc 1.7-4 171.10 OK
r-patched-solaris-x86 1.7-4 47.20 OK
r-release-linux-ix86 1.7-4 0.93 23.89 24.82 OK
r-release-linux-x86_64 1.7-4 2.86 16.82 19.68 OK
r-release-osx-x86_64-mavericks 1.7-4 NOTE
r-release-osx-x86_64-snowleopard 1.7-4 OK
r-release-windows-ix86+x86_64 1.7-4 3.00 37.00 40.00 OK
r-oldrel-windows-ix86+x86_64 1.7-4 2.00 32.00 34.00 OK

Check Details

Version: 1.7-4
Check: re-building of vignette outputs
Result: NOTE
    Error in re-building vignettes:
     ...
    Error in texi2dvi(file = file, pdf = TRUE, clean = clean, quiet = quiet, :
     Running 'texi2dvi' on 'margintable.tex' failed.
    LaTeX errors:
    ! LaTeX Error: File `tufte-handout.cls' not found.
    
    Type X to quit or <RETURN> to proceed,
    or enter new name. (Default extension: cls)
    
    test/xtable/vignettes/margintable.tex:6: ==> Fatal error occurred, no output P
    DF file produced!
    Calls: buildVignettes -> texi2pdf -> texi2dvi
    Execution halted
Flavor: r-release-osx-x86_64-mavericks