CRAN Package Check Results for Package xtable

Last updated on 2015-05-04 15:46:50.

Flavor Version Tinstall Tcheck Ttotal Status Flags
r-devel-linux-x86_64-debian-clang 1.7-4 6.89 16.38 23.27 NOTE
r-devel-linux-x86_64-debian-gcc 1.7-4 0.91 16.28 17.19 NOTE
r-devel-linux-x86_64-fedora-clang 1.7-4 33.07 NOTE
r-devel-linux-x86_64-fedora-gcc 1.7-4 31.01 NOTE
r-devel-osx-x86_64-clang 1.7-4 38.56 NOTE
r-devel-windows-ix86+x86_64 1.7-4 4.00 29.00 33.00 NOTE
r-patched-linux-x86_64 1.7-4 2.95 16.21 19.16 NOTE
r-patched-solaris-sparc 1.7-4 205.10 NOTE
r-patched-solaris-x86 1.7-4 43.20 NOTE
r-release-linux-x86_64 1.7-4 0.89 15.92 16.81 NOTE
r-release-osx-x86_64-mavericks 1.7-4 NOTE
r-release-osx-x86_64-snowleopard 1.7-4 NOTE
r-release-windows-ix86+x86_64 1.7-4 2.00 31.00 33.00 NOTE
r-oldrel-windows-ix86+x86_64 1.7-4 5.00 30.00 35.00 OK

Check Details

Version: 1.7-4
Check: DESCRIPTION meta-information
Result: NOTE
    Malformed Description field: should contain one or more complete sentences.
Flavors: r-devel-linux-x86_64-debian-clang, r-devel-linux-x86_64-debian-gcc, r-devel-linux-x86_64-fedora-clang, r-devel-linux-x86_64-fedora-gcc, r-devel-osx-x86_64-clang, r-devel-windows-ix86+x86_64, r-patched-linux-x86_64, r-patched-solaris-sparc, r-patched-solaris-x86, r-release-linux-x86_64, r-release-osx-x86_64-mavericks, r-release-osx-x86_64-snowleopard, r-release-windows-ix86+x86_64