Last updated on 2021-01-26 03:50:14 CET.
Flavor | Version | Tinstall | Tcheck | Ttotal | Status | Flags |
---|---|---|---|---|---|---|
r-devel-linux-x86_64-debian-clang | 1.8-4 | 2.69 | 66.91 | 69.60 | NOTE | |
r-devel-linux-x86_64-debian-gcc | 1.8-4 | 2.28 | 52.14 | 54.42 | NOTE | |
r-devel-linux-x86_64-fedora-clang | 1.8-4 | 98.34 | NOTE | |||
r-devel-linux-x86_64-fedora-gcc | 1.8-4 | 90.02 | NOTE | |||
r-devel-windows-ix86+x86_64 | 1.8-4 | 8.00 | 102.00 | 110.00 | OK | |
r-patched-linux-x86_64 | 1.8-4 | 2.28 | 64.74 | 67.02 | NOTE | |
r-patched-solaris-x86 | 1.8-4 | 120.50 | NOTE | |||
r-release-linux-x86_64 | 1.8-4 | 2.83 | 64.25 | 67.08 | NOTE | |
r-release-macos-x86_64 | 1.8-4 | OK | ||||
r-release-windows-ix86+x86_64 | 1.8-4 | 7.00 | 79.00 | 86.00 | OK | |
r-oldrel-macos-x86_64 | 1.8-4 | OK | ||||
r-oldrel-windows-ix86+x86_64 | 1.8-4 | 6.00 | 95.00 | 101.00 | OK |
Version: 1.8-4
Check: for non-standard things in the check directory
Result: NOTE
Found the following files/directories:
'xtable.html' 'xtable.tex'
Flavors: r-devel-linux-x86_64-debian-clang, r-devel-linux-x86_64-debian-gcc, r-devel-linux-x86_64-fedora-clang, r-devel-linux-x86_64-fedora-gcc, r-patched-linux-x86_64, r-patched-solaris-x86, r-release-linux-x86_64