CRAN Package Check Results for Package xtable

Last updated on 2019-06-17 17:47:01 CEST.

Flavor Version Tinstall Tcheck Ttotal Status Flags
r-devel-linux-x86_64-debian-clang 1.8-4 2.82 50.94 53.76 NOTE
r-devel-linux-x86_64-debian-gcc 1.8-4 2.14 40.80 42.94 NOTE
r-devel-linux-x86_64-fedora-clang 1.8-4 68.47 NOTE
r-devel-linux-x86_64-fedora-gcc 1.8-4 66.52 NOTE
r-devel-windows-ix86+x86_64 1.8-4 12.00 90.00 102.00 OK
r-patched-linux-x86_64 1.8-4 2.44 51.38 53.82 OK
r-patched-solaris-x86 1.8-4 98.50 OK
r-release-linux-x86_64 1.8-4 2.75 51.66 54.41 OK
r-release-windows-ix86+x86_64 1.8-4 8.00 118.00 126.00 OK
r-release-osx-x86_64 1.8-4 OK
r-oldrel-windows-ix86+x86_64 1.8-4 6.00 100.00 106.00 OK
r-oldrel-osx-x86_64 1.8-4 OK

Check Details

Version: 1.8-4
Check: for non-standard things in the check directory
Result: NOTE
    Found the following files/directories:
     'xtable.html' 'xtable.tex'
Flavors: r-devel-linux-x86_64-debian-clang, r-devel-linux-x86_64-debian-gcc, r-devel-linux-x86_64-fedora-clang, r-devel-linux-x86_64-fedora-gcc