CRAN Package Check Results for Package xtable

Last updated on 2017-08-17 12:54:26.

Flavor Version Tinstall Tcheck Ttotal Status Flags
r-devel-linux-x86_64-debian-clang 1.8-2 15.34 43.22 58.56 OK
r-devel-linux-x86_64-debian-gcc 1.8-2 15.17 42.29 57.46 OK
r-devel-linux-x86_64-fedora-clang 1.8-2 82.07 OK
r-devel-linux-x86_64-fedora-gcc 1.8-2 80.85 OK
r-devel-windows-ix86+x86_64 1.8-2 4.00 83.00 87.00 OK
r-patched-linux-x86_64 1.8-2 3.01 43.53 46.54 OK
r-patched-solaris-x86 1.8-2 106.30 OK
r-release-linux-x86_64 1.8-2 3.00 42.17 45.17 OK
r-release-windows-ix86+x86_64 1.8-2 4.00 95.00 99.00 OK
r-release-osx-x86_64 1.8-2 WARN
r-oldrel-windows-ix86+x86_64 1.8-2 6.00 84.00 90.00 OK
r-oldrel-osx-x86_64 1.8-2 OK

Check Details

Version: 1.8-2
Check: re-building of vignette outputs
Result: WARN
    Error in re-building vignettes:
     ...
    Warning: running command 'kpsewhich framed.sty' had status 1
    Warning in test_latex_pkg("framed", system.file("misc", "framed.sty", package = "knitr")) :
     unable to find LaTeX package 'framed'; will use a copy from knitr
    Error in texi2dvi(file = file, pdf = TRUE, clean = clean, quiet = quiet, :
     Running 'texi2dvi' on 'OtherPackagesGallery.tex' failed.
    LaTeX errors:
    ! LaTeX Error: File `titlesec.sty' not found.
    
    Type X to quit or <RETURN> to proceed,
    or enter new name. (Default extension: sty)
    
    ! Emergency stop.
    <read *>
    
    l.67 \usepackage
     {hyperref} % hyperref last^^M
    ! ==> Fatal error occurred, no output PDF file produced!
    Calls: buildVignettes -> texi2pdf -> texi2dvi
    Execution halted
Flavor: r-release-osx-x86_64