CRAN Package Check Results for Package xtable

Last updated on 2015-03-28 11:49:31.

Flavor Version Tinstall Tcheck Ttotal Status Flags
r-devel-linux-x86_64-debian-clang 1.7-4 0.85 16.18 17.03 NOTE
r-devel-linux-x86_64-debian-gcc 1.7-4 3.47 16.82 20.29 NOTE
r-devel-linux-x86_64-fedora-clang 1.7-4 33.77 NOTE
r-devel-linux-x86_64-fedora-gcc 1.7-4 32.72 NOTE
r-devel-osx-x86_64-clang 1.7-4 42.97 NOTE
r-prerel-windows-ix86+x86_64 1.7-4 4.00 29.00 33.00 NOTE
r-prerel-linux-x86_64 1.7-4 1.05 15.89 16.94 NOTE
r-prerel-solaris-sparc 1.7-4 205.10 NOTE
r-prerel-solaris-x86 1.7-4 43.10 NOTE
r-release-linux-x86_64 1.7-4 1.24 17.40 18.64 OK
r-release-osx-x86_64-mavericks 1.7-4 OK
r-release-osx-x86_64-snowleopard 1.7-4 OK
r-release-windows-ix86+x86_64 1.7-4 5.00 30.00 35.00 OK
r-oldrel-windows-ix86+x86_64 1.7-4 2.00 32.00 34.00 OK

Check Details

Version: 1.7-4
Check: DESCRIPTION meta-information
Result: NOTE
    Malformed Description field: should contain one or more complete sentences.
Flavors: r-devel-linux-x86_64-debian-clang, r-devel-linux-x86_64-debian-gcc, r-devel-linux-x86_64-fedora-clang, r-devel-linux-x86_64-fedora-gcc, r-devel-osx-x86_64-clang, r-prerel-windows-ix86+x86_64, r-prerel-linux-x86_64, r-prerel-solaris-sparc, r-prerel-solaris-x86