CRAN Package Check Results for Package xtable

Last updated on 2015-08-29 15:48:12.

Flavor Version Tinstall Tcheck Ttotal Status Flags
r-devel-linux-x86_64-debian-clang 1.7-4 4.59 16.47 21.06 NOTE
r-devel-linux-x86_64-debian-gcc 1.7-4 4.70 15.78 20.48 NOTE
r-devel-linux-x86_64-fedora-clang 1.7-4 30.78 NOTE
r-devel-linux-x86_64-fedora-gcc 1.7-4 30.19 NOTE
r-devel-osx-x86_64-clang 1.7-4 32.38 NOTE
r-devel-windows-ix86+x86_64 1.7-4 6.00 40.00 46.00 NOTE
r-patched-linux-x86_64 1.7-4 0.85 15.93 16.78 NOTE
r-patched-solaris-sparc 1.7-4 200.40 NOTE
r-patched-solaris-x86 1.7-4 45.00 NOTE
r-release-linux-x86_64 1.7-4 0.96 16.81 17.76 NOTE
r-release-osx-x86_64-mavericks 1.7-4 NOTE
r-release-windows-ix86+x86_64 1.7-4 4.00 30.00 34.00 NOTE
r-oldrel-windows-ix86+x86_64 1.7-4 5.00 30.00 35.00 OK

Check Details

Version: 1.7-4
Check: DESCRIPTION meta-information
Result: NOTE
    Malformed Description field: should contain one or more complete sentences.
Flavors: r-devel-linux-x86_64-debian-clang, r-devel-linux-x86_64-debian-gcc, r-devel-linux-x86_64-fedora-clang, r-devel-linux-x86_64-fedora-gcc, r-devel-osx-x86_64-clang, r-devel-windows-ix86+x86_64, r-patched-linux-x86_64, r-patched-solaris-sparc, r-patched-solaris-x86, r-release-linux-x86_64, r-release-osx-x86_64-mavericks, r-release-windows-ix86+x86_64

Version: 1.7-4
Check: R code for possible problems
Result: NOTE
    print.xtable: no visible global function definition for
     ‘packageDescription’
    xtable.aov: no visible global function definition for ‘anova’
    xtable.coxph: no visible global function definition for ‘pchisq’
    xtable.ts: no visible global function definition for ‘time’
    xtable.ts: no visible global function definition for ‘cycle’
    xtable.ts: no visible global function definition for ‘frequency’
    xtable.ts: no visible global function definition for ‘start’
    xtable.ts: no visible global function definition for ‘end’
    xtable.zoo: no visible global function definition for ‘as.ts’
    Undefined global functions or variables:
     anova as.ts cycle end frequency packageDescription pchisq start time
    Consider adding
     importFrom("stats", "anova", "as.ts", "cycle", "end", "frequency",
     "pchisq", "start", "time")
     importFrom("utils", "packageDescription")
    to your NAMESPACE.
Flavors: r-devel-linux-x86_64-debian-clang, r-devel-linux-x86_64-debian-gcc, r-devel-linux-x86_64-fedora-clang, r-devel-linux-x86_64-fedora-gcc, r-devel-windows-ix86+x86_64