CRAN Package Check Results for Package xtable

Last updated on 2014-08-30 08:50:19.

Flavor Version Tinstall Tcheck Ttotal Status Flags
r-devel-linux-x86_64-debian-clang 1.7-3 0.96 15.32 16.28 OK
r-devel-linux-x86_64-debian-gcc 1.7-3 2.72 14.96 17.68 OK
r-devel-linux-x86_64-fedora-clang 1.7-3 34.90 OK
r-devel-linux-x86_64-fedora-gcc 1.7-3 33.16 OK
r-devel-osx-x86_64-clang 1.7-3 36.69 OK
r-devel-windows-ix86+x86_64 1.7-3 3.00 29.00 32.00 OK
r-patched-linux-x86_64 1.7-3 0.80 15.52 16.32 OK
r-patched-solaris-sparc 1.7-3 203.20 OK
r-patched-solaris-x86 1.7-3 50.40 OK
r-release-linux-ix86 1.7-3 0.94 24.32 25.26 OK
r-release-linux-x86_64 1.7-3 0.80 15.58 16.38 OK
r-release-osx-x86_64-mavericks 1.7-3 NOTE
r-release-osx-x86_64-snowleopard 1.7-3 OK
r-release-windows-ix86+x86_64 1.7-3 4.00 37.00 41.00 OK
r-oldrel-windows-ix86+x86_64 1.7-3 2.00 30.00 32.00 OK

Check Details

Version: 1.7-3
Check: re-building of vignette outputs
Result: NOTE
    Error in re-building vignettes:
     ...
    Error in texi2dvi(file = file, pdf = TRUE, clean = clean, quiet = quiet, :
     Running 'texi2dvi' on 'margintable.tex' failed.
    LaTeX errors:
    ! LaTeX Error: File `tufte-handout.cls' not found.
    
    Type X to quit or <RETURN> to proceed,
    or enter new name. (Default extension: cls)
    
    test/xtable/vignettes/margintable.tex:6: ==> Fatal error occurred, no output P
    DF file produced!
    Calls: buildVignettes -> texi2pdf -> texi2dvi
    Execution halted
Flavor: r-release-osx-x86_64-mavericks