CRAN Package Check Results for Package xtensor

Last updated on 2019-06-20 04:52:13 CEST.

Flavor Version Tinstall Tcheck Ttotal Status Flags
r-devel-linux-x86_64-debian-clang 0.11.0-0 54.24 14.18 68.42 OK
r-devel-linux-x86_64-debian-gcc 0.11.0-0 39.04 11.74 50.78 OK
r-devel-linux-x86_64-fedora-clang 0.11.0-0 114.62 NOTE
r-devel-linux-x86_64-fedora-gcc 0.11.0-0 99.88 OK
r-devel-windows-ix86+x86_64 0.11.0-0 165.00 61.00 226.00 NOTE
r-patched-linux-x86_64 0.11.0-0 48.02 14.21 62.23 OK
r-patched-solaris-x86 0.11.0-0 91.40 OK
r-release-linux-x86_64 0.11.0-0 48.98 14.27 63.25 OK
r-release-windows-ix86+x86_64 0.11.0-0 176.00 58.00 234.00 NOTE
r-release-osx-x86_64 0.11.0-0 NOTE
r-oldrel-windows-ix86+x86_64 0.11.0-0 128.00 61.00 189.00 NOTE
r-oldrel-osx-x86_64 0.11.0-0 NOTE

Check Details

Version: 0.11.0-0
Check: installed package size
Result: NOTE
     installed size is 5.1Mb
     sub-directories of 1Mb or more:
     include 3.5Mb
     libs 1.6Mb
Flavors: r-devel-linux-x86_64-fedora-clang, r-devel-windows-ix86+x86_64, r-release-windows-ix86+x86_64, r-release-osx-x86_64, r-oldrel-windows-ix86+x86_64, r-oldrel-osx-x86_64