CRAN Package Check Results for Package xtensor

Last updated on 2019-09-20 09:51:37 CEST.

Flavor Version Tinstall Tcheck Ttotal Status Flags
r-devel-linux-x86_64-debian-clang 0.11.1-0 53.71 22.25 75.96 OK
r-devel-linux-x86_64-debian-gcc 0.11.1-0 38.35 18.29 56.64 OK
r-devel-linux-x86_64-fedora-clang 0.11.1-0 116.82 NOTE
r-devel-linux-x86_64-fedora-gcc 0.11.1-0 104.46 OK
r-devel-windows-ix86+x86_64 0.11.1-0 161.00 57.00 218.00 NOTE
r-patched-linux-x86_64 0.11.1-0 42.60 21.86 64.46 OK
r-patched-solaris-x86 0.11.1-0 109.40 OK
r-release-linux-x86_64 0.11.1-0 44.60 22.13 66.73 OK
r-release-windows-ix86+x86_64 0.11.1-0 114.00 57.00 171.00 NOTE
r-release-osx-x86_64 0.11.1-0 NOTE
r-oldrel-windows-ix86+x86_64 0.11.1-0 109.00 50.00 159.00 NOTE
r-oldrel-osx-x86_64 0.11.1-0 NOTE

Check Details

Version: 0.11.1-0
Check: installed package size
Result: NOTE
     installed size is 5.3Mb
     sub-directories of 1Mb or more:
     include 3.5Mb
     libs 1.7Mb
Flavors: r-devel-linux-x86_64-fedora-clang, r-devel-windows-ix86+x86_64, r-release-windows-ix86+x86_64, r-release-osx-x86_64, r-oldrel-windows-ix86+x86_64, r-oldrel-osx-x86_64