CRAN Package Check Results for Package xts

Last updated on 2014-11-24 09:48:28.

Flavor Version Tinstall Tcheck Ttotal Status Flags
r-devel-linux-x86_64-debian-clang 0.9-7 4.08 27.83 31.92 NOTE
r-devel-linux-x86_64-debian-gcc 0.9-7 5.54 27.61 33.15 NOTE
r-devel-linux-x86_64-fedora-clang 0.9-7 62.12 NOTE
r-devel-linux-x86_64-fedora-gcc 0.9-7 60.00 NOTE
r-devel-osx-x86_64-clang 0.9-7 65.78 NOTE
r-devel-windows-ix86+x86_64 0.9-7 34.00 47.00 81.00 NOTE
r-patched-linux-x86_64 0.9-7 4.99 28.10 33.09 NOTE
r-patched-solaris-sparc 0.9-7 448.50 NOTE
r-patched-solaris-x86 0.9-7 79.50 NOTE
r-release-linux-ix86 0.9-7 6.46 38.53 44.99 NOTE
r-release-linux-x86_64 0.9-7 5.00 27.95 32.96 NOTE
r-release-osx-x86_64-mavericks 0.9-7 OK
r-release-windows-ix86+x86_64 0.9-7 35.00 49.00 84.00 NOTE
r-oldrel-windows-ix86+x86_64 0.9-7 31.00 54.00 85.00 OK

Memtest notes: UBSAN-gcc UBSAN-gcc UBSAN UBSAN

Check Details

Version: 0.9-7
Check: R code for possible problems
Result: NOTE
    as.xts.ts: no visible global function definition for ‘as.yearqtr’
    as.xts.ts: no visible global function definition for ‘as.yearmon’
    rollapply.xts: no visible global function definition for ‘na.fill’
Flavors: r-devel-linux-x86_64-debian-clang, r-devel-linux-x86_64-debian-gcc, r-devel-linux-x86_64-fedora-clang, r-devel-linux-x86_64-fedora-gcc, r-devel-osx-x86_64-clang, r-devel-windows-ix86+x86_64, r-patched-linux-x86_64, r-patched-solaris-sparc, r-patched-solaris-x86, r-release-linux-ix86, r-release-linux-x86_64, r-release-windows-ix86+x86_64