CRAN Package Check Results for Package xts

Last updated on 2018-08-17 23:48:21 CEST.

Flavor Version Tinstall Tcheck Ttotal Status Flags
r-devel-linux-x86_64-debian-clang 0.11-0 13.03 63.64 76.67 OK
r-devel-linux-x86_64-debian-gcc 0.11-0 8.83 50.31 59.14 OK
r-devel-linux-x86_64-fedora-clang 0.11-0 92.02 OK
r-devel-linux-x86_64-fedora-gcc 0.11-0 94.02 OK
r-devel-windows-ix86+x86_64 0.11-0 43.00 151.00 194.00 OK
r-patched-linux-x86_64 0.11-0 13.23 60.38 73.61 OK
r-patched-solaris-x86 0.11-0 158.00 OK
r-release-linux-x86_64 0.11-0 14.34 60.53 74.87 OK
r-release-windows-ix86+x86_64 0.11-0 61.00 134.00 195.00 OK
r-release-osx-x86_64 0.11-0 ERROR
r-oldrel-windows-ix86+x86_64 0.11-0 36.00 149.00 185.00 OK
r-oldrel-osx-x86_64 0.11-0 OK

Additional issues

rchk

Check Details

Version: 0.11-0
Check: tests
Result: ERROR
     Running ‘doRUnit.R’ [8s/8s]
    Running the tests in ‘tests/doRUnit.R’ failed.
    Last 13 lines of output:
     Mean relative difference: 8.173474e-05
    
     FAILURE in test.timeSeries_reclass: Error in checkIdentical(sample.timeSeries, reclass(try.xts(sample.timeSeries))) :
     FALSE
    
     FAILURE in test.timeSeries_reclass_subset_reclass_j1: Error in checkIdentical(sample.timeSeries[, 1], reclass(try.xts(sample.timeSeries))[, :
     FALSE
    
     DEACTIVATED test.zoo_reclass: rownames are not kept yet in current xts-dev
     DEACTIVATED test.zoo_reclass_subset_reclass_j1: rownames are not kept yet in current xts-dev
     Error:
    
     unit testing failed (#test failures: 17, #R errors: 0)
    
     Execution halted
Flavor: r-release-osx-x86_64