CRAN Package Check Results for Package xts

Last updated on 2015-05-30 03:49:04.

Flavor Version Tinstall Tcheck Ttotal Status Flags
r-devel-linux-x86_64-debian-clang 0.9-7 4.24 27.44 31.69 NOTE
r-devel-linux-x86_64-debian-gcc 0.9-7 4.86 26.37 31.23 NOTE
r-devel-linux-x86_64-fedora-clang 0.9-7 57.81 NOTE
r-devel-linux-x86_64-fedora-gcc 0.9-7 54.93 NOTE
r-devel-osx-x86_64-clang 0.9-7 64.03 NOTE
r-devel-windows-ix86+x86_64 0.9-7 37.00 51.00 88.00 NOTE
r-patched-linux-x86_64 0.9-7 4.85 26.36 31.21 NOTE
r-patched-solaris-sparc 0.9-7 362.70 NOTE
r-patched-solaris-x86 0.9-7 77.40 NOTE
r-release-linux-x86_64 0.9-7 4.94 26.52 31.46 NOTE
r-release-osx-x86_64-mavericks 0.9-7 NOTE
r-release-osx-x86_64-snowleopard 0.9-7 ERROR
r-release-windows-ix86+x86_64 0.9-7 34.00 48.00 82.00 NOTE
r-oldrel-windows-ix86+x86_64 0.9-7 33.00 51.00 84.00 NOTE

Memtest notes: UBSAN-gcc UBSAN-gcc UBSAN UBSAN valgrind

Check Details

Version: 0.9-7
Check: dependencies in R code
Result: NOTE
    'library' or 'require' calls in package code:
     ‘chron’ ‘fts’ ‘its’ ‘timeDate’ ‘timeSeries’ ‘tseries’
     Please use :: or requireNamespace() instead.
     See section 'Suggested packages' in the 'Writing R Extensions' manual.
Flavors: r-devel-linux-x86_64-debian-clang, r-devel-linux-x86_64-debian-gcc, r-devel-linux-x86_64-fedora-clang, r-devel-linux-x86_64-fedora-gcc, r-devel-osx-x86_64-clang, r-devel-windows-ix86+x86_64, r-patched-linux-x86_64, r-patched-solaris-sparc, r-patched-solaris-x86, r-release-linux-x86_64, r-release-osx-x86_64-mavericks, r-release-windows-ix86+x86_64, r-oldrel-windows-ix86+x86_64

Version: 0.9-7
Check: S3 generic/method consistency
Result: NOTE
    Found the following apparent S3 methods exported but not registered:
     as.environment.xts dimnames.xts dimnames<-.xts
    See section ‘Registering S3 methods’ in the ‘Writing R Extensions’
    manual.
Flavors: r-devel-linux-x86_64-debian-clang, r-devel-linux-x86_64-debian-gcc, r-devel-linux-x86_64-fedora-clang, r-devel-linux-x86_64-fedora-gcc, r-devel-osx-x86_64-clang, r-patched-linux-x86_64, r-patched-solaris-sparc, r-patched-solaris-x86, r-release-linux-x86_64

Version: 0.9-7
Check: R code for possible problems
Result: NOTE
    as.xts.ts: no visible global function definition for ‘as.yearqtr’
    as.xts.ts: no visible global function definition for ‘as.yearmon’
    rollapply.xts: no visible global function definition for ‘na.fill’
Flavors: r-devel-linux-x86_64-debian-clang, r-devel-linux-x86_64-debian-gcc, r-devel-linux-x86_64-fedora-clang, r-devel-linux-x86_64-fedora-gcc, r-devel-osx-x86_64-clang, r-devel-windows-ix86+x86_64, r-patched-linux-x86_64, r-patched-solaris-sparc, r-patched-solaris-x86, r-release-linux-x86_64, r-release-osx-x86_64-mavericks, r-release-windows-ix86+x86_64, r-oldrel-windows-ix86+x86_64

Version: 0.9-7
Check: package dependencies
Result: ERROR
    Package required but not available: ‘zoo’
    
    Packages suggested but not available for checking: ‘tseries’ ‘its’ ‘fts’
    
    See section ‘The DESCRIPTION file’ in the ‘Writing R Extensions’
    manual.
Flavor: r-release-osx-x86_64-snowleopard