CRAN Package Check Results for Package xts

Last updated on 2022-12-06 17:53:55 CET.

Flavor Version Tinstall Tcheck Ttotal Status Flags
r-devel-linux-x86_64-debian-clang 0.12.2 17.34 87.98 105.32 OK
r-devel-linux-x86_64-debian-gcc 0.12.2 14.98 68.37 83.35 OK
r-devel-linux-x86_64-fedora-clang 0.12.2 142.07 OK
r-devel-linux-x86_64-fedora-gcc 0.12.2 151.35 OK
r-devel-windows-x86_64 0.12.2 87.00 176.00 263.00 OK
r-patched-linux-x86_64 0.12.2 17.66 83.86 101.52 OK
r-release-linux-x86_64 0.12.2 14.78 82.78 97.56 OK
r-release-macos-arm64 0.12.2 45.00 NOTE
r-release-macos-x86_64 0.12.2 59.00 OK
r-release-windows-x86_64 0.12.2 86.00 160.00 246.00 OK
r-oldrel-macos-arm64 0.12.2 43.00 OK
r-oldrel-macos-x86_64 0.12.2 66.00 OK
r-oldrel-windows-ix86+x86_64 0.12.2 48.00 158.00 206.00 OK

Check Details

Version: 0.12.2
Check: package dependencies
Result: NOTE
    Package suggested but not available for checking: ‘timeSeries’
Flavor: r-release-macos-arm64