CRAN Package Check Results for Package xts

Last updated on 2015-07-31 23:48:09.

Flavor Version Tinstall Tcheck Ttotal Status Flags
r-devel-linux-x86_64-debian-clang 0.9-7 4.27 25.78 30.05 NOTE
r-devel-linux-x86_64-debian-gcc 0.9-7 7.09 25.79 32.88 NOTE
r-devel-linux-x86_64-fedora-clang 0.9-7 55.80 NOTE
r-devel-linux-x86_64-fedora-gcc 0.9-7 54.49 NOTE
r-devel-osx-x86_64-clang 0.9-7 56.07 NOTE
r-devel-windows-ix86+x86_64 0.9-7 57.00 49.00 106.00 NOTE
r-patched-linux-x86_64 0.9-7 4.87 27.12 31.98 NOTE
r-patched-solaris-sparc 0.9-7 359.80 NOTE
r-patched-solaris-x86 0.9-7 78.00 NOTE
r-release-linux-x86_64 0.9-7 4.91 25.74 30.65 NOTE
r-release-osx-x86_64-mavericks 0.9-7 NOTE
r-release-windows-ix86+x86_64 0.9-7 43.00 77.00 120.00 NOTE
r-oldrel-windows-ix86+x86_64 0.9-7 34.00 58.00 92.00 NOTE

Memtest notes: UBSAN-gcc UBSAN-gcc UBSAN UBSAN valgrind

Check Details

Version: 0.9-7
Check: dependencies in R code
Result: NOTE
    'library' or 'require' calls in package code:
     ‘chron’ ‘fts’ ‘its’ ‘timeDate’ ‘timeSeries’ ‘tseries’
     Please use :: or requireNamespace() instead.
     See section 'Suggested packages' in the 'Writing R Extensions' manual.
Flavors: r-devel-linux-x86_64-debian-clang, r-devel-linux-x86_64-debian-gcc, r-devel-linux-x86_64-fedora-clang, r-devel-linux-x86_64-fedora-gcc, r-devel-osx-x86_64-clang, r-devel-windows-ix86+x86_64, r-patched-linux-x86_64, r-patched-solaris-sparc, r-patched-solaris-x86, r-release-linux-x86_64, r-release-osx-x86_64-mavericks, r-release-windows-ix86+x86_64, r-oldrel-windows-ix86+x86_64

Version: 0.9-7
Check: S3 generic/method consistency
Result: NOTE
    Found the following apparent S3 methods exported but not registered:
     as.environment.xts dimnames.xts dimnames<-.xts
    See section ‘Registering S3 methods’ in the ‘Writing R Extensions’
    manual.
Flavors: r-devel-linux-x86_64-debian-clang, r-devel-linux-x86_64-debian-gcc, r-devel-linux-x86_64-fedora-clang, r-devel-linux-x86_64-fedora-gcc, r-devel-osx-x86_64-clang, r-patched-linux-x86_64, r-patched-solaris-sparc, r-patched-solaris-x86, r-release-linux-x86_64

Version: 0.9-7
Check: R code for possible problems
Result: NOTE
    .lines.xts: no visible global function definition for ‘recordPlot’
    .lines.xts: no visible global function definition for ‘lines.default’
    .lines.xts: no visible global function definition for ‘lines’
    Lag.xts: no visible binding for global variable ‘na.pass’
    Next.xts: no visible binding for global variable ‘na.pass’
    as.ts.xts: no visible global function definition for ‘ts’
    as.ts.xts: no visible global function definition for ‘frequency’
    as.ts.xts: no visible global function definition for ‘tsp<-’
    as.xts.ts: no visible global function definition for ‘frequency’
    as.xts.ts: no visible global function definition for ‘tsp’
    as.xts.ts: no visible global function definition for ‘time’
    as.xts.ts: no visible global function definition for ‘as.yearqtr’
    as.xts.ts: no visible global function definition for ‘as.yearmon’
    barplot.xts: no visible global function definition for ‘plot.new’
    barplot.xts: no visible global function definition for ‘plot.window’
    barplot.xts: no visible global function definition for ‘abline’
    barplot.xts: no visible global function definition for ‘axis’
    barplot.xts: no visible global function definition for ‘axTicks’
    barplot.xts: no visible global function definition for ‘rect’
    lines.xts: no visible global function definition for ‘lines’
    na.restore.xts: no visible global function definition for ‘na.action’
    periodicity: no visible global function definition for ‘median’
    periodicity.old: no visible global function definition for ‘median’
    periodicity.old: no visible global function definition for ‘time’
    plot.ohlc.candles: no visible global function definition for ‘segments’
    plot.ohlc.candles: no visible global function definition for ‘rect’
    plot.xts: no visible global function definition for ‘xy.coords’
    plot.xts: no visible global function definition for ‘plot’
    plot.xts: no visible global function definition for ‘abline’
    plot.xts: no visible global function definition for ‘grid’
    plot.xts: no visible global function definition for ‘axis’
    plot.xts: no visible global function definition for ‘box’
    plot.xts: no visible global function definition for ‘title’
    plot.xts: no visible global function definition for ‘recordPlot’
    points.xts: no visible global function definition for ‘points’
    print.xts: no visible global function definition for ‘str’
    rollapply.xts: no visible global function definition for ‘na.fill’
    sd.xts: no visible global function definition for ‘sd’
    sd.xts: no visible binding for global variable ‘sd’
    str.xts: no visible global function definition for ‘str’
    Undefined global functions or variables:
     abline as.yearmon as.yearqtr axTicks axis box frequency grid lines
     lines.default median na.action na.fill na.pass plot plot.new
     plot.window points recordPlot rect sd segments str time title ts tsp
     tsp<- xy.coords
    Consider adding
     importFrom("grDevices", "recordPlot", "xy.coords")
     importFrom("graphics", "abline", "axTicks", "axis", "box", "grid",
     "lines", "lines.default", "plot", "plot.new", "plot.window",
     "points", "rect", "segments", "title")
     importFrom("stats", "frequency", "median", "na.action", "na.pass",
     "sd", "time", "ts", "tsp", "tsp<-")
     importFrom("utils", "str")
    to your NAMESPACE.
Flavors: r-devel-linux-x86_64-debian-clang, r-devel-linux-x86_64-debian-gcc, r-devel-linux-x86_64-fedora-clang, r-devel-linux-x86_64-fedora-gcc, r-devel-windows-ix86+x86_64

Version: 0.9-7
Check: R code for possible problems
Result: NOTE
    as.xts.ts: no visible global function definition for ‘as.yearqtr’
    as.xts.ts: no visible global function definition for ‘as.yearmon’
    rollapply.xts: no visible global function definition for ‘na.fill’
    Undefined global functions or variables:
     as.yearmon as.yearqtr na.fill
Flavor: r-devel-osx-x86_64-clang

Version: 0.9-7
Check: R code for possible problems
Result: NOTE
    as.xts.ts: no visible global function definition for ‘as.yearqtr’
    as.xts.ts: no visible global function definition for ‘as.yearmon’
    rollapply.xts: no visible global function definition for ‘na.fill’
Flavors: r-patched-linux-x86_64, r-patched-solaris-sparc, r-patched-solaris-x86, r-release-linux-x86_64, r-release-osx-x86_64-mavericks, r-release-windows-ix86+x86_64, r-oldrel-windows-ix86+x86_64