CRAN Package Check Results for Package xts

Last updated on 2014-12-21 07:48:38.

Flavor Version Tinstall Tcheck Ttotal Status Flags
r-devel-linux-x86_64-debian-clang 0.9-7 4.14 28.52 32.67 NOTE
r-devel-linux-x86_64-debian-gcc 0.9-7 5.49 27.16 32.65 NOTE
r-devel-linux-x86_64-fedora-clang 0.9-7 64.39 NOTE
r-devel-linux-x86_64-fedora-gcc 0.9-7 60.52 NOTE
r-devel-osx-x86_64-clang 0.9-7 66.52 NOTE
r-devel-windows-ix86+x86_64 0.9-7 36.00 53.00 89.00 NOTE
r-patched-linux-x86_64 0.9-7 4.95 29.32 34.27 NOTE
r-patched-solaris-sparc 0.9-7 448.50 NOTE
r-patched-solaris-x86 0.9-7 85.10 NOTE
r-release-linux-ix86 0.9-7 6.38 36.37 42.75 NOTE
r-release-linux-x86_64 0.9-7 5.04 28.06 33.09 NOTE
r-release-osx-x86_64-mavericks 0.9-7 OK
r-release-windows-ix86+x86_64 0.9-7 38.00 54.00 92.00 NOTE
r-oldrel-windows-ix86+x86_64 0.9-7 35.00 55.00 90.00 OK

Memtest notes: UBSAN-clang-trunk UBSAN-clang-trunk UBSAN-gcc UBSAN-gcc UBSAN UBSAN

Check Details

Version: 0.9-7
Check: R code for possible problems
Result: NOTE
    as.xts.ts: no visible global function definition for ‘as.yearqtr’
    as.xts.ts: no visible global function definition for ‘as.yearmon’
    rollapply.xts: no visible global function definition for ‘na.fill’
Flavors: r-devel-linux-x86_64-debian-clang, r-devel-linux-x86_64-debian-gcc, r-devel-linux-x86_64-fedora-clang, r-devel-linux-x86_64-fedora-gcc, r-devel-osx-x86_64-clang, r-devel-windows-ix86+x86_64, r-patched-linux-x86_64, r-patched-solaris-sparc, r-patched-solaris-x86, r-release-linux-ix86, r-release-linux-x86_64, r-release-windows-ix86+x86_64