Last updated on 2021-04-21 06:48:01 CEST.
Flavor | Version | Tinstall | Tcheck | Ttotal | Status | Flags |
---|---|---|---|---|---|---|
r-devel-linux-x86_64-debian-clang | 0.12.1 | 16.14 | 81.73 | 97.87 | OK | |
r-devel-linux-x86_64-debian-gcc | 0.12.1 | 11.36 | 62.48 | 73.84 | OK | |
r-devel-linux-x86_64-fedora-clang | 0.12.1 | 126.82 | OK | |||
r-devel-linux-x86_64-fedora-gcc | 0.12.1 | 118.95 | OK | |||
r-devel-windows-ix86+x86_64 | 0.12.1 | 49.00 | 110.00 | 159.00 | OK | |
r-devel-windows-x86_64-gcc10-UCRT | 1.0 | OK | ||||
r-patched-linux-x86_64 | 0.12.1 | 14.63 | 76.62 | 91.25 | WARN | |
r-patched-solaris-x86 | 0.12.1 | 204.00 | OK | |||
r-release-linux-x86_64 | 0.12.1 | 14.26 | 77.15 | 91.41 | OK | |
r-release-macos-x86_64 | 0.12.1 | OK | ||||
r-release-windows-ix86+x86_64 | 0.12.1 | 47.00 | 147.00 | 194.00 | OK | |
r-oldrel-macos-x86_64 | 0.12.1 | OK | ||||
r-oldrel-windows-ix86+x86_64 | 0.12.1 | 37.00 | 136.00 | 173.00 | OK |
Version: 0.12.1
Check: whether package can be installed
Result: WARN
Found the following significant warnings:
Rd warning: /tmp/Rtmp4bt031/R.INSTALL48295db22140/xts/man/split.Rd:58: file link ‘split.zoo’ in package ‘zoo’ does not exist and so has been treated as a topic
Flavor: r-patched-linux-x86_64