CRAN Package Check Results for Package xts

Last updated on 2014-10-31 23:47:45.

Flavor Version Tinstall Tcheck Ttotal Status Flags
r-devel-linux-x86_64-debian-clang 0.9-7 4.15 28.08 32.24 NOTE
r-devel-linux-x86_64-debian-gcc 0.9-7 4.94 27.66 32.60 NOTE
r-devel-linux-x86_64-fedora-clang 0.9-7 60.62 NOTE
r-devel-linux-x86_64-fedora-gcc 0.9-7 60.98 NOTE
r-devel-osx-x86_64-clang 0.9-7 64.94 NOTE
r-devel-windows-ix86+x86_64 0.9-7 31.00 50.00 81.00 NOTE
r-patched-linux-x86_64 0.9-7 5.00 27.98 32.98 NOTE
r-patched-solaris-sparc 0.9-7 448.50 NOTE
r-patched-solaris-x86 0.9-7 84.80 NOTE
r-release-linux-ix86 0.9-7 6.94 58.79 65.73 OK
r-release-linux-x86_64 0.9-7 5.16 30.16 35.33 OK
r-release-osx-x86_64-mavericks 0.9-7 OK
r-release-windows-ix86+x86_64 0.9-7 29.00 56.00 85.00 OK
r-oldrel-windows-ix86+x86_64 0.9-7 32.00 54.00 86.00 OK

Memtest notes: UBSAN-gcc UBSAN-gcc UBSAN UBSAN

Check Details

Version: 0.9-7
Check: R code for possible problems
Result: NOTE
    as.xts.ts: no visible global function definition for ‘as.yearqtr’
    as.xts.ts: no visible global function definition for ‘as.yearmon’
    rollapply.xts: no visible global function definition for ‘na.fill’
Flavors: r-devel-linux-x86_64-debian-clang, r-devel-linux-x86_64-debian-gcc, r-devel-linux-x86_64-fedora-clang, r-devel-linux-x86_64-fedora-gcc, r-devel-osx-x86_64-clang, r-devel-windows-ix86+x86_64, r-patched-linux-x86_64, r-patched-solaris-sparc, r-patched-solaris-x86