Last updated on 2023-04-01 12:56:42 CEST.
Flavor | Version | Tinstall | Tcheck | Ttotal | Status | Flags |
---|---|---|---|---|---|---|
r-devel-linux-x86_64-debian-clang | 0.13.0 | 21.65 | 96.23 | 117.88 | OK | |
r-devel-linux-x86_64-debian-gcc | 0.13.0 | 14.68 | 75.51 | 90.19 | OK | |
r-devel-linux-x86_64-fedora-clang | 0.13.0 | 143.94 | OK | |||
r-devel-linux-x86_64-fedora-gcc | 0.13.0 | 150.79 | OK | |||
r-patched-linux-x86_64 | 0.13.0 | 16.90 | 93.50 | 110.40 | OK | |
r-release-linux-x86_64 | 0.13.0 | 19.22 | 88.38 | 107.60 | OK | |
r-release-macos-arm64 | 0.13.0 | 40.00 | OK | |||
r-release-macos-x86_64 | 0.13.0 | 63.00 | OK | |||
r-release-windows-x86_64 | 0.13.0 | 56.00 | 171.00 | 227.00 | OK | |
r-oldrel-macos-arm64 | 0.13.0 | 46.00 | OK | |||
r-oldrel-macos-x86_64 | 0.13.0 | 64.00 | OK | |||
r-oldrel-windows-ix86+x86_64 | 0.13.0 | 50.00 | 161.00 | 211.00 | NOTE |
Version: 0.13.0
Check: dependencies in R code
Result: NOTE
Initiating curl with CURL_SSL_BACKEND: openssl
Flavor: r-oldrel-windows-ix86+x86_64