CRAN Package Check Results for Package xts

Last updated on 2015-01-31 19:51:41.

Flavor Version Tinstall Tcheck Ttotal Status Flags
r-devel-linux-x86_64-debian-clang 0.9-7 4.20 27.12 31.33 NOTE
r-devel-linux-x86_64-debian-gcc 0.9-7 4.98 26.44 31.42 NOTE
r-devel-linux-x86_64-fedora-clang 0.9-7 60.95 NOTE
r-devel-linux-x86_64-fedora-gcc 0.9-7 57.66 NOTE
r-devel-osx-x86_64-clang 0.9-7 67.82 NOTE
r-devel-windows-ix86+x86_64 0.9-7 53.00 46.00 99.00 NOTE
r-patched-linux-x86_64 0.9-7 4.99 28.38 33.37 NOTE
r-patched-solaris-sparc 0.9-7 375.30 NOTE
r-patched-solaris-x86 0.9-7 83.70 NOTE
r-release-linux-ix86 0.9-7 6.41 39.43 45.84 NOTE
r-release-linux-x86_64 0.9-7 4.97 27.96 32.93 NOTE
r-release-osx-x86_64-mavericks 0.9-7 NOTE
r-release-windows-ix86+x86_64 0.9-7 36.00 51.00 87.00 NOTE
r-oldrel-windows-ix86+x86_64 0.9-7 36.00 56.00 92.00 OK

Memtest notes: UBSAN-gcc UBSAN UBSAN valgrind

Check Details

Version: 0.9-7
Check: dependencies in R code
Result: NOTE
    'library' or 'require' calls in package code:
     ‘chron’ ‘fts’ ‘its’ ‘timeDate’ ‘timeSeries’ ‘tseries’
     Please use :: or requireNamespace() instead.
     See section 'Suggested packages' in the 'Writing R Extensions' manual.
Flavors: r-devel-linux-x86_64-debian-clang, r-devel-linux-x86_64-debian-gcc, r-devel-linux-x86_64-fedora-clang, r-devel-linux-x86_64-fedora-gcc, r-devel-osx-x86_64-clang, r-devel-windows-ix86+x86_64

Version: 0.9-7
Check: S3 generic/method consistency
Result: NOTE
    Found the following apparent S3 methods exported but not registered:
     as.environment.xts dimnames.xts dimnames<-.xts
    See section ‘Registering S3 methods’ in the ‘Writing R Extensions’
    manual.
Flavors: r-devel-linux-x86_64-debian-clang, r-devel-linux-x86_64-debian-gcc, r-devel-linux-x86_64-fedora-clang, r-devel-linux-x86_64-fedora-gcc, r-devel-osx-x86_64-clang

Version: 0.9-7
Check: R code for possible problems
Result: NOTE
    as.xts.ts: no visible global function definition for ‘as.yearqtr’
    as.xts.ts: no visible global function definition for ‘as.yearmon’
    rollapply.xts: no visible global function definition for ‘na.fill’
Flavors: r-devel-linux-x86_64-debian-clang, r-devel-linux-x86_64-debian-gcc, r-devel-linux-x86_64-fedora-clang, r-devel-linux-x86_64-fedora-gcc, r-devel-osx-x86_64-clang, r-devel-windows-ix86+x86_64, r-patched-linux-x86_64, r-patched-solaris-sparc, r-patched-solaris-x86, r-release-linux-ix86, r-release-linux-x86_64, r-release-osx-x86_64-mavericks, r-release-windows-ix86+x86_64