CRAN Package Check Results for Package xts

Last updated on 2014-08-20 17:47:57.

Flavor Version Tinstall Tcheck Ttotal Status Flags
r-devel-linux-x86_64-debian-clang 0.9-7 3.86 27.59 31.45 OK
r-devel-linux-x86_64-debian-gcc 0.9-7 4.84 28.87 33.71 OK
r-devel-linux-x86_64-fedora-clang 0.9-7 61.17 NOTE
r-devel-linux-x86_64-fedora-gcc 0.9-7 61.06 NOTE
r-devel-osx-x86_64-clang 0.9-7 60.73 NOTE
r-devel-windows-ix86+x86_64 0.9-7 36.00 48.00 84.00 OK
r-patched-linux-x86_64 0.9-7 4.95 27.99 32.94 OK
r-patched-solaris-sparc 0.9-7 366.60 OK
r-patched-solaris-x86 0.9-7 91.80 OK
r-release-linux-ix86 0.9-7 6.98 39.24 46.22 OK
r-release-linux-x86_64 0.9-7 5.00 28.04 33.04 OK
r-release-osx-x86_64-mavericks 0.9-7 OK
r-release-windows-ix86+x86_64 0.9-7 32.00 54.00 86.00 OK
r-oldrel-windows-ix86+x86_64 0.9-7 32.00 53.00 85.00 OK

Memtest notes: UBSAN UBSAN

Check Details

Version: 0.9-7
Check: R code for possible problems
Result: NOTE
    as.xts.ts: no visible global function definition for ‘as.yearqtr’
    as.xts.ts: no visible global function definition for ‘as.yearmon’
    rollapply.xts: no visible global function definition for ‘na.fill’
Flavors: r-devel-linux-x86_64-fedora-clang, r-devel-linux-x86_64-fedora-gcc, r-devel-osx-x86_64-clang