CRAN Package Check Results for Package xts

Last updated on 2014-04-25 05:47:28.

Flavor Version Tinstall Tcheck Ttotal Status Flags
r-devel-linux-x86_64-debian-clang 0.9-7 3.92 29.93 33.86 OK
r-devel-linux-x86_64-debian-gcc 0.9-7 4.68 30.97 35.65 OK
r-devel-linux-x86_64-fedora-clang 0.9-7 64.41 OK
r-devel-linux-x86_64-fedora-gcc 0.9-7 63.01 OK
r-devel-osx-x86_64-clang 0.9-7 66.13 OK
r-devel-osx-x86_64-gcc 0.9-7 ERROR
r-devel-windows-ix86+x86_64 0.9-7 33.00 51.00 84.00 OK
r-patched-linux-x86_64 0.9-7 4.76 30.09 34.86 OK
r-patched-solaris-sparc 0.9-7 350.30 OK
r-patched-solaris-x86 0.9-7 89.10 OK
r-release-linux-ix86 0.9-7 9.00 55.00 64.00 OK
r-release-linux-x86_64 0.9-7 4.94 29.54 34.48 OK
r-release-osx-x86_64-mavericks 0.9-7 WARN
r-release-windows-ix86+x86_64 0.9-7 31.00 55.00 86.00 OK
r-oldrel-windows-ix86+x86_64 0.9-7 33.00 53.00 86.00 OK

Memtest notes: UBSAN UBSAN

Check Details

Version: 0.9-7
Check: package dependencies
Result: ERROR
    Package required but not available: ‘zoo’
    
    Packages suggested but not available for checking: ‘tseries’ ‘its’ ‘fts’
    
    See the information on DESCRIPTION files in the chapter ‘Creating R
    packages’ of the ‘Writing R Extensions’ manual.
Flavor: r-devel-osx-x86_64-gcc

Version: 0.9-7
Check: PDF version of manual
Result: WARNING
    LaTeX errors when creating PDF version.
    This typically indicates Rd problems.
    LaTeX errors found:
    ! LaTeX Error: File `upquote.sty' not found.
    
    Type X to quit or <RETURN> to proceed,
    or enter new name. (Default extension: sty)
    
    91dde94/Rd2.tex:8: ==> Fatal error occurred, no output PDF file produced!
Flavor: r-release-osx-x86_64-mavericks