CRAN Package Check Results for Package xts

Last updated on 2015-04-01 19:48:41.

Flavor Version Tinstall Tcheck Ttotal Status Flags
r-devel-linux-x86_64-debian-clang 0.9-7 4.50 27.47 31.96 NOTE
r-devel-linux-x86_64-debian-gcc 0.9-7 4.89 26.11 31.00 NOTE
r-devel-linux-x86_64-fedora-clang 0.9-7 58.23 NOTE
r-devel-linux-x86_64-fedora-gcc 0.9-7 56.17 NOTE
r-devel-osx-x86_64-clang 0.9-7 68.47 NOTE
r-prerel-windows-ix86+x86_64 0.9-7 48.00 48.00 96.00 NOTE
r-prerel-linux-x86_64 0.9-7 5.22 25.82 31.04 NOTE
r-prerel-solaris-sparc 0.9-7 358.50 NOTE
r-prerel-solaris-x86 0.9-7 77.10 NOTE
r-release-linux-x86_64 0.9-7 4.94 28.67 33.61 NOTE
r-release-osx-x86_64-mavericks 0.9-7 NOTE
r-release-windows-ix86+x86_64 0.9-7 32.00 52.00 84.00 NOTE
r-oldrel-windows-ix86+x86_64 0.9-7 34.00 56.00 90.00 OK

Memtest notes: UBSAN-gcc UBSAN-gcc UBSAN UBSAN valgrind

Check Details

Version: 0.9-7
Check: dependencies in R code
Result: NOTE
    'library' or 'require' calls in package code:
     ‘chron’ ‘fts’ ‘its’ ‘timeDate’ ‘timeSeries’ ‘tseries’
     Please use :: or requireNamespace() instead.
     See section 'Suggested packages' in the 'Writing R Extensions' manual.
Flavors: r-devel-linux-x86_64-debian-clang, r-devel-linux-x86_64-debian-gcc, r-devel-linux-x86_64-fedora-clang, r-devel-linux-x86_64-fedora-gcc, r-devel-osx-x86_64-clang, r-prerel-windows-ix86+x86_64, r-prerel-linux-x86_64, r-prerel-solaris-sparc, r-prerel-solaris-x86, r-release-linux-x86_64, r-release-windows-ix86+x86_64

Version: 0.9-7
Check: S3 generic/method consistency
Result: NOTE
    Found the following apparent S3 methods exported but not registered:
     as.environment.xts dimnames.xts dimnames<-.xts
    See section ‘Registering S3 methods’ in the ‘Writing R Extensions’
    manual.
Flavors: r-devel-linux-x86_64-debian-clang, r-devel-linux-x86_64-debian-gcc, r-devel-linux-x86_64-fedora-clang, r-devel-linux-x86_64-fedora-gcc, r-devel-osx-x86_64-clang, r-prerel-linux-x86_64

Version: 0.9-7
Check: R code for possible problems
Result: NOTE
    as.xts.ts: no visible global function definition for ‘as.yearqtr’
    as.xts.ts: no visible global function definition for ‘as.yearmon’
    rollapply.xts: no visible global function definition for ‘na.fill’
Flavors: r-devel-linux-x86_64-debian-clang, r-devel-linux-x86_64-debian-gcc, r-devel-linux-x86_64-fedora-clang, r-devel-linux-x86_64-fedora-gcc, r-devel-osx-x86_64-clang, r-prerel-windows-ix86+x86_64, r-prerel-linux-x86_64, r-prerel-solaris-sparc, r-prerel-solaris-x86, r-release-linux-x86_64, r-release-osx-x86_64-mavericks, r-release-windows-ix86+x86_64