CRAN Package Check Results for Package xts

Last updated on 2015-03-04 19:50:35.

Flavor Version Tinstall Tcheck Ttotal Status Flags
r-devel-linux-x86_64-debian-clang 0.9-7 4.12 26.23 30.35 NOTE
r-devel-linux-x86_64-debian-gcc 0.9-7 5.70 25.79 31.49 NOTE
r-devel-linux-x86_64-fedora-clang 0.9-7 58.59 NOTE
r-devel-linux-x86_64-fedora-gcc 0.9-7 55.92 NOTE
r-devel-osx-x86_64-clang 0.9-7 64.00 NOTE
r-devel-windows-ix86+x86_64 0.9-7 40.00 49.00 89.00 NOTE
r-patched-linux-x86_64 0.9-7 5.10 30.82 35.92 NOTE
r-patched-solaris-sparc 0.9-7 411.40 NOTE
r-patched-solaris-x86 0.9-7 85.70 NOTE
r-release-linux-ix86 0.9-7 6.93 39.70 46.63 NOTE
r-release-linux-x86_64 0.9-7 4.93 28.75 33.68 NOTE
r-release-osx-x86_64-mavericks 0.9-7 NOTE
r-release-windows-ix86+x86_64 0.9-7 29.00 54.00 83.00 NOTE
r-oldrel-windows-ix86+x86_64 0.9-7 32.00 60.00 92.00 OK

Memtest notes: UBSAN-clang-trunk UBSAN-clang-trunk UBSAN-gcc UBSAN-gcc UBSAN UBSAN valgrind

Check Details

Version: 0.9-7
Check: dependencies in R code
Result: NOTE
    'library' or 'require' calls in package code:
     ‘chron’ ‘fts’ ‘its’ ‘timeDate’ ‘timeSeries’ ‘tseries’
     Please use :: or requireNamespace() instead.
     See section 'Suggested packages' in the 'Writing R Extensions' manual.
Flavors: r-devel-linux-x86_64-debian-clang, r-devel-linux-x86_64-debian-gcc, r-devel-linux-x86_64-fedora-clang, r-devel-linux-x86_64-fedora-gcc, r-devel-osx-x86_64-clang, r-devel-windows-ix86+x86_64, r-patched-linux-x86_64, r-patched-solaris-sparc, r-patched-solaris-x86

Version: 0.9-7
Check: S3 generic/method consistency
Result: NOTE
    Found the following apparent S3 methods exported but not registered:
     as.environment.xts dimnames.xts dimnames<-.xts
    See section ‘Registering S3 methods’ in the ‘Writing R Extensions’
    manual.
Flavors: r-devel-linux-x86_64-debian-clang, r-devel-linux-x86_64-debian-gcc, r-devel-linux-x86_64-fedora-clang, r-devel-linux-x86_64-fedora-gcc, r-devel-osx-x86_64-clang

Version: 0.9-7
Check: R code for possible problems
Result: NOTE
    as.xts.ts: no visible global function definition for ‘as.yearqtr’
    as.xts.ts: no visible global function definition for ‘as.yearmon’
    rollapply.xts: no visible global function definition for ‘na.fill’
Flavors: r-devel-linux-x86_64-debian-clang, r-devel-linux-x86_64-debian-gcc, r-devel-linux-x86_64-fedora-clang, r-devel-linux-x86_64-fedora-gcc, r-devel-osx-x86_64-clang, r-devel-windows-ix86+x86_64, r-patched-linux-x86_64, r-patched-solaris-sparc, r-patched-solaris-x86, r-release-linux-ix86, r-release-linux-x86_64, r-release-osx-x86_64-mavericks, r-release-windows-ix86+x86_64