CRAN Package Check Results for Package xtune

Last updated on 2020-04-02 20:48:46 CEST.

Flavor Version Tinstall Tcheck Ttotal Status Flags
r-devel-linux-x86_64-debian-clang 0.1.0 9.13 107.96 117.09 NOTE
r-devel-linux-x86_64-debian-gcc 0.1.0 7.65 82.74 90.39 NOTE
r-devel-linux-x86_64-fedora-clang 0.1.0 140.59 OK
r-devel-linux-x86_64-fedora-gcc 0.1.0 137.53 OK
r-devel-windows-ix86+x86_64 0.1.0 19.00 106.00 125.00 NOTE
r-devel-windows-ix86+x86_64-gcc8 0.1.0 19.00 115.00 134.00 NOTE
r-patched-linux-x86_64 0.1.0 8.42 103.15 111.57 NOTE
r-patched-solaris-x86 0.1.0 206.10 OK
r-release-linux-x86_64 0.1.0 8.10 113.50 121.60 OK
r-release-windows-ix86+x86_64 0.1.0 17.00 110.00 127.00 OK
r-release-osx-x86_64 0.1.0 OK
r-oldrel-windows-ix86+x86_64 0.1.0 16.00 114.00 130.00 OK
r-oldrel-osx-x86_64 0.1.0 OK

Check Details

Version: 0.1.0
Check: package vignettes
Result: NOTE
    Package vignette with placeholder title 'Vignette Title':
     'vignette.Rmd'
Flavors: r-devel-linux-x86_64-debian-clang, r-devel-linux-x86_64-debian-gcc, r-devel-windows-ix86+x86_64, r-devel-windows-ix86+x86_64-gcc8, r-patched-linux-x86_64