CRAN Package Check Results for Package yaImpute

Last updated on 2017-02-24 11:48:47.

Flavor Version Tinstall Tcheck Ttotal Status Flags
r-devel-linux-x86_64-debian-clang 1.0-26 6.40 31.96 38.36 NOTE
r-devel-linux-x86_64-debian-gcc 1.0-26 6.06 31.48 37.53 NOTE
r-devel-linux-x86_64-fedora-clang 1.0-26 78.74 NOTE --no-stop-on-test-error
r-devel-linux-x86_64-fedora-gcc 1.0-26 70.12 NOTE --no-stop-on-test-error
r-devel-macos-x86_64-clang 1.0-26 61.01 NOTE --no-stop-on-test-error
r-devel-windows-ix86+x86_64 1.0-26 82.00 110.00 192.00 OK
r-patched-linux-x86_64 1.0-26 5.26 27.42 32.68 OK
r-patched-solaris-sparc 1.0-26 360.90 OK
r-patched-solaris-x86 1.0-26 70.30 OK
r-release-linux-x86_64 1.0-26 5.22 27.29 32.51 OK
r-release-osx-x86_64-mavericks 1.0-26 OK
r-release-windows-ix86+x86_64 1.0-26 75.00 94.00 169.00 OK
r-oldrel-windows-ix86+x86_64 1.0-26 72.00 84.00 156.00 OK

Check Details

Version: 1.0-26
Check: compiled code
Result: NOTE
    File ‘yaImpute/libs/yaImpute.so’:
     Found no calls to: ‘R_registerRoutines’, ‘R_useDynamicSymbols’
    
    It is good practice to register native routines and to disable symbol
    search.
    
    See ‘Writing portable packages’ in the ‘Writing R Extensions’ manual.
Flavors: r-devel-linux-x86_64-debian-clang, r-devel-linux-x86_64-debian-gcc

Version: 1.0-26
Flags: --no-stop-on-test-error
Check: compiled code
Result: NOTE
    File ‘yaImpute/libs/yaImpute.so’:
     Found no calls to: ‘R_registerRoutines’, ‘R_useDynamicSymbols’
    
    It is good practice to register native routines and to disable symbol
    search.
    
    See ‘Writing portable packages’ in the ‘Writing R Extensions’ manual.
Flavors: r-devel-linux-x86_64-fedora-clang, r-devel-linux-x86_64-fedora-gcc, r-devel-macos-x86_64-clang