CRAN Package Check Results for Package yaImpute

Last updated on 2017-06-28 01:55:23.

Flavor Version Tinstall Tcheck Ttotal Status Flags
r-devel-linux-x86_64-debian-clang 1.0-26 6.67 32.04 38.71 NOTE
r-devel-linux-x86_64-debian-gcc 1.0-26 6.02 26.68 32.70 NOTE
r-devel-linux-x86_64-fedora-clang 1.0-26 80.98 NOTE
r-devel-linux-x86_64-fedora-gcc 1.0-26 66.49 NOTE
r-devel-windows-ix86+x86_64 1.0-26 55.00 97.00 152.00 OK
r-patched-linux-x86_64 1.0-26 6.39 31.68 38.06 NOTE
r-patched-solaris-sparc 1.0-26 447.40 OK
r-patched-solaris-x86 1.0-26 89.90 OK
r-release-linux-x86_64 1.0-26 6.08 31.82 37.90 NOTE
r-release-windows-ix86+x86_64 1.0-26 50.00 102.00 152.00 OK
r-release-osx-x86_64 1.0-26 OK
r-oldrel-windows-ix86+x86_64 1.0-26 49.00 84.00 133.00 OK
r-oldrel-osx-x86_64 1.0-26 OK

Additional issues

rchk

Check Details

Version: 1.0-26
Check: compiled code
Result: NOTE
    File ‘yaImpute/libs/yaImpute.so’:
     Found no calls to: ‘R_registerRoutines’, ‘R_useDynamicSymbols’
    
    It is good practice to register native routines and to disable symbol
    search.
    
    See ‘Writing portable packages’ in the ‘Writing R Extensions’ manual.
Flavors: r-devel-linux-x86_64-debian-clang, r-devel-linux-x86_64-debian-gcc, r-devel-linux-x86_64-fedora-clang, r-devel-linux-x86_64-fedora-gcc, r-patched-linux-x86_64, r-release-linux-x86_64