CRAN Package Check Results for Package yaImpute

Last updated on 2016-02-11 11:50:30.

Flavor Version Tinstall Tcheck Ttotal Status Flags
r-devel-linux-x86_64-debian-gcc 1.0-26 5.14 26.32 31.46 OK
r-devel-linux-x86_64-fedora-clang 1.0-26 65.67 OK
r-devel-linux-x86_64-fedora-gcc 1.0-26 53.40 OK
r-devel-osx-x86_64-clang 1.0-26 70.98 OK
r-devel-windows-ix86+x86_64 1.0-26 46.00 60.00 106.00 OK
r-patched-linux-x86_64 1.0-26 5.24 28.33 33.58 OK
r-patched-solaris-sparc 1.0-26 364.50 OK
r-patched-solaris-x86 1.0-26 74.50 OK
r-release-linux-x86_64 1.0-26 5.22 27.89 33.11 OK
r-release-osx-x86_64-mavericks 1.0-26 NOTE
r-release-windows-ix86+x86_64 1.0-26 43.00 61.00 104.00 OK
r-oldrel-windows-ix86+x86_64 1.0-26 44.00 64.00 108.00 OK

Check Details

Version: 1.0-26
Check: package dependencies
Result: NOTE
    Package suggested but not available for checking: ‘ccaPP’
Flavor: r-release-osx-x86_64-mavericks

Version: 1.0-26
Check: Rd cross-references
Result: NOTE
    Package unavailable to check Rd xrefs: ‘ccaPP’
Flavor: r-release-osx-x86_64-mavericks