CRAN Package Check Results for Package yaImpute

Last updated on 2015-05-29 21:47:15.

Flavor Version Tinstall Tcheck Ttotal Status Flags
r-devel-linux-x86_64-debian-clang 1.0-24 5.43 27.61 33.04 OK
r-devel-linux-x86_64-debian-gcc 1.0-24 5.26 26.88 32.14 OK
r-devel-linux-x86_64-fedora-clang 1.0-24 69.55 OK
r-devel-linux-x86_64-fedora-gcc 1.0-24 55.97 OK
r-devel-osx-x86_64-clang 1.0-24 64.77 OK
r-devel-windows-ix86+x86_64 1.0-24 32.00 55.00 87.00 OK
r-patched-linux-x86_64 1.0-24 5.43 26.98 32.41 OK
r-patched-solaris-sparc 1.0-24 374.40 OK
r-patched-solaris-x86 1.0-24 78.00 OK
r-release-linux-x86_64 1.0-24 5.26 29.80 35.06 OK
r-release-osx-x86_64-mavericks 1.0-24 NOTE
r-release-osx-x86_64-snowleopard 1.0-24 OK
r-release-windows-ix86+x86_64 1.0-24 33.00 55.00 88.00 OK
r-oldrel-windows-ix86+x86_64 1.0-24 31.00 89.00 120.00 OK

Check Details

Version: 1.0-24
Check: package dependencies
Result: NOTE
    Package suggested but not available for checking: ‘ccaPP’
Flavor: r-release-osx-x86_64-mavericks

Version: 1.0-24
Check: Rd cross-references
Result: NOTE
    Package unavailable to check Rd xrefs: ‘ccaPP’
Flavor: r-release-osx-x86_64-mavericks