CRAN Package Check Results for Package yaImpute

Last updated on 2015-03-30 12:48:00.

Flavor Version Tinstall Tcheck Ttotal Status Flags
r-devel-linux-x86_64-debian-clang 1.0-23 5.44 29.56 35.00 NOTE
r-devel-linux-x86_64-debian-gcc 1.0-23 5.32 28.52 33.84 NOTE
r-devel-linux-x86_64-fedora-clang 1.0-23 69.46 NOTE
r-devel-linux-x86_64-fedora-gcc 1.0-23 56.58 NOTE
r-devel-osx-x86_64-clang 1.0-23 67.34 NOTE
r-prerel-windows-ix86+x86_64 1.0-23 33.00 55.00 88.00 NOTE
r-prerel-linux-x86_64 1.0-23 5.24 28.78 34.02 NOTE
r-prerel-solaris-sparc 1.0-23 376.90 NOTE
r-prerel-solaris-x86 1.0-23 78.40 NOTE
r-release-linux-x86_64 1.0-23 5.42 29.78 35.20 NOTE
r-release-osx-x86_64-mavericks 1.0-23 OK
r-release-osx-x86_64-snowleopard 1.0-23 OK
r-release-windows-ix86+x86_64 1.0-23 32.00 60.00 92.00 NOTE
r-oldrel-windows-ix86+x86_64 1.0-23 31.00 101.00 132.00 OK

Check Details

Version: 1.0-23
Check: dependencies in R code
Result: NOTE
    'library' or 'require' calls in package code:
     ‘ccaPP’ ‘fastICA’ ‘gam’ ‘parallel’ ‘randomForest’ ‘vegan’
     Please use :: or requireNamespace() instead.
     See section 'Suggested packages' in the 'Writing R Extensions' manual.
Flavors: r-devel-linux-x86_64-debian-clang, r-devel-linux-x86_64-debian-gcc, r-devel-linux-x86_64-fedora-clang, r-devel-linux-x86_64-fedora-gcc, r-devel-osx-x86_64-clang, r-prerel-windows-ix86+x86_64, r-prerel-linux-x86_64, r-prerel-solaris-sparc, r-prerel-solaris-x86, r-release-linux-x86_64, r-release-windows-ix86+x86_64