CRAN Package Check Results for Package yaImpute

Last updated on 2016-05-03 13:47:52.

Flavor Version Tinstall Tcheck Ttotal Status Flags
r-devel-linux-x86_64-debian-gcc 1.0-26 5.23 28.26 33.49 OK
r-devel-linux-x86_64-fedora-clang 1.0-26 68.10 OK
r-devel-linux-x86_64-fedora-gcc 1.0-26 54.62 OK
r-devel-osx-x86_64-clang 1.0-26 73.09 OK
r-devel-windows-ix86+x86_64 1.0-26 33.00 61.00 94.00 OK
r-patched-linux-x86_64 1.0-26 5.40 27.00 32.39 OK
r-patched-solaris-sparc 1.0-26 362.90 OK
r-patched-solaris-x86 1.0-26 73.30 OK
r-release-linux-x86_64 1.0-26 5.50 28.99 34.48 OK
r-release-osx-x86_64-mavericks 1.0-26 NOTE
r-release-windows-ix86+x86_64 1.0-26 36.00 83.00 119.00 OK
r-oldrel-windows-ix86+x86_64 1.0-26 47.00 73.00 120.00 OK

Check Details

Version: 1.0-26
Check: package dependencies
Result: NOTE
    Package suggested but not available for checking: ‘ccaPP’
Flavor: r-release-osx-x86_64-mavericks

Version: 1.0-26
Check: Rd cross-references
Result: NOTE
    Package unavailable to check Rd xrefs: ‘ccaPP’
Flavor: r-release-osx-x86_64-mavericks