CRAN Package Check Results for Package yaImpute

Last updated on 2015-04-26 03:47:41.

Flavor Version Tinstall Tcheck Ttotal Status Flags
r-devel-linux-x86_64-debian-clang 1.0-23 5.34 27.65 32.99 NOTE
r-devel-linux-x86_64-debian-gcc 1.0-23 5.18 27.33 32.51 NOTE
r-devel-linux-x86_64-fedora-clang 1.0-23 70.45 NOTE
r-devel-linux-x86_64-fedora-gcc 1.0-23 57.31 NOTE
r-devel-osx-x86_64-clang 1.0-23 63.72 NOTE
r-devel-windows-ix86+x86_64 1.0-23 34.00 56.00 90.00 NOTE
r-patched-linux-x86_64 1.0-23 5.28 27.22 32.50 NOTE
r-patched-solaris-sparc 1.0-23 376.90 NOTE
r-patched-solaris-x86 1.0-23 78.50 NOTE
r-release-linux-x86_64 1.0-23 5.19 27.25 32.44 NOTE
r-release-osx-x86_64-mavericks 1.0-23 NOTE
r-release-osx-x86_64-snowleopard 1.0-23 ERROR
r-release-windows-ix86+x86_64 1.0-23 30.00 57.00 87.00 NOTE
r-oldrel-windows-ix86+x86_64 1.0-23 25.00 60.00 85.00 NOTE

Check Details

Version: 1.0-23
Check: dependencies in R code
Result: NOTE
    'library' or 'require' calls in package code:
     'ccaPP' 'fastICA' 'gam' 'parallel' 'randomForest' 'vegan'
     Please use :: or requireNamespace() instead.
     See section 'Suggested packages' in the 'Writing R Extensions' manual.
Flavors: r-devel-windows-ix86+x86_64, r-release-windows-ix86+x86_64, r-oldrel-windows-ix86+x86_64