CRAN Package Check Results for Package yaImpute

Last updated on 2015-07-06 06:47:07.

Flavor Version Tinstall Tcheck Ttotal Status Flags
r-devel-linux-x86_64-debian-clang 1.0-24 5.22 28.56 33.78 NOTE
r-devel-linux-x86_64-debian-gcc 1.0-24 5.32 26.44 31.76 NOTE
r-devel-linux-x86_64-fedora-clang 1.0-24 68.52 NOTE
r-devel-linux-x86_64-fedora-gcc 1.0-24 55.27 NOTE
r-devel-osx-x86_64-clang 1.0-24 54.33 OK
r-devel-windows-ix86+x86_64 1.0-24 42.00 58.00 100.00 NOTE
r-patched-linux-x86_64 1.0-24 5.24 27.08 32.32 OK
r-patched-solaris-sparc 1.0-24 374.40 OK
r-patched-solaris-x86 1.0-24 77.50 OK
r-release-linux-x86_64 1.0-24 5.33 26.86 32.19 OK
r-release-osx-x86_64-mavericks 1.0-24 NOTE
r-release-windows-ix86+x86_64 1.0-24 38.00 52.00 90.00 OK
r-oldrel-windows-ix86+x86_64 1.0-24 43.00 75.00 118.00 OK

Check Details

Version: 1.0-24
Check: R code for possible problems
Result: NOTE
    AsciiGridImpute: no visible global function definition for
     ‘flush.console’
    AsciiGridImpute : <anonymous>: no visible global function definition
     for ‘formula’
    AsciiGridImpute: no visible global function definition for ‘na.omit’
    AsciiGridImpute: no visible global function definition for ‘predict’
    AsciiGridImpute: no visible global function definition for ‘head’
    buildConsensus: no visible global function definition for ‘na.omit’
    buildConsensus : mysd: no visible global function definition for ‘sd’
    cor.yai: no visible global function definition for ‘na.omit’
    cor.yai: no visible global function definition for ‘cor’
    correctBias: no visible global function definition for ‘na.omit’
    correctBias: no visible global function definition for ‘sd’
    correctBias: no visible global function definition for ‘flush.console’
    ensembleImpute: no visible binding for global variable ‘median’
    ensembleImpute : <anonymous>: no visible global function definition for
     ‘na.omit’
    ensembleImpute : <anonymous>: no visible global function definition for
     ‘runif’
    errorStats : obsMinusImp: no visible global function definition for
     ‘na.omit’
    errorStats : fsee: no visible global function definition for
     ‘as.formula’
    errorStats : fsee: no visible global function definition for ‘lm’
    errorStats : fsee: no visible global function definition for ‘resid’
    factorMatch: no visible global function definition for ‘na.omit’
    grmsd: no visible global function definition for ‘predict’
    grmsd: no visible global function definition for ‘resid’
    grmsd: no visible global function definition for ‘na.omit’
    grmsd: no visible global function definition for ‘cov’
    impute.yai : pred.c: no visible binding for global variable ‘median’
    impute.yai : pred.f : <anonymous> : <anonymous>: no visible global
     function definition for ‘runif’
    impute.yai : pred.f : <anonymous>: no visible global function
     definition for ‘runif’
    impute.yai: no visible binding for global variable ‘sd’
    newtargets: no visible global function definition for ‘na.omit’
    newtargets: no visible global function definition for ‘model.frame’
    newtargets: no visible global function definition for ‘predict’
    newtargets: no visible global function definition for ‘runif’
    notablyDifferent: no visible global function definition for ‘na.omit’
    notablyDifferent: no visible global function definition for ‘quantile’
    notablyDistant: no visible global function definition for ‘var’
    notablyDistant: no visible global function definition for ‘qbeta’
    notablyDistant: no visible global function definition for ‘sd’
    notablyDistant: no visible global function definition for ‘qnorm’
    notablyDistant: no visible global function definition for ‘quantile’
    plot.compare.yai : addpoints: no visible global function definition for
     ‘points’
    plot.compare.yai : addpoints: no visible global function definition for
     ‘abline’
    plot.compare.yai: no visible global function definition for ‘pairs’
    plot.impute.yai: no visible global function definition for ‘par’
    plot.impute.yai: no visible global function definition for ‘spineplot’
    plot.impute.yai: no visible global function definition for ‘plot’
    plot.impute.yai: no visible global function definition for ‘abline’
    plot.impute.yai: no visible global function definition for ‘mtext’
    plot.notablyDifferent: no visible global function definition for ‘par’
    plot.notablyDifferent: no visible global function definition for ‘text’
    plot.notablyDifferent: no visible global function definition for
     ‘points’
    plot.notablyDifferent: no visible global function definition for ‘plot’
    plot.notablyDifferent: no visible global function definition for
     ‘abline’
    plot.varSel: no visible global function definition for ‘gray’
    plot.varSel: no visible global function definition for ‘par’
    plot.varSel: no visible global function definition for ‘boxplot’
    plot.varSel: no visible global function definition for ‘lines’
    plot.varSel: no visible global function definition for ‘text’
    plot.yai: no visible global function definition for ‘par’
    plot.yai: no visible global function definition for ‘spineplot’
    plot.yai: no visible global function definition for ‘plot’
    plot.yai: no visible global function definition for ‘abline’
    plot.yai: no visible global function definition for ‘mtext’
    rmsd: no visible global function definition for ‘na.omit’
    rmsd: no visible global function definition for ‘sd’
    rmsd.yai: no visible global function definition for ‘na.omit’
    rmsd.yai: no visible global function definition for ‘sd’
    varSelection: no visible global function definition for ‘sd’
    varSelection : <anonymous>: no visible global function definition for
     ‘sd’
    whatsMax: no visible global function definition for ‘na.omit’
    yai : ftest.cor: no visible global function definition for ‘pf’
    yai : mysd: no visible global function definition for ‘sd’
    yai: no visible global function definition for ‘na.omit’
    yai: no visible global function definition for ‘model.frame’
    yai : msn3cntr: no visible global function definition for ‘sd’
    yai: no visible binding for global variable ‘sd’
    yai: no visible global function definition for ‘cov’
    yai: no visible global function definition for ‘predict’
    yai: no visible global function definition for ‘packageDescription’
    yai: no visible global function definition for ‘compareVersion’
    yai: no visible global function definition for ‘nclass.Sturges’
    yai: no visible global function definition for ‘runif’
    yaiVarImp: no visible global function definition for ‘sd’
    yaiVarImp: no visible binding for global variable ‘median’
    yaiVarImp: no visible global function definition for ‘par’
    yaiVarImp: no visible global function definition for ‘boxplot’
    Undefined global functions or variables:
     abline as.formula boxplot compareVersion cor cov flush.console
     formula gray head lines lm median model.frame mtext na.omit
     nclass.Sturges packageDescription pairs par pf plot points predict
     qbeta qnorm quantile resid runif sd spineplot text var
Flavors: r-devel-linux-x86_64-debian-clang, r-devel-linux-x86_64-debian-gcc, r-devel-linux-x86_64-fedora-clang, r-devel-linux-x86_64-fedora-gcc, r-devel-windows-ix86+x86_64

Version: 1.0-24
Check: package dependencies
Result: NOTE
    Package suggested but not available for checking: ‘ccaPP’
Flavor: r-release-osx-x86_64-mavericks

Version: 1.0-24
Check: Rd cross-references
Result: NOTE
    Package unavailable to check Rd xrefs: ‘ccaPP’
Flavor: r-release-osx-x86_64-mavericks