CRAN Package Check Results for Package yaImpute

Last updated on 2014-11-01 08:48:31.

Flavor Version Tinstall Tcheck Ttotal Status Flags
r-devel-linux-x86_64-debian-clang 1.0-22 5.29 27.26 32.55 WARN
r-devel-linux-x86_64-debian-gcc 1.0-22 5.29 26.82 32.10 WARN
r-devel-linux-x86_64-fedora-clang 1.0-22 69.22 WARN
r-devel-linux-x86_64-fedora-gcc 1.0-22 58.11 WARN
r-devel-osx-x86_64-clang 1.0-22 61.47 WARN
r-devel-windows-ix86+x86_64 1.0-22 27.00 52.00 79.00 WARN
r-patched-linux-x86_64 1.0-22 5.29 28.12 33.41 WARN
r-patched-solaris-sparc 1.0-22 424.60 WARN
r-patched-solaris-x86 1.0-22 80.20 WARN
r-release-linux-ix86 1.0-22 7.44 39.86 47.30 OK
r-release-linux-x86_64 1.0-22 5.36 28.15 33.52 OK
r-release-osx-x86_64-mavericks 1.0-22 OK
r-release-osx-x86_64-snowleopard 1.0-22 OK
r-release-windows-ix86+x86_64 1.0-22 28.00 63.00 91.00 OK
r-oldrel-windows-ix86+x86_64 1.0-22 28.00 57.00 85.00 OK

Check Details

Version: 1.0-22
Check: dependencies in R code
Result: WARN
    'library' or 'require' call not declared from: ‘parallel’
    See the information on DESCRIPTION files in the chapter ‘Creating R
    packages’ of the ‘Writing R Extensions’ manual.
Flavors: r-devel-linux-x86_64-debian-clang, r-devel-linux-x86_64-debian-gcc, r-devel-linux-x86_64-fedora-clang, r-devel-linux-x86_64-fedora-gcc, r-devel-osx-x86_64-clang, r-devel-windows-ix86+x86_64, r-patched-linux-x86_64, r-patched-solaris-sparc, r-patched-solaris-x86

Version: 1.0-22
Check: R code for possible problems
Result: NOTE
    errorStats : fsee: no visible global function definition for ‘gam’
    varSelection: no visible binding for global variable ‘mclapply’
    yai : msn3cntr: no visible global function definition for ‘fastMAD’
    yai: no visible binding for global variable ‘ccaGrid’
    yai: no visible binding for global variable ‘ccaProj’
    yai: no visible global function definition for ‘fastICA’
    yai: no visible global function definition for ‘cca’
    yai: no visible global function definition for ‘rda’
    yai: no visible global function definition for ‘randomForest’
    yaiVarImp: no visible global function definition for ‘importance’
Flavors: r-devel-linux-x86_64-debian-clang, r-devel-linux-x86_64-debian-gcc, r-devel-linux-x86_64-fedora-clang, r-devel-linux-x86_64-fedora-gcc, r-devel-osx-x86_64-clang, r-devel-windows-ix86+x86_64, r-patched-linux-x86_64, r-patched-solaris-sparc, r-patched-solaris-x86