CRAN Package Check Results for Package yaImpute

Last updated on 2017-10-17 19:48:19.

Flavor Version Tinstall Tcheck Ttotal Status Flags
r-devel-linux-x86_64-debian-clang 1.0-26 6.76 33.29 40.05 NOTE
r-devel-linux-x86_64-debian-gcc 1.0-26 7.02 34.03 41.04 NOTE
r-devel-linux-x86_64-fedora-clang 1.0-26 87.26 NOTE
r-devel-linux-x86_64-fedora-gcc 1.0-26 71.12 NOTE
r-devel-windows-ix86+x86_64 1.0-26 55.00 102.00 157.00 OK
r-patched-linux-x86_64 1.0-26 5.84 31.82 37.66 NOTE
r-patched-solaris-x86 1.0-26 109.10 OK
r-release-linux-x86_64 1.0-26 5.89 32.28 38.17 NOTE
r-release-windows-ix86+x86_64 1.0-26 56.00 79.00 135.00 OK
r-release-osx-x86_64 1.0-26 OK
r-oldrel-windows-ix86+x86_64 1.0-26 51.00 88.00 139.00 OK
r-oldrel-osx-x86_64 1.0-26 OK

Additional issues

rchk

Check Details

Version: 1.0-26
Check: compiled code
Result: NOTE
    File ‘yaImpute/libs/yaImpute.so’:
     Found no calls to: ‘R_registerRoutines’, ‘R_useDynamicSymbols’
    
    It is good practice to register native routines and to disable symbol
    search.
    
    See ‘Writing portable packages’ in the ‘Writing R Extensions’ manual.
Flavors: r-devel-linux-x86_64-debian-clang, r-devel-linux-x86_64-debian-gcc, r-devel-linux-x86_64-fedora-clang, r-devel-linux-x86_64-fedora-gcc, r-patched-linux-x86_64, r-release-linux-x86_64