CRAN Package Check Results for Package yaImpute

Last updated on 2017-03-24 23:56:18.

Flavor Version Tinstall Tcheck Ttotal Status Flags
r-devel-linux-x86_64-debian-clang 1.0-26 6.82 33.37 40.19 NOTE
r-devel-linux-x86_64-debian-gcc 1.0-26 6.17 31.52 37.69 NOTE
r-devel-linux-x86_64-fedora-clang 1.0-26 79.91 NOTE --no-stop-on-test-error
r-devel-linux-x86_64-fedora-gcc 1.0-26 65.70 NOTE --no-stop-on-test-error
r-devel-macos-x86_64-clang 1.0-26 59.84 NOTE --no-stop-on-test-error
r-devel-windows-ix86+x86_64 1.0-26 35.00 114.00 149.00 OK
r-patched-linux-x86_64 1.0-26 5.08 27.95 33.03 OK
r-patched-solaris-sparc 1.0-26 447.40 OK
r-patched-solaris-x86 1.0-26 97.90 OK
r-release-linux-x86_64 1.0-26 5.03 27.20 32.23 OK
r-release-osx-x86_64-mavericks 1.0-26 OK
r-release-windows-ix86+x86_64 1.0-26 52.00 68.00 120.00 OK
r-oldrel-windows-ix86+x86_64 1.0-26 32.00 95.00 127.00 OK

Check Details

Version: 1.0-26
Check: compiled code
Result: NOTE
    File ‘yaImpute/libs/yaImpute.so’:
     Found no calls to: ‘R_registerRoutines’, ‘R_useDynamicSymbols’
    
    It is good practice to register native routines and to disable symbol
    search.
    
    See ‘Writing portable packages’ in the ‘Writing R Extensions’ manual.
Flavors: r-devel-linux-x86_64-debian-clang, r-devel-linux-x86_64-debian-gcc

Version: 1.0-26
Flags: --no-stop-on-test-error
Check: compiled code
Result: NOTE
    File ‘yaImpute/libs/yaImpute.so’:
     Found no calls to: ‘R_registerRoutines’, ‘R_useDynamicSymbols’
    
    It is good practice to register native routines and to disable symbol
    search.
    
    See ‘Writing portable packages’ in the ‘Writing R Extensions’ manual.
Flavors: r-devel-linux-x86_64-fedora-clang, r-devel-linux-x86_64-fedora-gcc, r-devel-macos-x86_64-clang