CRAN Package Check Results for Package yaImpute

Last updated on 2017-08-17 07:47:30.

Flavor Version Tinstall Tcheck Ttotal Status Flags
r-devel-linux-x86_64-debian-clang 1.0-26 7.25 32.31 39.56 NOTE
r-devel-linux-x86_64-debian-gcc 1.0-26 6.34 30.81 37.15 NOTE
r-devel-linux-x86_64-fedora-clang 1.0-26 81.03 NOTE
r-devel-linux-x86_64-fedora-gcc 1.0-26 66.66 NOTE
r-devel-windows-ix86+x86_64 1.0-26 34.00 79.00 113.00 OK
r-patched-linux-x86_64 1.0-26 5.95 31.39 37.34 NOTE
r-patched-solaris-x86 1.0-26 93.50 OK
r-release-linux-x86_64 1.0-26 6.02 32.46 38.48 NOTE
r-release-windows-ix86+x86_64 1.0-26 35.00 86.00 121.00 OK
r-release-osx-x86_64 1.0-26 OK
r-oldrel-windows-ix86+x86_64 1.0-26 55.00 69.00 124.00 OK
r-oldrel-osx-x86_64 1.0-26 OK

Additional issues

rchk

Check Details

Version: 1.0-26
Check: compiled code
Result: NOTE
    File ‘yaImpute/libs/yaImpute.so’:
     Found no calls to: ‘R_registerRoutines’, ‘R_useDynamicSymbols’
    
    It is good practice to register native routines and to disable symbol
    search.
    
    See ‘Writing portable packages’ in the ‘Writing R Extensions’ manual.
Flavors: r-devel-linux-x86_64-debian-clang, r-devel-linux-x86_64-debian-gcc, r-devel-linux-x86_64-fedora-clang, r-devel-linux-x86_64-fedora-gcc, r-patched-linux-x86_64, r-release-linux-x86_64