CRAN Package Check Results for Package yaImpute

Last updated on 2017-04-28 05:49:01.

Flavor Version Tinstall Tcheck Ttotal Status Flags
r-devel-linux-x86_64-debian-clang 1.0-26 6.94 32.59 39.53 NOTE
r-devel-linux-x86_64-debian-gcc 1.0-26 6.19 31.35 37.53 NOTE
r-devel-linux-x86_64-fedora-clang 1.0-26 83.04 NOTE --no-stop-on-test-error
r-devel-linux-x86_64-fedora-gcc 1.0-26 66.22 NOTE --no-stop-on-test-error
r-devel-windows-ix86+x86_64 1.0-26 39.00 81.00 120.00 OK
r-patched-linux-x86_64 1.0-26 5.30 31.91 37.21 NOTE
r-patched-solaris-sparc 1.0-26 447.40 OK
r-patched-solaris-x86 1.0-26 87.80 OK
r-release-linux-x86_64 1.0-26 5.16 31.35 36.51 NOTE
r-release-windows-ix86+x86_64 1.0-26 40.00 75.00 115.00 OK
r-release-osx-x86_64 1.0-26 OK
r-oldrel-windows-ix86+x86_64 1.0-26 54.00 86.00 140.00 OK
r-oldrel-osx-x86_64 1.0-26 OK

Check Details

Version: 1.0-26
Check: compiled code
Result: NOTE
    File ‘yaImpute/libs/yaImpute.so’:
     Found no calls to: ‘R_registerRoutines’, ‘R_useDynamicSymbols’
    
    It is good practice to register native routines and to disable symbol
    search.
    
    See ‘Writing portable packages’ in the ‘Writing R Extensions’ manual.
Flavors: r-devel-linux-x86_64-debian-clang, r-devel-linux-x86_64-debian-gcc, r-patched-linux-x86_64, r-release-linux-x86_64

Version: 1.0-26
Flags: --no-stop-on-test-error
Check: compiled code
Result: NOTE
    File ‘yaImpute/libs/yaImpute.so’:
     Found no calls to: ‘R_registerRoutines’, ‘R_useDynamicSymbols’
    
    It is good practice to register native routines and to disable symbol
    search.
    
    See ‘Writing portable packages’ in the ‘Writing R Extensions’ manual.
Flavors: r-devel-linux-x86_64-fedora-clang, r-devel-linux-x86_64-fedora-gcc