CRAN Package Check Results for Package yacca

Last updated on 2020-08-05 05:49:07 CEST.

Flavor Version Tinstall Tcheck Ttotal Status Flags
r-devel-linux-x86_64-debian-clang 1.1.1 2.48 21.98 24.46 NOTE
r-devel-linux-x86_64-debian-gcc 1.1.1 2.15 17.30 19.45 NOTE
r-devel-linux-x86_64-fedora-clang 1.1.1 41.60 NOTE
r-devel-linux-x86_64-fedora-gcc 1.1.1 29.15 NOTE
r-devel-windows-ix86+x86_64 1.1.1 7.00 31.00 38.00 OK
r-patched-linux-x86_64 1.1.1 2.71 21.71 24.42 NOTE
r-patched-solaris-x86 1.1.1 46.00 OK
r-release-linux-x86_64 1.1.1 2.43 21.79 24.22 NOTE
r-release-macos-x86_64 1.1.1 OK
r-release-windows-ix86+x86_64 1.1.1 6.00 45.00 51.00 OK
r-oldrel-macos-x86_64 1.1.1 OK
r-oldrel-windows-ix86+x86_64 1.1.1 5.00 43.00 48.00 OK

Check Details

Version: 1.1.1
Check: top-level files
Result: NOTE
    Non-standard file/directory found at top level:
     'CONTRIBUTORS'
Flavors: r-devel-linux-x86_64-debian-clang, r-devel-linux-x86_64-debian-gcc, r-devel-linux-x86_64-fedora-clang, r-devel-linux-x86_64-fedora-gcc, r-patched-linux-x86_64, r-release-linux-x86_64