CRAN Package Check Results for Package yacca

Last updated on 2014-10-21 09:51:43.

Flavor Version Tinstall Tcheck Ttotal Status Flags
r-devel-linux-x86_64-debian-clang 1.1 0.61 10.87 11.48 NOTE
r-devel-linux-x86_64-debian-gcc 1.1 0.57 10.56 11.13 NOTE
r-devel-linux-x86_64-fedora-clang 1.1 22.89 NOTE
r-devel-linux-x86_64-fedora-gcc 1.1 17.63 NOTE
r-devel-osx-x86_64-clang 1.1 27.46 NOTE
r-devel-windows-ix86+x86_64 1.1 2.00 17.00 19.00 NOTE
r-patched-linux-x86_64 1.1 0.61 10.87 11.48 NOTE
r-patched-solaris-sparc 1.1 164.10 NOTE
r-patched-solaris-x86 1.1 32.90 NOTE
r-release-linux-ix86 1.1 0.86 16.77 17.63 NOTE
r-release-linux-x86_64 1.1 0.56 10.53 11.09 NOTE
r-release-osx-x86_64-mavericks 1.1 NOTE
r-release-windows-ix86+x86_64 1.1 3.00 23.00 26.00 NOTE
r-oldrel-windows-ix86+x86_64 1.1 2.00 18.00 20.00 NOTE

Check Details

Version: 1.1
Check: top-level files
Result: NOTE
    Non-standard file/directory found at top level:
     ‘CONTRIBUTORS’
Flavors: r-devel-linux-x86_64-debian-clang, r-devel-linux-x86_64-debian-gcc, r-devel-linux-x86_64-fedora-clang, r-devel-linux-x86_64-fedora-gcc, r-patched-linux-x86_64, r-release-linux-x86_64

Version: 1.1
Check: R code for possible problems
Result: NOTE
    NB: .First.lib is obsolete and will not be used in R >= 3.0.0
    File ‘yacca/R/zzz.R’:
     .First.lib calls:
     cat(paste("'", ehelp[4], "'\n", "Version ", ehelp[2], " created on ", ehelp[3], ".\n", sep = ""))
     cat(paste(substring(ehelp[3], first = 16), "\n", "Version ", substring(ehelp[4], first = 16), " created on ", substring(ehelp[5], first = 16), ".\n", sep = ""))
     cat("Copyright (c) 2008, Carter T. Butts, University of California-Irvine\n")
     cat("For citation information, type citation(\"yacca\").\n")
     cat("Type help(\"yacca-package\") to get started.\n")
    
    Package startup functions should use ‘packageStartupMessage’ to
     generate messages.
    See section ‘Good practice’ in '?.onAttach'.
Flavors: r-devel-linux-x86_64-debian-clang, r-devel-linux-x86_64-debian-gcc, r-devel-linux-x86_64-fedora-clang, r-devel-linux-x86_64-fedora-gcc, r-devel-osx-x86_64-clang, r-devel-windows-ix86+x86_64, r-patched-linux-x86_64, r-patched-solaris-sparc, r-patched-solaris-x86, r-release-linux-ix86, r-release-linux-x86_64, r-release-osx-x86_64-mavericks, r-release-windows-ix86+x86_64, r-oldrel-windows-ix86+x86_64