CRAN Package Check Results for Package yacca

Last updated on 2014-04-19 09:52:30.

Flavor Version Tinstall Tcheck Ttotal Status Flags
r-devel-linux-x86_64-debian-clang 1.1 0.57 10.39 10.96 NOTE
r-devel-linux-x86_64-debian-gcc 1.1 0.59 10.40 10.99 NOTE
r-devel-linux-x86_64-fedora-clang 1.1 21.89 NOTE
r-devel-linux-x86_64-fedora-gcc 1.1 20.53 NOTE
r-devel-macosx-x86_64-clang 1.1 23.98 NOTE
r-devel-macosx-x86_64-gcc 1.1 NOTE
r-devel-windows-ix86+x86_64 1.1 2.00 18.00 20.00 NOTE
r-patched-linux-x86_64 1.1 0.58 10.48 11.06 NOTE
r-patched-solaris-sparc 1.1 121.40 NOTE
r-patched-solaris-x86 1.1 31.00 NOTE
r-release-linux-ix86 1.1 2.00 22.00 24.00 NOTE
r-release-linux-x86_64 1.1 0.58 10.52 11.10 NOTE
r-release-windows-ix86+x86_64 1.1 4.00 19.00 23.00 NOTE
r-oldrel-windows-ix86+x86_64 1.1 2.00 18.00 20.00 NOTE

Check Details

Version: 1.1
Check: R code for possible problems
Result: NOTE
    NB: .First.lib is obsolete and will not be used in R >= 3.0.0
    File ‘yacca/R/zzz.R’:
     .First.lib calls:
     cat(paste("'", ehelp[4], "'\n", "Version ", ehelp[2], " created on ", ehelp[3], ".\n", sep = ""))
     cat(paste(substring(ehelp[3], first = 16), "\n", "Version ", substring(ehelp[4], first = 16), " created on ", substring(ehelp[5], first = 16), ".\n", sep = ""))
     cat("Copyright (c) 2008, Carter T. Butts, University of California-Irvine\n")
     cat("For citation information, type citation(\"yacca\").\n")
     cat("Type help(\"yacca-package\") to get started.\n")
    
    Package startup functions should use ‘packageStartupMessage’ to
     generate messages.
    See section ‘Good practice’ in '?.onAttach'.
Flavors: r-devel-linux-x86_64-debian-clang, r-devel-linux-x86_64-debian-gcc, r-devel-linux-x86_64-fedora-clang, r-devel-linux-x86_64-fedora-gcc, r-devel-macosx-x86_64-clang, r-devel-macosx-x86_64-gcc, r-devel-windows-ix86+x86_64, r-patched-linux-x86_64, r-patched-solaris-sparc, r-patched-solaris-x86, r-release-linux-ix86, r-release-linux-x86_64, r-release-windows-ix86+x86_64, r-oldrel-windows-ix86+x86_64

Version: 1.1
Check: top-level files
Result: NOTE
    Non-standard file/directory found at top level:
     ‘CONTRIBUTORS’
Flavors: r-devel-linux-x86_64-fedora-clang, r-devel-linux-x86_64-fedora-gcc