CRAN Package Check Results for Package yacca

Last updated on 2020-01-18 17:46:47 CET.

Flavor Version Tinstall Tcheck Ttotal Status Flags
r-devel-linux-x86_64-debian-clang 1.1.1 2.28 21.39 23.67 NOTE
r-devel-linux-x86_64-debian-gcc 1.1.1 2.14 17.13 19.27 NOTE
r-devel-linux-x86_64-fedora-clang 1.1.1 29.79 NOTE
r-devel-linux-x86_64-fedora-gcc 1.1.1 28.86 NOTE
r-devel-windows-ix86+x86_64 1.1.1 8.00 45.00 53.00 OK
r-devel-windows-ix86+x86_64-gcc8 1.1.1 5.00 45.00 50.00 OK
r-patched-linux-x86_64 1.1.1 2.12 19.87 21.99 NOTE
r-patched-solaris-x86 1.1.1 40.70 OK
r-release-linux-x86_64 1.1.1 1.88 19.99 21.87 NOTE
r-release-windows-ix86+x86_64 1.1.1 5.00 43.00 48.00 OK
r-release-osx-x86_64 1.1.1 OK
r-oldrel-windows-ix86+x86_64 1.1.1 3.00 29.00 32.00 OK
r-oldrel-osx-x86_64 1.1.1 OK

Check Details

Version: 1.1.1
Check: top-level files
Result: NOTE
    Non-standard file/directory found at top level:
     'CONTRIBUTORS'
Flavors: r-devel-linux-x86_64-debian-clang, r-devel-linux-x86_64-debian-gcc, r-devel-linux-x86_64-fedora-clang, r-devel-linux-x86_64-fedora-gcc, r-patched-linux-x86_64, r-release-linux-x86_64